-- http://www.phpmyadmin.net
--




--
-- Database: `fts_pms`
--

-- --------------------------------------------------------

--
-- Table structure for table `auth_assignment`
--

CREATE TABLE IF NOT EXISTS `auth_assignment` (
  `item_name` varchar(64) COLLATE utf8_unicode_ci NOT NULL,
  `user_id` varchar(64) COLLATE utf8_unicode_ci NOT NULL,
  `created_at` int(11) DEFAULT NULL
) ENGINE=InnoDB DEFAULT CHARSET=utf8 COLLATE=utf8_unicode_ci;

--
-- Dumping data for table `auth_assignment`
--

INSERT INTO `auth_assignment` (`item_name`, `user_id`, `created_at`) VALUES
('admin', '1', NULL),
('user', '12', NULL),
('user', '13', NULL),
('user', '14', NULL),
('user', '15', NULL),
('user', '16', NULL),
('user', '17', NULL),
('user', '18', NULL),
('user', '19', NULL),
('user', '2', NULL),
('user', '20', NULL),
('user', '22', NULL),
('user', '23', NULL),
('user', '24', NULL),
('user', '25', NULL),
('user', '26', NULL),
('user', '27', NULL),
('user', '28', NULL),
('user', '29', NULL),
('user', '3', NULL),
('user', '30', NULL),
('user', '31', NULL),
('user', '32', NULL),
('user', '33', NULL),
('user', '34', NULL),
('user', '35', NULL),
('user', '36', NULL),
('user', '38', NULL),
('user', '39', NULL),
('user', '4', NULL),
('user', '40', NULL),
('user', '41', NULL),
('user', '5', NULL),
('user', '6', NULL),
('user', '7', NULL),
('user', '9', NULL);

-- --------------------------------------------------------

--
-- Table structure for table `auth_item`
--

CREATE TABLE IF NOT EXISTS `auth_item` (
  `name` varchar(64) COLLATE utf8_unicode_ci NOT NULL,
  `type` int(11) NOT NULL,
  `description` text COLLATE utf8_unicode_ci,
  `rule_name` varchar(64) COLLATE utf8_unicode_ci DEFAULT NULL,
  `data` text COLLATE utf8_unicode_ci,
  `created_at` int(11) DEFAULT NULL,
  `updated_at` int(11) DEFAULT NULL
) ENGINE=InnoDB DEFAULT CHARSET=utf8 COLLATE=utf8_unicode_ci;

--
-- Dumping data for table `auth_item`
--

INSERT INTO `auth_item` (`name`, `type`, `description`, `rule_name`, `data`, `created_at`, `updated_at`) VALUES
('admin', 1, 'admin can access backend', NULL, NULL, NULL, NULL),
('user', 2, 'user can access frotend', NULL, NULL, NULL, NULL);

-- --------------------------------------------------------

--
-- Table structure for table `auth_item_child`
--

CREATE TABLE IF NOT EXISTS `auth_item_child` (
  `parent` varchar(64) COLLATE utf8_unicode_ci NOT NULL,
  `child` varchar(64) COLLATE utf8_unicode_ci NOT NULL
) ENGINE=InnoDB DEFAULT CHARSET=utf8 COLLATE=utf8_unicode_ci;

-- --------------------------------------------------------

--
-- Table structure for table `auth_rule`
--

CREATE TABLE IF NOT EXISTS `auth_rule` (
  `name` varchar(64) COLLATE utf8_unicode_ci NOT NULL,
  `data` text COLLATE utf8_unicode_ci,
  `created_at` int(11) DEFAULT NULL,
  `updated_at` int(11) DEFAULT NULL
) ENGINE=InnoDB DEFAULT CHARSET=utf8 COLLATE=utf8_unicode_ci;

-- --------------------------------------------------------

--
-- Table structure for table `banch_process`
--

CREATE TABLE IF NOT EXISTS `banch_process` (
  `id` int(11) NOT NULL,
  `p_id` int(11) NOT NULL,
  `project_id` varchar(100) NOT NULL,
  `collected_by` varchar(100) NOT NULL,
  `demand_note` varchar(100) NOT NULL,
  `remark` varchar(100) NOT NULL,
  `date` date NOT NULL,
  `datetime` varchar(100) DEFAULT NULL,
  `receive` int(11) NOT NULL DEFAULT '0',
  `receive_by` varchar(100) NOT NULL,
  `receive_note` varchar(100) NOT NULL,
  `receive_remark` varchar(100) NOT NULL,
  `receive_date` date NOT NULL,
  `receive_datetime` varchar(100) DEFAULT NULL,
  `user_id` int(11) NOT NULL,
  `d_id` int(11) NOT NULL,
  `des_id` int(11) NOT NULL,
  `to_d_id` int(11) NOT NULL,
  `to_des_id` int(11) NOT NULL
) ENGINE=InnoDB AUTO_INCREMENT=40 DEFAULT CHARSET=latin1;

--
-- Dumping data for table `banch_process`
--

INSERT INTO `banch_process` (`id`, `p_id`, `project_id`, `collected_by`, `demand_note`, `remark`, `date`, `datetime`, `receive`, `receive_by`, `receive_note`, `receive_remark`, `receive_date`, `receive_datetime`, `user_id`, `d_id`, `des_id`, `to_d_id`, `to_des_id`) VALUES
(13, 110, '2016/FILEDRG/110', 'cbc', 'bcvb', 'cvbc', '2016-04-12', '2016-04-12 13:43:06', 0, '', '', '', '0000-00-00', '2016-04-12 13:43:06', 12, 3, 17, 3, 19),
(14, 109, '2016/FILEDRG/109', 'xcvxc', 'vxcvx', 'cvxcv', '2016-04-12', '2016-04-12 13:45:00', 1, '', '', '', '2016-04-27', '2016-04-27 12:00:52', 12, 3, 17, 3, 19),
(15, 105, '2016/FILEDRG/105', 'gfh', 'fghfgh', 'fghfghf', '2016-04-12', '2016-04-12 13:46:18', 1, '', '', '', '2016-04-12', '2016-04-12 14:03:22', 12, 3, 17, 4, 18),
(16, 111, '2016/FILEDRG/111', 'fddg', 'dfgdfg', 'dfgdf', '2016-04-12', '2016-04-12 14:08:27', 1, '', '', '', '2016-04-12', '2016-04-12 14:09:01', 14, 4, 18, 3, 17),
(17, 111, '2016/FILEDRG/111', 'dfgdf', 'gdgd', 'fgdfg', '2016-04-13', '2016-04-13 06:11:46', 0, '', '', '', '0000-00-00', '2016-04-13 06:11:46', 12, 3, 17, 4, 20),
(18, 111, '2016/FILEDRG/111', 'dfgdf', 'gdgd', 'fgdfg', '2016-04-13', '2016-04-13 06:15:12', 0, '', '', '', '0000-00-00', '2016-04-13 06:15:12', 12, 3, 17, 4, 20),
(19, 111, '2016/FILEDRG/111', 'dfgdf', 'gdgd', 'fgdfg', '2016-04-13', '2016-04-13 06:16:12', 0, '', '', '', '0000-00-00', '2016-04-13 06:16:12', 12, 3, 17, 4, 20),
(20, 111, '2016/FILEDRG/111', 'dfgdf', 'gdgd', 'fgdfg', '2016-04-13', '2016-04-13 06:16:24', 0, '', '', '', '0000-00-00', '2016-04-13 06:16:24', 12, 3, 17, 4, 20),
(21, 111, '2016/FILEDRG/111', 'dfgdf', 'gdgd', 'fgdfg', '2016-04-13', '2016-04-13 06:16:37', 0, '', '', '', '0000-00-00', '2016-04-13 06:16:37', 12, 3, 17, 4, 20),
(22, 111, '2016/FILEDRG/111', 'dfgdf', 'gdgd', 'fgdfg', '2016-04-13', '2016-04-13 06:16:50', 0, '', '', '', '0000-00-00', '2016-04-13 06:16:50', 12, 3, 17, 4, 20),
(23, 111, '2016/FILEDRG/111', 'dfgdf', 'gdgd', 'fgdfg', '2016-04-13', '2016-04-13 06:34:55', 0, '', '', '', '0000-00-00', '2016-04-13 06:34:55', 12, 3, 17, 4, 20),
(24, 111, '2016/FILEDRG/111', 'dfgdf', 'gdgd', 'fgdfg', '2016-04-13', '2016-04-13 06:35:30', 0, '', '', '', '0000-00-00', '2016-04-13 06:35:30', 12, 3, 17, 4, 20),
(25, 111, '2016/FILEDRG/111', 'dfgdf', 'gdgd', 'fgdfg', '2016-04-13', '2016-04-13 06:37:48', 0, '', '', '', '0000-00-00', '2016-04-13 06:37:48', 12, 3, 17, 4, 20),
(26, 111, '2016/FILEDRG/111', 'dfgdf', 'dfgdfg', 'dfgdf', '2016-04-13', '2016-04-13 06:38:48', 0, '', '', '', '0000-00-00', '2016-04-13 06:38:48', 12, 3, 17, 3, 19),
(27, 112, '2016/FILEDRG/112', 'dfgd', 'gdfg', 'dfgdf', '2016-04-13', '2016-04-13 06:48:28', 1, '', '', '', '2016-04-13', '2016-04-13 09:31:59', 9, 2, 16, 3, 17),
(28, 114, '2016/FILEDRG/114', 'gh', 'fhgfhfg', 'hgfh', '2016-04-13', '2016-04-13 09:37:36', 0, '', '', '', '0000-00-00', '2016-04-13 09:37:36', 12, 3, 17, 4, 18),
(29, 115, '2016/FILEDRG/115', 'dfgdf', 'gdfgdf', 'gdfgdfg', '2016-04-13', '2016-04-13 09:40:01', 1, '', '', '', '2016-04-13', '2016-04-13 10:27:18', 9, 2, 16, 3, 17),
(30, 115, '2016/FILEDRG/115', 'f', 'fghfh', 'fgh', '2016-04-13', '2016-04-13 10:28:24', 1, '', '', '', '2016-04-13', '2016-04-13 12:59:50', 12, 3, 17, 4, 18),
(31, 118, '2016/FILEDRG/116', 'gfhfg', 'fghfg', 'gfhfgh', '2016-04-13', '2016-04-13 13:09:12', 0, '', '', '', '0000-00-00', '2016-04-13 13:09:12', 14, 4, 18, 3, 17),
(32, 119, '2016/FILEDRG/119', 'ramesh', 'ok', 'ok', '2016-04-19', '2016-04-19 08:12:45', 1, '', '', '', '2016-04-19', '2016-04-19 08:20:02', 9, 2, 16, 3, 17),
(33, 120, '2016/FILEDRG/120', 'sdfdfsd', 'fsdfsdf', 'sdfsdf', '2016-04-20', '2016-04-20 09:48:49', 1, '', '', '', '2016-04-20', '2016-04-20 09:49:33', 9, 2, 16, 3, 17),
(34, 121, '2016/FILEDRG/121', 'testtoday', 'testtoday', 'testtoday', '2016-04-27', '2016-04-27 11:31:39', 1, '', '', '', '2016-04-27', '2016-04-27 11:34:30', 9, 2, 16, 3, 17),
(35, 121, '2016/FILEDRG/121', 'ok', 'ok', 'ok', '2016-04-27', '2016-04-27 11:36:06', 0, '', '', '', '0000-00-00', '2016-04-27 11:36:06', 12, 3, 17, 3, 19),
(36, 122, '2016/FILEDRG/122', 'test', 'na', 'ok', '2016-04-27', '2016-04-27 11:45:50', 1, '', '', '', '2016-04-27', '2016-04-27 11:47:35', 9, 2, 16, 3, 17),
(37, 122, '2016/FILEDRG/122', 'ok', 'ok', 'ok', '2016-04-27', '2016-04-27 11:48:27', 1, '', '', '', '2016-04-27', '2016-04-27 11:49:21', 12, 3, 17, 3, 19),
(38, 122, '2016/FILEDRG/122', 'ok', 'ok', 'ok', '2016-04-27', '2016-04-27 11:50:45', 0, '', '', '', '0000-00-00', '2016-04-27 11:50:45', 13, 3, 19, 17, 6),
(39, 123, '2016/FILEDRG/123', 'sewaram', 'sewaram', 'ok', '2016-04-29', '2016-04-29 05:39:11', 1, '', '', '', '2016-04-29', '2016-04-29 05:42:29', 9, 2, 16, 3, 17);

-- --------------------------------------------------------

--
-- Table structure for table `barcode_by`
--

CREATE TABLE IF NOT EXISTS `barcode_by` (
  `id` int(11) NOT NULL,
  `name` varchar(100) NOT NULL
) ENGINE=InnoDB AUTO_INCREMENT=2 DEFAULT CHARSET=latin1;

--
-- Dumping data for table `barcode_by`
--

INSERT INTO `barcode_by` (`id`, `name`) VALUES
(1, 'Entit Consultancy ');

-- --------------------------------------------------------

--
-- Table structure for table `biding`
--

CREATE TABLE IF NOT EXISTS `biding` (
  `biding_id` int(11) NOT NULL,
  `p_cost` varchar(500) NOT NULL,
  `contractor_id` int(11) NOT NULL,
  `rate_status` varchar(50) NOT NULL,
  `per` varchar(10) NOT NULL,
  `t_rate` varchar(500) NOT NULL,
  `remark` varchar(300) CHARACTER SET utf8 COLLATE utf8_bin NOT NULL,
  `bidding_date` date NOT NULL,
  `work_id` int(11) NOT NULL
) ENGINE=MyISAM AUTO_INCREMENT=4 DEFAULT CHARSET=latin1;

--
-- Dumping data for table `biding`
--

INSERT INTO `biding` (`biding_id`, `p_cost`, `contractor_id`, `rate_status`, `per`, `t_rate`, `remark`, `bidding_date`, `work_id`) VALUES
(1, '', 1, 'below', '1', '0', 'ओके', '2016-09-19', 18),
(2, '50000', 1, 'above', '1', '50500', 'gghgh', '2016-09-21', 17),
(3, '50000', 2, 'below', '1', '49500', '', '2016-09-21', 17);

-- --------------------------------------------------------

--
-- Table structure for table `bid_non_sor`
--

CREATE TABLE IF NOT EXISTS `bid_non_sor` (
  `item_id` int(11) NOT NULL,
  `item_name` varchar(200) CHARACTER SET utf8 COLLATE utf8_bin NOT NULL,
  `Description` varchar(300) CHARACTER SET utf8 COLLATE utf8_bin NOT NULL,
  `cost` float NOT NULL,
  `qty` int(11) NOT NULL,
  `work_id` int(11) NOT NULL,
  `contractor_id` int(11) NOT NULL
) ENGINE=MyISAM AUTO_INCREMENT=1135 DEFAULT CHARSET=latin1;

--
-- Dumping data for table `bid_non_sor`
--

INSERT INTO `bid_non_sor` (`item_id`, `item_name`, `Description`, `cost`, `qty`, `work_id`, `contractor_id`) VALUES
(1, 'भसवा कछारी मिट्टी घन मीटर में ', 'पुष्‍पवाटिका गार्डन में नये पौधे लगाये जाने के लिए भसवा कछार मिट्टी क्रय किया जाना है।', 403, 120, 918, 24),
(2, 'भसवा कछारी मिट्टी घन मीटर में ', 'पुष्‍पवाटिका गार्डन में नये पौधे लगाये जाने के लिए भसवा कछार मिट्टी क्रय किया जाना है।', 420, 120, 918, 9),
(3, 'भसवा कछारी मिट्टी घन मीटर में ', 'पुष्‍पवाटिका गार्डन में नये पौधे लगाये जाने के लिए भसवा कछार मिट्टी क्रय किया जाना है।', 430, 120, 918, 49),
(4, '01	', 'नगर सुराज अभियान 2012 में फलेक्‍स निर्माण कार्य 2012 विभिनन साईज में ', 22, 908, 941, 56),
(5, '01	', 'नगर सुराज अभियान 2012 में फलेक्‍स निर्माण कार्य 2012 विभिनन साईज में ', 26, 908, 941, 9),
(6, '01	', 'नगर सुराज अभियान 2012 में फलेक्‍स निर्माण कार्य 2012 विभिनन साईज में ', 26.5, 908, 941, 28),
(7, '1	', 'बोर ब्‍लास्टिग कार्य ', 6300, 30, 954, 53),
(8, '1	', 'मुरूम प्रदाय बाबत', 312, 250, 965, 12),
(9, '2	', 'डस्‍ट प्रदाय बाबतद	', 16, 425, 965, 12),
(10, 'ग्रीन कारपेट (15x30)', '', 1325, 21, 1089, 90),
(11, 'ग्रीन कारपेट (15x30)', '', 1325, 210, 1089, 90),
(12, '1', '144 यूनिट आवास निर्माण कम्‍पलीट कार्य ', 186031, 144, 1092, 67),
(13, '1	', 'वार्ड नं.31में पार्षद निधि अंतर्गत वाटर कूल स्‍थापना बाबता ', 1, 64780, 1146, 100),
(14, '1', 'वार्ड नं.31में पार्षद निधि अंतर्गत वाटर कूल स्‍थापना बाबता ', 1, 63780, 1147, 100),
(15, '1	', 'वार्ड नं.34 में 03 नग वाटर कूल स्‍थापना ', 3, 63780, 1157, 100),
(16, '1', 'वार्ड नं.41 में  वाटर कूल र स्‍थापना ', 1, 63780, 1158, 100),
(17, '1', 'वार्ड नं.18 में  152 यूनिट आवास निर्माण कार्य ', 152, 187090, 1160, 102),
(18, '1', '95 एम एम 4 कोर केबल', 320, 250, 1168, 106),
(19, '2	', '200 एमपी कटाउट	', 285, 9, 1168, 106),
(20, '3', 'बसबार पट़टी', 80, 4, 1168, 106),
(21, '4', 'मेन स्‍वीच 100 एम्‍पी.', 3640, 1, 1168, 106),
(22, '5', '10 एम.एम.सर्विस वायर', 580, 4, 1168, 106),
(23, '6', 'एम.सी.व्‍ही.  32 एम्‍पी', 100, 20, 1168, 106),
(24, '7', 'सी.एफ. एल. 85 वाट बल्‍ब', 605, 25, 1168, 106),
(25, '8', 'चीनी होल्‍डर सादा', 25, 25, 1168, 106),
(26, '9', 'फोलोरोसेंट बटन होल्‍डर', 80, 25, 1168, 106),
(27, '10', '8x10 बोर्ड', 80, 20, 1168, 106),
(28, '11', '7x16 बोर्ड', 3500, 1, 1168, 106),
(29, '12', '16 एम्‍पीयर पावर पल्‍ग', 100, 4, 1168, 106),
(30, '13', 'स्‍टील ग्रीप टेप', 14, 15, 1168, 106),
(31, '14', 'रबर टेप', 300, 2, 1168, 106),
(32, '15', 'केबल ज्‍वाइंटर 16 क	', 190, 20, 1168, 106),
(33, '16', '16 एम.एम. लग्‍ज', 300, 20, 1168, 106),
(34, '17', '80 एम.एम. लग्‍ज', 350, 24, 1168, 106),
(35, '18', 'फलावर नोजल	', 210, 60, 1168, 106),
(36, '19', 'रिफलेक्‍टर लाईट	', 150, 45, 1168, 106),
(37, '20', '5 एच्‍पी मोटर पंप वायडिंग एंव रिपेरिंग कार्य', 9500, 2, 1168, 106),
(38, '21', 'स्‍टाटर 5 एच्‍पी', 5000, 1, 1168, 106),
(39, '22', 'ट़युब लाईट सेट', 196, 10, 1168, 106),
(40, '23', 'फुट लेम्‍प डुम सहित कम्‍पलीट', 875, 25, 1168, 106),
(41, '1', 'हाइड्रोलिक कैरियर ', 188000, 1, 1166, 105),
(42, '1', 'पार्षद निधी  अन्‍तर्गत  वार्ड  न. 05 में जिम उपकरण सामाग्री लगाये जाने बाबत ', 99250, 1, 1213, 114),
(43, '1', '1 पाइप 1.5 एम एम पी.व्‍ही.सी. ', 60, 60, 1218, 106),
(44, '2', '3/4 जंक्‍शन बाक्‍श ', 220, 5, 1218, 106),
(45, '3', 'जमीन अर्थिक तार कॉपर 12 न. किलो ग्रा. में ', 1080, 6, 1218, 106),
(46, '4', 'पी ओ पी लार्इट 1x20 ', 1030, 6, 1218, 106),
(47, '5', 'रेग्‍युलेटर माडुलर ', 450, 4, 1218, 106),
(48, '6', '4 एम एम मल्‍टी वायर कॉपर (पर बंडल )', 4800, 5, 1218, 106),
(49, '7', '2.5 एम एम मल्‍टी वायर कॉपर (पर बंडल )', 2025, 5, 1218, 106),
(50, '8', '1.5 एम एम मल्‍टी वायर कॉपर (पर बंडल )', 1425, 5, 1218, 106),
(51, '9', '1  एम एम मल्‍टी वायर कॉपर (पर बंडल )', 1125, 7, 1218, 106),
(52, '10', 'अर्थिग तार (पर बंडल )', 990, 5, 1218, 106),
(53, '11', '63 amp मेन स्‍वीच 3 फेस आई एस आई ', 4800, 1, 1218, 106),
(54, '12', '32amp एम.सी.बी. आई एस आई ', 220, 15, 1218, 106),
(55, '13', 'स्‍क्रू अन्‍य प्रकार ', 1, 400, 1218, 106),
(56, '14', '18x24 मेन स्‍वीच बोर्ड ', 900, 1, 1218, 106),
(57, '15', '4 कोर केबल वायर  10 एम एम (मीटर में )', 112, 300, 1218, 106),
(58, '16', '25 एम्‍पी. एम सी बी माडुलर आई एस आई ', 525, 4, 1218, 106),
(59, '17', 'पी ओ पी लाईट 3x36 क्राम्‍पटन ', 6300, 8, 1218, 106),
(60, '18', '6 एम्‍पी स्‍वीच माडुलर आई एस आई ', 75, 30, 1218, 106),
(61, '19', '6 एम्‍पी सॉकेट माडुलर आई एस आई ', 95, 15, 1218, 106),
(62, '20', '16 एम्‍पी स्‍वीच माडुलर आई एस आई ', 150, 100, 1218, 106),
(63, '21', '16 एम्‍पी. सॉकेट माडुलर आई एस आई ', 175, 100, 1218, 106),
(64, '22', '18 माडुल ढाचा ', 450, 5, 1218, 106),
(65, '23 ', '3 माडुल ढाचा ', 130, 5, 1218, 106),
(66, '24', '2 माडुल ढाचा ', 110, 15, 1218, 106),
(67, '25', '12 माडुल ढाचा ', 330, 25, 1218, 106),
(68, '26', '3  माडुल प्‍लेट ', 210, 5, 1218, 106),
(69, '27', '2  माडुल प्‍लेट ', 145, 15, 1218, 106),
(70, '28', '18 माडुल प्‍लेट ', 525, 5, 1218, 106),
(71, '29', '12 माडुल प्‍लेट ', 300, 25, 1218, 106),
(72, '30', 'टेप ', 12, 10, 1218, 106),
(73, '31', 'ऐसी बाक्‍स', 1350, 4, 1218, 106),
(74, '32', 'एक्‍जास फेन (12 इंची )', 1850, 6, 1218, 106),
(75, '21', '16 एम्‍पी. सॉकेट माडुलर आई एस आई ', 175, 100, 1218, 106),
(76, '20', '16 एम्‍पी स्‍वीच माडुलर आई एस आई ', 150, 100, 1218, 106),
(77, '19', '6 एम्‍पी सॉकेट माडुलर आई एस आई ', 95, 15, 1218, 106),
(78, '18', '6 एम्‍पी स्‍वीच माडुलर आई एस आई ', 75, 30, 1218, 106),
(79, '17', 'पी ओ पी लाईट 3x36 क्राम्‍पटन ', 6300, 8, 1218, 106),
(80, '16', '25 एम्‍पी. एम सी बी माडुलर आई एस आई ', 525, 4, 1218, 106),
(81, '15', '4 कोर केबल वायर  10 एम एम (मीटर में )', 112, 300, 1218, 106),
(82, '14', '18x24 मेन स्‍वीच बोर्ड ', 900, 1, 1218, 106),
(83, '13', 'स्‍क्रू अन्‍य प्रकार ', 1, 400, 1218, 106),
(84, '12', '32amp एम.सी.बी. आई एस आई ', 220, 15, 1218, 106),
(85, '11', '63 amp मेन स्‍वीच 3 फेस आई एस आई ', 4800, 1, 1218, 106),
(86, '10', 'अर्थिग तार (पर बंडल )', 990, 5, 1218, 106),
(87, '9', '1  एम एम मल्‍टी वायर कॉपर (पर बंडल )', 1125, 7, 1218, 106),
(88, '8', '1.5 एम एम मल्‍टी वायर कॉपर (पर बंडल )', 1425, 5, 1218, 106),
(89, '7', '2.5 एम एम मल्‍टी वायर कॉपर (पर बंडल )', 2025, 5, 1218, 106),
(90, '6', '4 एम एम मल्‍टी वायर कॉपर (पर बंडल )', 4800, 5, 1218, 106),
(91, '5', 'रेग्‍युलेटर माडुलर ', 450, 4, 1218, 106),
(92, '4', 'पी ओ पी लार्इट 1x20 ', 1030, 6, 1218, 106),
(93, '3', 'जमीन अर्थिक तार कॉपर 12 न. किलो ग्रा. में ', 1080, 6, 1218, 106),
(94, '2', '3/4 जंक्‍शन बाक्‍श ', 220, 5, 1218, 106),
(95, '1', '1 पाइप 1.5 एम एम पी.व्‍ही.सी. ', 60, 60, 1218, 106),
(96, '22', '18 माडुल ढाचा ', 450, 5, 1218, 106),
(97, '23 ', '3 माडुल ढाचा ', 130, 5, 1218, 106),
(98, '24', '2 माडुल ढाचा ', 110, 15, 1218, 106),
(99, '25', '12 माडुल ढाचा ', 330, 25, 1218, 106),
(100, '26', '3  माडुल प्‍लेट ', 210, 5, 1218, 106),
(101, '27', '2  माडुल प्‍लेट ', 145, 15, 1218, 106),
(102, '28', '18 माडुल प्‍लेट ', 525, 5, 1218, 106),
(103, '29', '12 माडुल प्‍लेट ', 300, 25, 1218, 106),
(104, '30', 'टेप ', 12, 10, 1218, 106),
(105, '31', 'ऐसी बाक्‍स', 1350, 4, 1218, 106),
(106, '32', 'एक्‍जास फेन (12 इंची )', 1850, 6, 1218, 106),
(107, '01', 'Removing of old filter media 1/c gravel and placing of the exsting gravel with proper ways cleaning screening & stacking at separeate places for reusing the materials complete (Each)', 19990, 1, 1300, 24),
(108, '02', 'Supply of filter media at new filete plant Mohara as following size (per cum)\r\n(1) Filter Sand 0.2mm to 1.2mm (per cum)', 5995, 53, 1300, 24),
(109, '03', 'Providing & Laying of 80 mm dia PVC pipe @ 60kg per scm i/c cutting & setting at site (Per Runnign mtr)', 219, 40, 1300, 24),
(110, '04', 'Testing of filter Media with complement analysis as per CPH,EEO mannual by any technical compelete authority (Job work)', 20000, 1, 1300, 24),
(111, '05', 'Screening of new filter media washing & cleaning of filter under drain system i/c pionting & fixing & redy for 100% discharge at the filter water from bed with testing & commission complete. (No. 1)', 30000, 1, 1300, 24),
(112, '01', 'Removing of old filter media 1/c gravel and placing of the exsting gravel with proper ways cleaning screening & stacking at separeate places for reusing the materials complete (Each)', 19990, 1, 1300, 24),
(113, '02', 'Supply of filter media at new filete plant Mohara as following size (per cum)\r\n(1) Filter Sand 0.2mm to 1.2mm (per cum)', 5995, 53, 1300, 24),
(114, '03', 'Providing & Laying of 80 mm dia PVC pipe @ 60kg per scm i/c cutting & setting at site (Per Runnign mtr)', 219, 40, 1300, 24),
(115, '04', 'Testing of filter Media with complement analysis as per CPH,EEO mannual by any technical compelete authority (Job work)', 20000, 1, 1300, 24),
(116, '05', 'Screening of new filter media washing & cleaning of filter under drain system i/c pionting & fixing & redy for 100% discharge at the filter water from bed with testing & commission complete. (No. 1)', 30000, 1, 1300, 24),
(117, '1', 'लेटर फिटिग \r\nव्‍यावसायिक परिसर गंज चौक नगर पालिक निगम राजनांदगांव ', 348, 85, 1311, 122),
(118, '1', 'सीमेट (प्रति बोरी)', 310, 90, 1359, 3),
(119, '2', 'गिटटी  (प्रति क्‍यु बीक मीटर\r\n', 1050, 16, 1359, 3),
(120, '1', 'रेत (क्‍यु. मीटर)', 500, 96, 1366, 3),
(121, '1', 'फलाई एस ईट  ', 3700, 8, 1365, 19),
(122, '2', 'रेत  (क्‍यु.मीटर)', 485, 8, 1365, 19),
(123, '3', 'सिमेन्‍ट', 320, 45, 1365, 19),
(124, '1', 'मिटटी (प्रति क्‍यु. मीटर)', 400, 166, 1362, 19),
(125, '1', 'मिटटी (क्‍यु.मी)', 400, 144, 1363, 19),
(126, '1', 'मिटटी (क्‍यु.मी)', 400, 144, 1363, 19),
(127, '1', 'पेवर्स (80 एम.एम.)', 17, 2700, 1361, 3),
(128, '1', 'मिटटी (क्‍यु.मीटर)', 400, 144, 1369, 19),
(129, '1	', 'आई.एच.एस.डी.पी.योजना  वाडर्घ्‍ नं.18 पेण्‍ड  में आवस निर्माण कार्य 192 यूनिट  लम-सम दर  ग्रुप डी ', 187890, 192, 1389, 102),
(130, '1', 'पोर्टेबल वाटर टेंकर 3000 लिटर  क्षमता स्‍टेण्‍ड टाईप ', 62400, 12, 1429, 129),
(131, '1', 'पाम 03-05 फीट, पाम 05-08 फीट,    नारियल 03-05 फीट,  सप्‍तपर्णी 03-05 फीट,  नारियल 05 -08 फीट,   सप्‍तपर्णी 05-08 फीट, ', 1, 107000, 1449, 28),
(132, '1', 'रेत 100 प्रति क्‍यु.मी.', 500, 100, 1448, 21),
(133, '2', 'गिट़टी 20 एम एम ', 1200, 20, 1448, 21),
(134, '3', 'गिट़टी 40 एम एम ', 1100, 15, 1448, 21),
(135, '4', 'साईज बोल्‍डर 13000 नग', 12, 13000, 1448, 21),
(136, '5', 'मुरूम 200 क्‍यु.मी.', 280, 200, 1448, 21),
(137, '6', 'कलर्स पेवर्स 60 एम.एम', 11.5, 10000, 1448, 21),
(138, '7', 'सीमेंट 500 बोरी (आई एस आई)', 315, 475, 1448, 21),
(139, '1	', 'भागीरथी नज योजनान्‍तर्गत ग्रुप डी अंतर्गत नल कनेक्‍शन प्रदाय बाबत', 1, 4587454, 1458, 130),
(140, '1', 'providing & fixing 9 mtr octagonal  pole arm with 2 no. of T-5 fitting 4x24 W with cable 25x3.5 core MCB foundation installation work complete (ISI)(NIT अनुसार सम्‍पूर्ण कार्य )', 56300, 0, 1508, 100),
(141, '2', 'providing & fixing 9 mtr octagonal  pole arm with 3 no. of T-5 fitting 4x24 W with cabling work  (25x3.5 core) MCB foundation installation & eraction work complete(NIT अनुसार सम्‍पूर्ण कार्य )', 64950, 0, 1508, 100),
(142, '3', 'providing & Fixing 200 amp. main swich pannel board MCB connector. timer and complete work (ISI) (NIT अनुसार सम्‍पूर्ण कार्य )', 26940, 0, 1508, 100),
(143, '1', 'Providing & Fixing 7 Mm Octogonal pole with single aarm T-5 4X24W single fitting complete cableing erection & commitioning foundation complete work with testing (NITअनुसार सम्पूर्ण कार्य    ', 43786, 0, 1512, 133),
(144, '2', 'Providing & Fixing 7 Mm Octogonal pole with single aarm T-5 4X24W single fitting complete cableing erection & commitioning foundation complete work with staletion (NITअनुसार सम्पूर्ण कार्य    ', 46010, 0, 1512, 133),
(145, '3', 'Providing & Fixing 9mtr  Octogonal pole with single aarm T-5 4X24W single fitting complete cableing erection & commitioning foundation complete  staletion work (NITअनुसार सम्पूर्ण कार्य    ', 55486, 0, 1512, 133),
(146, '4', 'Providing & Fixing 9 mtr  Octogonal pole with single aarm T-5 4X24W single fitting complete cableing erection & commitioning foundation complete  staletion work (NITअनुसार सम्पूर्ण कार्य    ', 64486, 0, 1512, 133),
(147, '5', 'Providing & Fixing 9 mtr  single aarm complete fitting aarm with staletion work (NITअनुसार सम्पूर्ण कार्य    ', 46686, 0, 1512, 133),
(148, '6', 'Providing & Fixing200 amp main & with penal bord MCB contector timer complete with staletion (NITअनुसार सम्पूर्ण कार्य   ', 26027, 0, 1512, 133),
(149, '1', 'with cable 25x35 sqmm MCB foundation  installation eraction work complete (ISI) (NIT अनुसार सम्पुर्ण कार्य)', 56300, 0, 1514, 100),
(150, '2', ' Providing & fixing 9 mtr Ocogonal pole tripe aarm 3.5  with cable 25x35 sqmm MCB foundation  installation eraction work complete (ISI) (NIT अनुसार सम्पुर्ण कार्य)', 64950, 0, 1514, 100),
(151, '3', 'Providing & fixing 200 amp main swich pannel board mccb contractor timer and complete work (ISI) (NIT अनुसार सम्पूर्ण कार्य)', 26940, 0, 1514, 100),
(152, '1', 'Providing & fixing 7 mtr octagonal pole are with IT5 fitting 4x24 W with cable 25x3.5 MCB foundation installation & Eraction work complete (ISI) (NIT अनुसार सम्पूर्ण कार्य', 43600, 0, 1515, 106),
(153, '2', 'Providing & fixing 7 mtr octagonal pole are with IT5 fitting 4x24 W with cable 25x3.5 MCB foundation installation & Eraction work complete (ISI) (NIT अनुसार सम्पूर्ण कार्य', 45900, 0, 1515, 106),
(154, '3', 'Providing & fixing 7 mtr octagonal pole are with IT5 fitting 4x24 W with cable 25x3.5 MCB foundation installation & Eraction work complete (ISI) (NIT अनुसार सम्पूर्ण कार्य', 64300, 0, 1515, 106),
(155, '4', 'Providing & fixing 7 mtr octagonal pole are with IT5 fitting 4x24 W with cable 25x3.5 MCB foundation installation & Eraction work complete (ISI) (NIT अनुसार सम्पूर्ण कार्य', 55399, 0, 1515, 106),
(156, '5', 'Providing & fixing 7 mtr octagonal pole are with IT5 fitting 4x24 W with cable 25x3.5 MCB foundation installation & Eraction work complete (ISI) (NIT अनुसार सम्पूर्ण कार्य', 26000, 0, 1515, 106),
(157, '6', 'Providing & fixing 7 mtr octagonal pole are with IT5 fitting 4x24 W with cable 25x3.5 MCB foundation installation & Eraction work complete (ISI) (NIT अनुसार सम्पूर्ण कार्य', 46600, 0, 1515, 106),
(158, '1	', 'Providing & Fixing 9 mtr Octagonal pole arm with 2 nos of T-5 fiting 4x24 W with cable 25x.35 core MCB foundation installing & eraction work complete (ISI) (According to NIT)', 56300, 20, 1536, 100),
(159, '2', 'Providing & fixing 200 amp. main swich panel board MCB conector . timer and complete work (ISI) (According to NIT)', 26940, 1, 1536, 100),
(160, '1	', 'Providing & Fixing 7 mtr Octagonal pole single arm with 1 nos of T-5 fitting 4x24 w with cable 25x3.5 core MCB foundation installing & eraction work complete (ISI) (According to INT)', 43786, 40, 1540, 133),
(161, '2', 'Providing & FIxing 200 amp. main swich panel boardMCB conector Timer and complete work (ISI) (Accoding to NIT)', 26027, 2, 1540, 133),
(162, '1	', 'Providing & Fixing 7 mtr Octagonal pole single arm with 1 nos of T-5 fitting 4x24 w with cable 25x3.5 core MCB foundation instllaing & eraction work complete (ISI) (According to NIT)', 43600, 35, 1538, 106),
(163, '2', 'Providing & Fixing 200 amp main swich panel board MCB conector Timer and complete work (ISI) (According To NIT)', 26000, 2, 1538, 106),
(164, '1	', 'Prroviding &  Fixing 9 mtr Octagonal pole arm with 2nos of T-5 Fitting 4x24 w with cable 25x3.5 core MCB foundation installing & eraction wirk complete (ISI) (Acc0ding NIT)\r\n', 56300, 15, 1537, 100),
(165, '2', 'Providing & fixing 200 amp. main switch panel board MCB conector timer and complete work (ISI) (According to NIT)', 26940, 1, 1537, 100),
(166, '2', 'Providing & fixing 200 amp. main swich panel board MCB conector . timer and complete work (ISI) (According to NIT)', 26940, 1, 1536, 100),
(167, '1	', 'Providing & Fixing 9 mtr Octagonal pole arm with 2 nos of T-5 fiting 4x24 W with cable 25x.35 core MCB foundation installing & eraction work complete (ISI) (According to NIT)', 56300, 20, 1536, 100),
(168, '1', 'Providing & fixing 7 mtr Octagonal pole single arm with 1 nos of T-5 fitting 4x24 w with cable 25x3.5 core MCB foundation installing & eraction work complete (ISI) (According ti INT)', 56300, 20, 1546, 100),
(169, '2', 'Providing & Fixing 200 amp. main swich panel board MCB conector timer and complete work (ISI)(Accoding to NIT)', 26940, 1, 1546, 100),
(170, '1', 'Providing & fixing 7 mtr Octagonal pole single arm with 1 nos of T-5 fitting 4x24 w with cable 25x3.5 core MCB foundation installing & eraction work complete (ISI) (According ti INT)', 56300, 20, 1546, 100),
(171, '2', 'Providing & Fixing 200 amp. main swich panel board MCB conector timer and complete work (ISI)(Accoding to NIT)', 26940, 1, 1546, 100),
(172, '1', 'providing & fixing 7 mtr octagonal pole singl arm with 1 nos of  T-5 fitting 4x24 with cable 25x305 core MCB foundation installing & eraction work complete (ISI) (According it INT)', 56300, 20, 1568, 100),
(173, '2', 'providing & fixing 200 amp.main swich panal board MCB conector time and complite work  (ISI) (According it INT)', 26940, 1, 1568, 100),
(174, '1', 'providing & fixing 9 mtr octagonal pole  arm with 2 nos of T-5 fitting 4x24 with cable 25x3.5 core MCB foundation installing & eraction work complete (ISI) (According it INT)', 56300, 15, 1569, 100),
(175, '2', 'providing & fixing 200 amp.main swich panal board MCB conector time and complete work (ISI) (According to INT)', 26940, 1, 1569, 100),
(176, '1', 'Providing & Fixing 7 mtr Octagonal Pole single arm with 1 nos of T-5 fitting 4x24 w with cable 25x3.5 core MCB foundation instllaing & eraction work complete (ISI) (According to NIT)', 43600, 35, 1570, 106),
(177, '2', 'Providing & Fixing 200 amp main swich panle board MCB conector Timer and complete work  (ISI) (According to NIT)', 26000, 2, 1570, 106),
(178, '2', 'Providing & Fixing 200 amp main swich panle board MCB conector Timer and complete work  (ISI) (According to NIT)', 26000, 2, 1570, 106),
(179, '1', 'Providing & Fixing 7 mtr Octagonal Pole single arm with 1 nos of T-5 fitting 4x24 w with cable 25x3.5 core MCB foundation instllaing & eraction work complete (ISI) (According to NIT)', 43600, 35, 1570, 106),
(180, '1	', 'मानव  मंदिर चौक में सौदर्यीकरण कार्य विवरण सूची संलग्‍न हैा ', 1, 1131150, 1593, 106),
(181, '1	', 'मानव  मंदिर चौक में सौदर्यीकरण कार्य  विवरण सूची संलगन हैा ', 1131150, 1, 1594, 106),
(182, '1	', 'Providing & Fixing 7 Mtr  Octoagoanl pole single arm with 1 Nos  of T-5 fiting 4x24 with cable 25x3.5  core MCB foundation installaing & eraction work complete ( ISI)Acording to Nit ', 43600, 35, 1596, 106),
(183, '2', 'Providing & fixing 200 amp main wsich panel board MCB concetor Timer and complete work ( ISI) According to NIT) ', 26000, 2, 1596, 106),
(184, '1	', 'Providing & Fixing 7 Mtr Octoagoanl pole single arm with 1 Nos of T-5 fiting 4x24 with cable 25x3.5 core MCB foundation installaing & eraction work complete ( ISI)Acording to Nit', 43600, 35, 1597, 106),
(185, '2	', '	Providing & fixing 200 amp main wsich panel board MCB concetor Timer and complete work ( ISI) According to NIT)', 26000, 2, 1597, 106),
(186, '1', 'roviding & Fixing 7 Mtr Octoagoanl pole single arm with 1 Nos of T-5 fiting 4x24 with cable 25x3.5 core MCB foundation installaing & eraction work complete ( ISI)Acording to Nit', 23000, 5, 1598, 106),
(187, '2', 'Providing & fixing 200 amp main wsich panel board MCB concetor Timer and complete work ( ISI) According to NIT)', 25000, 8, 1598, 106),
(188, '1	', 'अधोसंरचना मद अन्‍तर्गत 30.50 मीटर उंचा फैल्‍ग मास्‍ट स्‍थापना कार्य सूची संलग्‍न हैा', 1131150, 1, 1599, 106),
(189, '1	', '4 Station Multy Gym ', 53000, 1, 1653, 142),
(190, '2', 'Abking Pro Heavy Duty )', 6300, 1, 1653, 142),
(191, '3', 'Jogger ', 12000, 1, 1653, 142),
(192, '4', 'Execersice Cycle  F119 Body fuel Speed moter Heavy base ', 6000, 1, 1653, 142),
(193, '5', 'Bench press Free 3ds max Flat ', 9800, 1, 1653, 142),
(194, '6', 'olamplic Rod', 2000, 2, 1653, 142),
(195, '7', 'Dips Stand ', 500, 2, 1653, 142),
(196, '8', 'Rubeer plate 2 kg ', 65, 10, 1653, 142),
(197, '9', 'Rubeer plate 3 kg ', 130, 10, 1653, 142),
(198, '10', 'Rubeer plate 4 kg ', 260, 10, 1653, 142),
(199, '11', 'Rubeer plate 5 kg ', 325, 10, 1653, 142),
(200, '12', 'Rubeer plate 1 kg ', 0, 10, 1653, 142),
(201, '1	', 'ACP कार्य (स्‍क्‍वेयर फिट)', 3500, 65, 1655, 10),
(202, '2	', 'नामकरण लेटर राइटिंग	', 1290, 20, 1655, 10),
(203, '1', 'ACP कार्य (प्रति स्‍कवेयर फीट)', 3500, 66, 1656, 10),
(204, '2	', 'नामकरण हेतु रेडियम कार्य', 1290, 20, 1656, 10),
(205, '1', '1  Station multy gym  pack deck seated chest press ,leg pulldown,triceps leg extension curl leg press biceps curl rowing stepper hip flaxor leg raise back kick rear Deltoid shoulder upright row crunches wrist crul', 50000, 1, 1657, 143),
(206, '2', 'AB king pro (heavy) made of steel it weight 13 kg protable & measures 115 inches by 11.5 inches', 6500, 1, 1657, 143),
(207, '3', 'Jogger', 12000, 1, 1657, 143),
(208, '4', 'Exercycle - f 119 body fuel speedometer  Heavy  base & Adj handke ', 6000, 1, 1657, 143),
(209, '5', 'Bench press bench-free 3ds max flat bench press model', 10000, 1, 1657, 143),
(210, '6', 'Olmapic Rod', 2000, 2, 1657, 143),
(211, '7', 'Dips stand ', 500, 2, 1657, 143),
(212, '8', 'Rubber plate 1kg\r\n\r\n', 65, 10, 1657, 143),
(213, '9', 'Rubber plate 2 kg', 130, 10, 1657, 143),
(214, '10', 'Rubber plate 3 kg', 195, 10, 1657, 143),
(215, '11', 'Rubber plate 4kg', 260, 10, 1657, 143),
(216, '12', 'Rubber plate5kg', 325, 10, 1657, 143),
(217, '1', '1  Station multy gym  pack deck seated chest press ,leg pulldown,triceps leg extension curl leg press biceps curl rowing stepper hip flaxor leg raise back kick rear Deltoid shoulder upright row crunches wrist crul\r\n', 49240, 1, 1659, 143),
(218, '2', 'Ab king pro ', 6290, 1, 1659, 143),
(219, '3', 'Jogger', 11700, 1, 1659, 143),
(220, '4', 'Exercycle - f 119 body fuel speedometer  Heavy  base & Adj handke ', 5870, 1, 1659, 143),
(221, '5', 'Bench press bench-free 3ds max flat bench press model', 9820, 1, 1659, 143),
(222, '6', 'Olmapic Rod', 900, 2, 1659, 143),
(223, '7', 'Dips stand ', 480, 2, 1659, 143),
(224, '8', 'Rubber plate 1kg\r\n\r\n', 63, 10, 1659, 143),
(225, '9', 'Rubber plate 2 kg\r\n\r\n', 126, 10, 1659, 143),
(226, '10', 'Rubber plate 3 kg\r\n\r\n', 189, 10, 1659, 143),
(227, '11', 'Rubber plate 4 kg\r\n\r\n', 252, 10, 1659, 143),
(228, '12', 'Rubber plate 5 kg\r\n\r\n', 315, 10, 1659, 143),
(229, '1	', 'जीम 4 स्‍टेशन', 49240, 1, 1658, 143),
(230, '2\r\n', 'उपक्रिंग प्रेा', 6290, 1, 1658, 143),
(231, '3\r\n', 'जॉगर', 11700, 1, 1658, 143),
(232, '4', 'एक्‍सर साईजेस साइकल', 5870, 1, 1658, 143),
(233, '5', 'बेचप्रेस ', 9820, 1, 1658, 143),
(234, '6', 'ओलम्पिक रॉड', 900, 2, 1658, 143),
(235, '7', 'डिप्‍स स्‍टैण्‍ड ', 480, 2, 1658, 143),
(236, '8', 'रबर प्‍लेट 1 किलो ग्राम', 63, 10, 1658, 143),
(237, '9', 'रबर प्‍लेट 2 किलो ग्राम', 126, 10, 1658, 143),
(238, '10', 'रबर प्‍लेट 3 किलो ग्राम', 189, 10, 1658, 143),
(239, '11', 'रबर प्‍लेट 4 किलो ग्राम', 252, 10, 1658, 143),
(240, '12', 'रबर प्‍लेट 5 किलो ग्राम', 315, 10, 1658, 143),
(241, '1', 'जीम 4 स्‍टेशन\r\n', 1, 49240, 1660, 143),
(242, '2', 'एब किंग प्रो', 1, 6290, 1660, 143),
(243, '3', 'जॉगर', 1, 11700, 1660, 143),
(244, '4', 'एकसर साइजेस साइकल', 1, 5870, 1660, 143),
(245, '5', 'बेचप्रेस ', 1, 9820, 1660, 143),
(246, '6', 'ओलम्पिक  रॉड', 2, 900, 1660, 143),
(247, '7', 'डिप्‍स स्‍टैड', 2, 480, 1660, 143),
(248, '8', 'रबर प्‍लेट 1 किलो ग्रा.', 10, 63, 1660, 143),
(249, '9', 'रबर प्‍लेट 2 किलो ग्रा.', 10, 126, 1660, 143),
(250, '10', 'रबर प्‍लेट 3 किलो ग्रा.', 10, 189, 1660, 143),
(251, '11', 'रबर प्‍लेट 4 किलो ग्रा.', 10, 252, 1660, 143),
(252, '12', 'रबर प्‍लेट 5 किलो ग्रा.', 10, 315, 1660, 143),
(253, '1', '8 स्‍टेशन जीम', 110000, 1, 1661, 142),
(254, '2', 'एबकिंग प्रो', 6000, 1, 1661, 142),
(255, '3', 'मोटराईस जॉगर', 45000, 1, 1661, 142),
(256, '4', 'एक्‍सर साइज साईकिल', 6000, 1, 1661, 142),
(257, '5', 'ब्रेचप्रेस', 9000, 1, 1661, 142),
(258, '6', 'रबर  प्‍लेट 2 कि. ग्रा.', 160, 15, 1661, 142),
(259, '7', 'रबर  प्‍लेट 3 कि. ग्रा.', 240, 15, 1661, 142),
(260, '8', 'रबर  प्‍लेट 4 कि. ग्रा.', 320, 15, 1661, 142),
(261, '9', 'रबर  प्‍लेट 5 कि. ग्रा.', 400, 15, 1661, 142),
(262, '10', 'डंबल रॉड 1.5 कि.ग्रा.', 500, 1, 1661, 142),
(263, '11', '3 फिट  रॉड 1.5 कि.ग्रा.', 1400, 1, 1661, 142),
(264, '12', 'डिप्‍स स्‍टैंड', 1000, 1, 1661, 142),
(265, '13', 'ओलम्पिक रॉड', 4000, 1, 1661, 142),
(266, '1', 'वाटर कुलर ', 65780, 4, 1672, 100),
(267, '1', 'वाटर कुलर ', 64780, 2, 1673, 100),
(268, '1	', 'वाटर कुलर	', 1, 79780, 1680, 100),
(269, '1	', 'वाटर कूलर ', 1, 70000, 1681, 100),
(270, '1	', 'वाटर कूलर एवं वाटर फिल्‍टर ', 1, 65000, 1684, 100),
(271, '1', 'ट़वाय ट्रेन इंजन  पेट्रोल चलित 100 सी सी 8 ब्‍लाक 6 पिस्‍टन कम्‍पलीट फिटिंग सहित', 272000, 1, 1690, 144),
(272, '1', 'वेल्‍वेट घास (गद़दा) स्‍केयर फिट में', 28, 2000, 1688, 144),
(273, '1', 'अशोक 8 से 10 फिट लंबा', 495, 50, 1687, 144),
(274, '2', 'पाम 8 से 10 फिट लंबा', 335, 50, 1687, 144),
(275, '3', 'एक जोरा छोटा', 16.7, 800, 1687, 144),
(276, '4', 'कलर हिज', 16.7, 800, 1687, 144),
(277, '1	', 'एक्रेलिक शीट पटिटका  4x3 साईज गोल्‍डन म्ुद्रण सहित ', 360, 1200, 1700, 56),
(278, '2	', 'फ्रेंड कार्य हेतु लकड्ी बचा ', 45, 600, 1700, 56),
(279, '3	', 'खीला 2 इचं से 3 इंच लंबाई ', 190, 6, 1700, 56),
(280, '4	', 'स्‍टील स्‍क्रू  एक से सवा इंच प्रतिबाक्‍स 300 नग ', 900, 3, 1700, 56),
(281, '1	', 'रेस‍लगि मैट	', 1, 65000, 1704, 143),
(282, '1', '12 स्‍टेशन मल्‍टी जिम	', 1, 250000, 1705, 142),
(283, '2	', 'ट्रैडमिल एसी मोटर ', 1, 95000, 1705, 142),
(284, '3	', 'एक्‍सरसाईज बाईक	', 2, 15500, 1705, 142),
(285, '4	', 'साईकल	', 2, 6500, 1705, 142),
(286, '5	', 'इंकलाइन/डेकलाईन ब्रेंच प्रेस	', 2, 9000, 1705, 142),
(287, '6	', 'रबर प्‍लेट 2 कि.ग्रा.', 15, 160, 1705, 142),
(288, '7', 'रबर प्‍लेट 3 कि.ग्रा.', 15, 240, 1705, 142),
(289, '8', 'रबर प्‍लेट 4 कि.ग्रा.', 15, 320, 1705, 142),
(290, '9', 'रबर प्‍लेट 5 कि.ग्रा.', 15, 400, 1705, 142),
(291, '10', 'डमबल रॉड 1.5 फीट	', 10, 600, 1705, 142),
(292, '11', 'स्‍ट्रीट रूड 3 फीट	', 3, 800, 1705, 142),
(293, '12', 'स्‍ट्रीट रूड 4 फीट	', 5, 1000, 1705, 142),
(294, '13	', 'लेग प्रेस विथ डिपिंग	', 1, 50100, 1705, 142),
(295, '1	', '8 स्‍टेशन मल्‍टी जिम	', 1, 109000, 1707, 142),
(296, '2	', 'एबकिंग प्रो	', 1, 6000, 1707, 142),
(297, '3	', 'जॉगर स्म्पिल ', 1, 4500, 1707, 142),
(298, '4	', 'साईकल	', 1, 6500, 1707, 142),
(299, '5	', 'इंकलाइन/डेकलाईन ब्रेंच प्रेस	', 1, 9000, 1707, 142),
(300, '6	', 'रबर प्‍लेट 2 कि. ग्रा.	', 10, 160, 1707, 142),
(301, '7', 'रबर प्‍लेट 3 कि. ग्रा.	', 10, 240, 1707, 142),
(302, '8', 'रबर प्‍लेट 4 कि. ग्रा.	', 10, 360, 1707, 142),
(303, '9', 'रबर प्‍लेट 5 कि. ग्रा.	', 10, 400, 1707, 142),
(304, '10', 'डमबल रॉड 1.5 फीट	', 1, 600, 1707, 142),
(305, '11	', 'स्‍ट्रीट रूड 3 फीट ', 1, 800, 1707, 142),
(306, '12	', 'स्‍ट्रीट रूड 4	 फीट ', 1, 1000, 1707, 142),
(307, '१', 'weight lifting set 182, 50 kg.', 1, 21970, 1709, 147),
(308, '2', 'Rubber Doumble set ', 4, 610, 1709, 147),
(309, '3', 'Exercise cycle ', 1, 4630, 1709, 147),
(310, '4', 'Rower set', 1, 9090, 1709, 147),
(311, '5', 'Twister set ', 1, 2220, 1709, 147),
(312, '6', 'Dips stand ', 3, 345, 1709, 147),
(313, '7', 'Jogger mannual ', 1, 8450, 1709, 147),
(314, '1	', 'जीम 4 स्‍टेशन ', 1, 49840, 1708, 147),
(315, '2	', 'एवक्रिग प्रो	', 1, 6390, 1708, 147),
(316, '3	', 'जागर	', 1, 11750, 1708, 147),
(317, '4	', 'एकसर साईज सायकल	', 1, 5930, 1708, 147),
(318, '5	', 'ब्रेचप्रेस ', 1, 9730, 1708, 147),
(319, '6	', 'ओलम्पिक रॉड	', 2, 970, 1708, 147),
(320, '7	', 'डिप्‍स स्‍टैण्‍ड	', 4, 243, 1708, 147),
(321, '8	', 'रबर प्‍लेट 1 कि. ग्रा. ', 10, 64, 1708, 147),
(322, '9	', 'रबर प्‍लेट 2  कि. ग्रा. ', 10, 128, 1708, 147),
(323, '10	', 'रबर प्‍लेट 3  कि. ग्रा. ', 10, 192, 1708, 147),
(324, '11	', 'रबर प्‍लेट  4  कि. ग्रा. ', 10, 256, 1708, 147),
(325, '12	', 'रबर प्‍लेट 5  कि. ग्रा. ', 10, 320, 1708, 147),
(326, '1	', 'जीम 4 स्‍टेशन ', 1, 49840, 1708, 147),
(327, '2	', 'एवक्रिग प्रो	', 1, 6390, 1708, 147),
(328, '3	', 'जागर	', 1, 11750, 1708, 147),
(329, '4	', 'एकसर साईज सायकल	', 1, 5930, 1708, 147),
(330, '5	', 'ब्रेचप्रेस ', 1, 9730, 1708, 147),
(331, '6	', 'ओलम्पिक रॉड	', 2, 970, 1708, 147),
(332, '7	', 'डिप्‍स स्‍टैण्‍ड	', 4, 243, 1708, 147),
(333, '8	', 'रबर प्‍लेट 1 कि. ग्रा. ', 10, 64, 1708, 147),
(334, '9	', 'रबर प्‍लेट 2  कि. ग्रा. ', 10, 128, 1708, 147),
(335, '10	', 'रबर प्‍लेट 3  कि. ग्रा. ', 10, 192, 1708, 147),
(336, '11	', 'रबर प्‍लेट  4  कि. ग्रा. ', 10, 256, 1708, 147),
(337, '12	', 'रबर प्‍लेट 5  कि. ग्रा. ', 10, 320, 1708, 147),
(338, '१', 'जीम 4 स्टेशन', 1, 49840, 1713, 147),
(339, '2', 'एवक्रिग प्रो', 1, 6390, 1713, 147),
(340, '3', 'जागर', 1, 11750, 1713, 147),
(341, '4', 'एकसर साईजेसा सायकल ', 1, 5930, 1713, 147),
(342, '5', 'बेचप्रेस', 1, 9730, 1713, 147),
(343, '6', 'ओलम्पिक राड', 2, 970, 1713, 147),
(344, '7', 'डिप्स स्टैण्ड', 4, 243, 1713, 147),
(345, '8', 'रबर प्लेट 1 कि.ग्रा.', 10, 64, 1713, 147),
(346, '9', 'रबर प्लेट 2 कि.ग्रा.', 10, 128, 1713, 147),
(347, '10', 'रबर प्लेट 3 कि.ग्रा.', 10, 192, 1713, 147),
(348, '11', 'रबर प्लेट 4 कि.ग्रा.', 10, 256, 1713, 147),
(349, '12', 'रबर प्लेट 5 कि.ग्रा.', 10, 320, 1713, 147),
(350, '1', 'नगर पालिक निगम राजनांदगांव वार्ड नं. 13 में बैकलिट ग्लोसाईन बोर्ड कार्य', 1, 48300, 1729, 24),
(351, '1', 'चाय /काफी एवं 4 बिस्‍कुट (पारले जी/मुनाको) (प्रति नग)', 15, 0, 1733, 148),
(352, '2', 'नाश्‍ता - समोसा कचौडी  या अन्‍य आइटम एवं चाय /काफी \r\n (प्रति नग)', 24, 0, 1733, 148),
(353, '3', 'नाश्‍ता - इटली , ढोकला सांभर बडा , दोसा एवं मीठा    (प्रति नग)', 38, 0, 1733, 148),
(354, '4', 'लंच पैकेट सामान्‍य (4 रोटी जीरा राईस, दो सब्‍जी, दाल फ्राई, आचार)  (प्रति पैकेट)', 100, 0, 1733, 148),
(355, '5', 'लंच पैकेट स्‍पेशल (4 पराठा, पुलाव/जीरा फ्राई दो सब्‍जी (एक पनीर), दाल, दही, अचार, मीठा, पापड, सलाद) \r\n(प्रति पैकेट)', 160, 0, 1733, 148),
(356, '6', 'लंच /डीनर बफे सिस्‍टम (दो सब्‍जी, मीठा, पुडी/रोटी दाल, सलाद, छांच, दही बडा, आदि सहित (प्रति पैकेट)', 160, 0, 1733, 148),
(357, '7(1)', 'पुडी सब्‍जी  जिसमें 6 पुडी, सूखा सब्‍जी, आचार          (प्रति पैकेट)', 18, 0, 1733, 148),
(358, '7(2)', 'पुडी सब्‍जी  जिसमें 8 पुडी, सूखा सब्‍जी, आचार \r\n(प्रति पैकेट)', 22, 0, 1733, 148),
(359, '8', 'लस्‍सी, कोल्‍ड्रीग्‍ंस इत्‍यादि शीतल पेय (प्रति गिलास)', 20, 0, 1733, 148),
(360, '9', 'डिनर/लंच हेतु स्‍टाल (प्रति स्‍टाल)', 500, 0, 1733, 148),
(361, '10(1)', 'खाना बनाने का समजदूर दर सामाग्री (2000)\r\n (प्रति प्‍लेट)', 10.5, 0, 1733, 148),
(362, '10(2)', 'खाना बनाने का समजदूर दर सामाग्री (5000) \r\n (प्रति प्‍लेट)', 10.75, 0, 1733, 148),
(363, '10(3)', 'खाना बनाने का समजदूर दर सामाग्री (10000) \r\n (प्रति प्‍लेट)', 11, 0, 1733, 148),
(364, '11', 'थर्माकोल प्‍लेट (प्रति नग)', 3, 0, 1733, 148),
(365, '12', 'प्‍लास्टिक प्‍लेट  (प्रति नग)', 5, 0, 1733, 148),
(366, '13', 'सिल्‍वर पुटठा थाली (प्रति नग)', 3.8, 0, 1733, 148),
(367, '14', 'डिस्‍पोजल (प्रति प्‍लेट)', 6.8, 0, 1733, 148),
(368, '1', '4 स्‍टेशन जीम\r\n', 49840, 1, 1743, 147),
(369, '2', 'एबकिंग प्रो', 6490, 2, 1743, 147),
(370, '3', 'मोटराईस जॉगर', 11750, 1, 1743, 147),
(371, '4', 'एक्‍सर साईज साईकिल', 5930, 1, 1743, 147),
(372, '5', 'ब्रेचप्रेस', 9730, 2, 1743, 147),
(373, '6', 'रबर प्‍लेट 1 कि.ग्राम', 64, 15, 1743, 147),
(374, '7', 'रबर प्‍लेट 2 कि.ग्राम', 128, 15, 1743, 147),
(375, '8', 'रबर प्‍लेट 3 कि.ग्राम', 192, 15, 1743, 147),
(376, '9', 'रबर प्‍लेट4 कि.ग्राम', 256, 15, 1743, 147),
(377, '10', 'रबर प्‍लेट5 कि.ग्राम', 320, 15, 1743, 147),
(378, '11', 'डिप्‍स स्‍टैंड ', 485, 4, 1743, 147),
(379, '12', 'ओलम्पिक रॉड ', 970, 2, 1743, 147),
(380, '१', 'चैन लिंग जाली  प्रति स्के. फिट', 26.7, 7000, 1765, 144),
(381, '2', '1-1/2  ऐगल  प्रति किलो', 69.5, 2000, 1765, 144),
(382, '3', 'गिट्रटी 40 एम.एम प्रति क्यू.मी.', 1100, 32, 1765, 144),
(383, '4', 'सीमेंट आई.आई.मार्का  प्रति बोरी', 320, 240, 1765, 144),
(384, '5', 'रेत प्रति क्यू.मी.', 500, 17, 1765, 144),
(385, '6', 'वेल्डिग रॉड प्रति पैकेट', 220, 5, 1765, 144),
(386, '7', 'यू खीला प्रति किलो', 140, 5, 1765, 144),
(387, '१', '40 एम.एम. क्रेशर गिट्टी  प्रति क्यू.मीटर', 1100, 3, 1766, 3),
(388, '2', ' 20 एम.एम. क्रेशर गिट्टी  प्रति क्यू.मीटर', 1200, 1, 1766, 3),
(389, '3', 'रेत 16 क्यू.मीटर', 500, 1, 1766, 3),
(390, '4', 'सिमेन्ट प्रति बोरी', 320, 100, 1766, 3),
(391, '5', 'साईज बोल्डर ', 16500, 12, 1766, 3),
(392, '6', 'ईट फालाई एस ', 6450, 4, 1766, 3),
(393, '7', 'ग्रील ', 70, 50, 1766, 3),
(394, '1', 'म्यू. स्कूल प्रांगण मंच के उपर शेड फेब्रीकेशन कार्य फिक्सीग कार्य वेल्डींग राड लेबर कार्य सहित कम्पलीट कार्य ', 1953, 24, 1767, 9),
(395, '1', 'साईज बोल्डर ', 11000, 12, 1768, 3),
(396, '2', 'रेत', 500, 24, 1768, 3),
(397, '3', ' 20 एम.एम. क्रेश गिटृटी ', 2, 1200, 1768, 3),
(398, '4', ' 40 एम.एम. क्रेश गिटृटी ', 6, 1100, 1768, 3),
(399, '5', 'ईट फलाई एस ', 10000, 4, 1768, 3),
(400, '6', 'सिमेन्ट बोरी मार्क ', 320, 200, 1768, 3),
(401, '१', 'साईज बोल्डर प्रति नग', 12, 11000, 1769, 3),
(402, '२', 'रेत प्रति क्यू.मी.', 500, 24, 1769, 3),
(403, '३', '20 एम.एम  क्रेशर गिट़टी   प्रति क्यु.मी', 1200, 2, 1769, 3),
(404, '4', '40 एम.एम  क्रेशर गिट़टी   प्रति क्यु.मी', 1100, 6, 1769, 3),
(405, '5', 'ईट फलाई एस  प्रति हजार ', 4.1, 10000, 1769, 3),
(406, '6', 'सिमेंट प्रति बोरी ', 320, 200, 1769, 3),
(407, '1	', 'जिला चिकित्‍सालय में एक स्‍थान पर वाटर कुलर प्रदाय एवं स्‍थापना कि संबंध में ', 65780, 1, 1823, 100),
(408, '1	', '4 स्‍टेशन जिम	', 55500, 1, 1853, 142),
(409, '2	', 'एवाकिग प्रो.	', 6000, 1, 1853, 142),
(410, '3	', 'मोटराईस जॉगर	', 4500, 1, 1853, 142),
(411, '4	', 'एक्‍सरसाईज साईकिल	', 6500, 1, 1853, 142),
(412, '5	', 'ब्रेचप्रेस	', 9000, 1, 1853, 142),
(413, '6	', 'रबर प्‍लेट 2कि.ग्रा.', 160, 10, 1853, 142),
(414, '7', 'रबर प्‍लेट 3	कि.ग्रा.', 240, 10, 1853, 142),
(415, '8	', 'रबर प्‍लेट 4	कि.ग्रा.', 360, 10, 1853, 142),
(416, '9	', 'रबर प्‍लेट 5	कि.ग्रा.', 400, 10, 1853, 142),
(417, '10	', 'डंबल रॉड 1.5 कि.ग्रा.	', 600, 2, 1853, 142),
(418, '11	', '3 स्‍ट्रीट रॉड	', 800, 2, 1853, 142),
(419, '12', ' 4स्‍ट्रीट रॉड	', 1000, 2, 1853, 142),
(420, '1	', 'Weight lighing set 182.50 kg', 21970, 1, 1859, 147),
(421, '2', 'Rubber doumble set', 610, 4, 1859, 147),
(422, '3', 'Exerciser Cycle', 4630, 1, 1859, 147),
(423, '4', 'Rower Set', 9090, 1, 1859, 147),
(424, '5', 'Twister Set', 2220, 1, 1859, 147),
(425, '6', 'Dips Stand ', 345, 2, 1859, 147),
(426, '7', 'Dips Stand ', 345, 1, 1859, 147),
(427, '8', 'Jogger(mannual)', 8450, 1, 1859, 147),
(428, '1	', 'बैठक पंडाल व्‍यवस्‍था', 736690, 1, 1873, 90),
(429, '1	', 'बैठक पंडाल व्‍यवस्‍था', 736690, 1, 1872, 90),
(430, '1	', 'बैठक पंडाल व्‍यवस्‍था	', 736690, 1, 1874, 90),
(431, '1	', 'वार्ड न. 01 बापूटोला में 21 फीट स्‍वागत गेट निर्माण', 25400, 1, 1927, 30),
(432, '1	', '​विकास यात्रा 2013 हेतु स्‍वागत द्वारा गेट ', 24800, 2, 1928, 30),
(433, '1', 'पंडाल व्यवस्था', 22820, 1, 1943, 90),
(434, '1	', 'हाई स्‍कूल	', 1, 306089, 1960, 155),
(435, '2	', 'मिडील स्‍कूल ', 1, 296038, 1960, 155),
(436, '3', 'प्राईमरी स्‍कूल	', 1, 330873, 1960, 155),
(437, '1', 'जीम सामाग्री क्रय करने', 85300, 1, 2002, 142),
(438, '1', 'जीम सामाग्री क्रय करने ', 85300, 1, 2008, 142),
(439, '1	', 'जीम सामाग्री ', 198810, 1, 2000, 147),
(440, '1	', 'रेत	', 545, 250, 2022, 21),
(441, '2	', '40 एम.एम. गीटटी ', 2000, 16, 2022, 21),
(442, '3	', 'साईज बोल्‍डर	', 12.5, 22000, 2022, 21),
(443, '4	', 'कलर पेवर्स 60 एम एम	', 17, 18000, 2022, 21),
(444, '5	', 'सिंमेट बोरी ', 344, 480, 2022, 21),
(445, '6	', 'गिटटी 20 एम. एम.	', 2090, 36, 2022, 21),
(446, '1	', 'रेत	', 550, 16, 2023, 144),
(447, '2	', 'साईज बोल्‍डर	', 11.4, 5000, 2023, 144),
(448, '3	', '40 एम.एम. गिटटी	', 1900, 8, 2023, 144),
(449, '4	', 'सिंमेट	', 345, 125, 2023, 144),
(450, '5	', 'फलाई एस.ईट	', 11.1, 3000, 2023, 144),
(451, '6	', 'ग्रिल	', 78, 700, 2023, 144),
(452, '1	', 'जीम उपकरण ', 50000, 1, 2020, 142),
(453, '1	', 'कलर पेवर्स ', 15, 8000, 2025, 19),
(454, '2	', 'गिटटी 20 एम.एम.	', 2180, 16, 2025, 19),
(455, '3	', 'सीमेन्‍ट  ', 350, 70, 2025, 19),
(456, '4	', 'रेत	', 560, 70, 2025, 19),
(457, '1', 'सीमेंट', 345, 100, 2024, 3),
(458, '2', 'रेत', 550, 120, 2024, 3),
(459, '3', 'पेवर्स 80 एम.एम.', 18, 1400, 2024, 3),
(460, '4', 'क्रेशर गिटटी 20 एम.एम.', 2100, 16, 2024, 3),
(461, '1	', '4 स्‍टेशन जिम	', 55500, 1, 2021, 142),
(462, '2	', 'एवाक्रिग प्रो.	', 6000, 1, 2021, 142),
(463, '3	', 'मरेटराईस जॉगर	', 4500, 1, 2021, 142),
(464, '4	', 'एक्‍सरसाईज साईकिल	', 6500, 1, 2021, 142),
(465, '5	', 'ब्रेचप्रेस	', 9000, 1, 2021, 142),
(466, '6	', 'रबर प्‍लेट 2 कि.ग्रा.	', 160, 10, 2021, 142),
(467, '7	', 'रबर प्‍लेट 3 कि.ग्रा.	', 240, 10, 2021, 142),
(468, '8	', 'रबर प्‍लेट 4 कि.ग्रा.	', 360, 10, 2021, 142),
(469, '9	', 'रबर प्‍लेट 5 कि.ग्रा.	', 400, 10, 2021, 142),
(470, '10	', 'डंबल रॉड 1.5 कि.ग्रा.	', 600, 2, 2021, 142),
(471, '11	', '3 स्‍टीट रॉड	', 800, 2, 2021, 142),
(472, '12	', '4  स्‍टीट रॉड', 1000, 2, 2021, 142),
(473, '1	', 'जीम उपकरण ', 49500, 1, 2020, 142),
(474, '1	', 'जिम उपकरण सामाग्री	', 49500, 1, 2043, 142),
(475, '1	', 'मुरूम	', 325, 300, 2060, 12),
(476, '2	', 'स्‍टोनडस्‍ट	', 525, 150, 2060, 12),
(477, '3	', 'हाथ तोडी	', 575, 40, 2060, 12),
(478, '01	', 'स्‍वीक़त दर 2013-14 में 14 एव 15 में अगस्‍त पडाल व्‍यवस्‍था काय्र ा', 1, 826804, 2061, 161),
(479, '01', 'स्‍वीक़त दर 2013-14 में 14 एव 15 में अगस्‍त पडाल व्‍यवस्‍था काय्र ा 01  day ', 1, 238340, 2062, 161),
(480, '3', 'पेवर्स 80 एम.एम.', 18, 14000, 2024, 3),
(481, '2', 'रेत', 550, 120, 2024, 3),
(482, '1', 'सीमेंट', 345, 100, 2024, 3),
(483, '4', 'क्रेशर गिटटी 20 एम.एम.', 2100, 16, 2024, 3),
(484, '1	', 'सीमेट	', 345, 100, 2476, 3),
(485, '2	', 'रेत	', 550, 120, 2476, 3),
(486, '3	', 'पेवर्स 80 एम.एम	', 18, 14000, 2476, 3),
(487, '4	', 'क्रेशर गिटटी 20 एम.एम.	', 2100, 16, 2476, 3),
(488, '1', 'Dhyanchan Ji Portrai6x6 made of GFRP with all installation  (Per Nos)', 321000, 1, 2825, 149),
(489, '2', 'Providig of GFRP Lion sculpture 4mm thick with poly coated pigmant in three coatas  (kg)', 2193.5, 170, 2825, 149),
(490, '3', 'Lanscaping  (Sqft)', 55.64, 4000, 2825, 149),
(491, '1	', 'जीएफआरपी वालमूर, हिरण, भारतीय मूर्ति,टैक निर्माण कार्य ', 1737790, 1, 2907, 149),
(492, '1	', 'जीम समाग्री', 75000, 1, 2932, 179),
(493, '1	', 'जीम समाग्री', 75000, 1, 2933, 179),
(494, '1	', 'जीम समाग्री	', 69260, 1, 2935, 179),
(495, '1	', 'जिम उपकरण क्रय करने ', 131000, 1, 2941, 179),
(496, '1	', 'जीम समाग्री', 52140, 1, 2930, 179),
(497, '1	', 'खेल समाग्री	', 199210, 1, 2931, 147),
(498, '1	', 'जिम सामाग्री उपकरण ', 45120, 1, 2943, 147),
(499, '1	', 'जीम उपकरण समाग्री', 98780, 1, 2934, 142),
(500, '01	', 'जिम उपकरण समाग्री', 156750, 1, 2929, 142),
(501, '1	', 'जिम सामाग्री ', 21812, 1, 2948, 142),
(502, '1', 'जिम सामाग्री ', 30560, 1, 2949, 179),
(503, '1', 'जिम सामाग्री ', 79000, 1, 2950, 147),
(504, '1	', 'जिम सामाग्री ', 52140, 2, 2951, 179),
(505, '1	', 'साईज बोल्‍डर	', 12, 1, 3395, 3),
(506, '2	', 'रेत	', 600, 1, 3395, 3),
(507, '3', 'पेवर कलर्स	', 16, 1, 3395, 3),
(508, '4	', '40.00 mm मेटल', 1900, 1, 3395, 3),
(509, '5	', '20.00 mm मेटल', 2100, 1, 3395, 3),
(510, '6	', 'सीमेन्‍ट', 315, 1, 3395, 3),
(511, '7	', '40.00 mm हाथ तोडी	', 1300, 1, 3395, 3),
(512, '4	', '40.00 mm मेटल', 1900, 1, 3395, 3),
(513, '3', 'पेवर कलर्स	', 16, 1, 3395, 3),
(514, '2	', 'रेत	', 600, 1, 3395, 3),
(515, '1	', 'साईज बोल्‍डर	', 12, 1, 3395, 3),
(516, '5	', '20.00 mm मेटल', 2100, 1, 3395, 3),
(517, '6	', 'सीमेन्‍ट', 315, 1, 3395, 3),
(518, '7	', '40.00 mm हाथ तोडी	', 1300, 1, 3395, 3),
(519, '1	', 'साईज बोल्‍डर	 ', 12, 18000, 3402, 3),
(520, '2	', 'रेत	', 600, 250, 3402, 3),
(521, '3	', 'पेवर्स कलर्स	', 16, 16000, 3402, 3),
(522, '4	', '40.00 एम.एम. मेटल	', 1900, 24, 3402, 3),
(523, '5	', '2	0.00 एम.एम. मेटल	', 2100, 32, 3402, 3),
(524, '6	', 'सीमेन्‍ट	', 315, 480, 3402, 3),
(525, '7	', '40.00 हाथ थोडी', 1300, 24, 3402, 3),
(526, '1	', 'सीमेंट चेयर	', 5200, 19, 3418, 166),
(527, '1	', 'सीमेण्‍ट चेयर	', 4900, 25, 3425, 30),
(528, '1', 'सीमेंट चेयर ', 5225, 30, 3477, 166),
(529, '1', 'सीमेंट चेयर ', 5225, 30, 3477, 166),
(530, '1', 'जीम समाग्री	', 48620, 1, 3476, 147),
(531, '1	', 'सीमेंट चेयर ', 4950, 10, 3475, 30),
(532, '1', 'सीमेंट चेयर ', 5225, 30, 3478, 166),
(533, '1	', '4 स्‍टेशन मल्‍टी जिम	', 51800, 10, 3479, 147),
(534, '2	', 'बिग राड	', 842, 50, 3479, 147),
(535, '3	', 'स्‍माल राड ', 653, 50, 3479, 147),
(536, '4', 'डिप सेट ', 468, 30, 3479, 147),
(537, '5	', 'प्‍लेट 10 कि0ग्राम	', 634, 60, 3479, 147),
(538, '6	', 'प्‍लेट 7.5 कि0ग्राम	', 478, 60, 3479, 147),
(539, '7	', 'प्‍लेट 5 कि0ग्राम	', 326, 60, 3479, 147),
(540, '8', 'डम्‍बल 20	सेट ', 518, 20, 3479, 147),
(541, '9	', 'डम्‍बल सेट ', 425, 20, 3479, 147),
(542, '10	', 'डम्‍बल12  नग', 330, 20, 3479, 147),
(543, '11	', 'प्‍लेट 20 पौड ', 545, 200, 3479, 147),
(544, '12	', 'प्‍लेट 15 पौड ', 447, 150, 3479, 147),
(545, '13	', 'प्‍लेट 16 पौड	', 345, 150, 3479, 147),
(546, '1	', '4 स्‍टेशन मल्‍टी जिम	', 0, 10, 3479, 147),
(547, '2	', 'बिग राड	', 842, 50, 3479, 147),
(548, '3	', 'स्‍माल राड ', 653, 50, 3479, 147),
(549, '4', 'डिप सेट ', 468, 30, 3479, 147),
(550, '5	', 'प्‍लेट 10 कि0ग्राम	', 634, 60, 3479, 147),
(551, '6	', 'प्‍लेट 7.5 कि0ग्राम	', 478, 60, 3479, 147),
(552, '7	', 'प्‍लेट 5 कि0ग्राम	', 326, 60, 3479, 147),
(553, '8', 'डम्‍बल 20	सेट ', 518, 20, 3479, 147),
(554, '9	', 'डम्‍बल सेट ', 425, 20, 3479, 147),
(555, '10	', 'डम्‍बल12  नग', 330, 20, 3479, 147),
(556, '11	', 'प्‍लेट 20 पौड ', 545, 200, 3479, 147),
(557, '12	', 'प्‍लेट 15 पौड ', 447, 150, 3479, 147),
(558, '13	', 'प्‍लेट 16 पौड	', 345, 150, 3479, 147),
(559, '1	', '4 स्‍टेशन मल्‍टी जिम ', 51800, 10, 3480, 179),
(560, '1', 'ग्रेनाईट पत्‍थर	', 49550, 1, 3499, 40),
(561, '1', 'माेनो	', 49000, 1, 3500, 40),
(562, '1	', 'जय स्‍तंभ में मोनो प्रदाय एवं स्‍थापना ', 49000, 1, 3502, 40),
(563, '1	', 'गार्डन चेयर ', 3800, 10, 3540, 74),
(564, '1', 'सीमेंट चेयर', 5100, 1, 3564, 166),
(565, '2', 'सीविंग	', 22950, 1, 3564, 166),
(566, '3', 'सी सा	', 19950, 1, 3564, 166),
(567, '4', 'बेबी गो अराउंड	', 24900, 1, 3564, 166),
(568, '1', 'सीमेंट टंकी ', 4000, 20, 3567, 166),
(569, '1', 'सलाईडशेट सेट', 31930, 1, 3568, 44),
(570, '2', 'स्‍वींग सेट	', 22850, 1, 3568, 44),
(571, '3', 'सी सा सेट', 19920, 1, 3568, 44),
(572, '4', 'बेबी मेरी गो अराउंड', 24890, 1, 3568, 44),
(573, '1', 'सीमेंट चेयर', 4998, 6, 3569, 166),
(574, '1', 'सीमेंट चेयर ', 4998, 6, 3570, 166),
(575, '3', 'सी सा सेट', 19920, 1, 3568, 44),
(576, '2', 'स्‍वींग सेट	', 22850, 1, 3568, 44),
(577, '1', 'सलाईडशेट सेट', 31930, 1, 3568, 44),
(578, '4', 'बेबी मेरी गो अराउंड', 24890, 1, 3568, 44),
(579, '1', 'सीमेंट टंकी ', 2300, 20, 3567, 166),
(580, '1', 'सीमेंट टंकी ', 2300, 20, 3567, 166),
(581, '1', 'सीमेंट टंकी ', 0, 0, 3567, 166),
(582, '1	', 'सीमेंट टंकी क्रय ', 4000, 20000, 3582, 166),
(583, '1	', 'सीमेंट टंकी क्रय ', 2300, 20, 3582, 166),
(584, '1', 'सीमेंट चेयर', 4950, 10, 3583, 190),
(585, '1', 'सीमेंट चेयर', 4950, 10, 3584, 47),
(586, '1', 'सीमेंट चेयर ', 4998, 20, 3570, 166),
(587, '1', 'वाटर कुलर प्‍युरिफायर ', 65780, 1, 3596, 100),
(588, '1', 'वाटर कुलर फयुरीफायर', 65780, 2, 3597, 100),
(589, '1', 'वाटर कुलर प्‍युरीफायर', 65780, 1, 3598, 188),
(590, '1', 'वाटर कुलर प्‍युरिफायर', 65780, 2, 3600, 100),
(591, '1', 'वाटर कुलर प्‍युरिफायर ', 66000, 2, 3601, 188),
(592, '1', 'सीमेंट चेयर ', 5150, 25, 3606, 166),
(593, '1', 'सीमेंट चेयर', 5000, 10, 3617, 47),
(594, '1', 'सीमेंट चेयर', 4950, 10, 3617, 47),
(595, '1', 'फिसल पटटी', 16000, 1, 3618, 142),
(596, '2', 'प्‍लेटफार्म चेयर', 8500, 1, 3618, 142),
(597, '3', 'प्‍लेटफार्म राउडिंग', 16500, 1, 3618, 142),
(598, '4', 'झुला गार्उन जंपिग', 6000, 1, 3618, 142),
(599, '5', 'जंपिग स्‍टुल', 2900, 1, 3618, 142),
(600, '1', 'सीमेंट चेयर', 4980, 10, 3619, 166),
(601, '1', 'सीमेंट चेयर ', 4980, 10, 3620, 166),
(602, '1', 'सीमेंट चेयर', 4980, 10, 3621, 166),
(603, '1', 'सीमेंट चेयर ', 4950, 10, 3622, 76),
(604, '1', 'मिट़टी फिलिंग ', 250, 150, 3623, 44),
(605, '1', 'फिसल पटटी', 16000, 1, 3624, 142),
(606, '2', 'प्‍लेटफार्म चेयर', 8500, 1, 3624, 142),
(607, '3', 'प्‍लेटफार्म राउडिंग', 16500, 1, 3624, 142),
(608, '4', 'झुला गार्डन जंपिंग', 6000, 1, 3624, 142),
(609, '5', 'जंपिंग स्‍टुल', 2900, 1, 3624, 142),
(610, '1', 'वाटर कुलर ', 65780, 1, 3628, 100),
(611, '1', 'फिसल पटटी', 1, 16000, 3636, 142),
(612, '2', 'प्‍लेट फार्म चेयर', 1, 8000, 3636, 142),
(613, '3', 'प्‍लेट फार्म राउडिंग', 1, 16250, 3636, 142),
(614, '4', 'झूला गार्डन जम्‍मपिंग', 1, 6000, 3636, 142),
(615, '5', 'जम्‍मपिंग स्‍टूल', 1, 3000, 3636, 142),
(616, '1', 'Wt.Lt. plate 20 number cost iron', 578, 12, 3638, 147),
(617, '2', 'Wt.Lt. plate 15 number cost iron', 482, 12, 3638, 147),
(618, '3', 'Wt.Lt. plate 10 number cost iron', 390, 14, 3638, 147),
(619, '4', 'Dips Stand', 465, 3, 3638, 147),
(620, '5', 'Doumbal Rod', 255, 4, 3638, 147),
(621, '6', 'Wt.Lt. Rod Med. Size', 880, 2, 3638, 147),
(622, '7', 'Wt.Lt. Rod Big Size', 930, 2, 3638, 147),
(623, '8', 'Wt.Lt. Rod Small Size', 780, 2, 3638, 147),
(624, '9', 'Curl Rod Med. Size', 965, 2, 3638, 147),
(625, '10', 'Curl Rod Big Size', 1150, 2, 3638, 147),
(626, '11', 'Rubber plate 1 Kg.', 64, 10, 3638, 147),
(627, '12', 'Rubber plate 2 Kg.', 130, 10, 3638, 147),
(628, '13', 'Rubber plate 3 Kg.', 195, 10, 3638, 147),
(629, '14', 'Rubber plate 4 Kg.', 260, 10, 3638, 147),
(630, '15', 'Rubber plate 5 Kg.', 325, 10, 3638, 147),
(631, '16', 'Rubber plate 7.5 Kg.', 490, 10, 3638, 147),
(632, '17', 'Rubber plate 10 Kg.', 660, 6, 3638, 147),
(633, '1', 'Wt.Lt. plate 20 number cost iron', 578, 12, 3639, 147),
(634, '2', 'Wt.Lt. plate 15 number cost iron', 482, 12, 3639, 147),
(635, '3', 'Wt.Lt. plate 10 number cost iron', 390, 14, 3639, 147),
(636, '4', 'Dips Stand', 465, 3, 3639, 147),
(637, '5', 'Doumbal Rod', 255, 4, 3639, 147),
(638, '6', 'Wt.Lt. Rod Med. Size', 880, 2, 3639, 147),
(639, '7', 'Wt.Lt. Rod Big Size', 930, 2, 3639, 147),
(640, '8', 'Wt.Lt. Rod Small Size', 780, 2, 3639, 147),
(641, '9', 'Curl Rod Med. Size', 965, 2, 3639, 147),
(642, '10', 'Curl Rod Big Size', 1150, 2, 3639, 147),
(643, '11', 'Rubber plate 1 Kg.', 64, 10, 3639, 147),
(644, '12', 'Rubber plate 2 Kg.', 130, 10, 3639, 147),
(645, '13', 'Rubber plate 3 Kg.', 195, 10, 3639, 147),
(646, '14', 'Rubber plate 4 Kg.', 260, 10, 3639, 147),
(647, '15', 'Rubber plate 5 Kg.', 325, 10, 3639, 147),
(648, '16', 'Rubber plate 5 Kg.', 490, 10, 3639, 147),
(649, '17', 'Rubber plate 10 Kg.', 660, 6, 3639, 147),
(650, '13', 'Rubber plate 3 Kg.', 195, 10, 3639, 147),
(651, '12', 'Rubber plate 2 Kg.', 130, 10, 3639, 147),
(652, '11', 'Rubber plate 1 Kg.', 64, 10, 3639, 147),
(653, '10', 'Curl Rod Big Size', 1150, 2, 3639, 147),
(654, '9', 'Curl Rod Med. Size', 965, 2, 3639, 147),
(655, '8', 'Wt.Lt. Rod Small Size', 780, 2, 3639, 147),
(656, '7', 'Wt.Lt. Rod Big Size', 930, 2, 3639, 147),
(657, '6', 'Wt.Lt. Rod Med. Size', 880, 2, 3639, 147),
(658, '5', 'Doumbal Rod', 255, 4, 3639, 147),
(659, '4', 'Dips Stand', 465, 3, 3639, 147),
(660, '3', 'Wt.Lt. plate 10 number cost iron', 390, 14, 3639, 147),
(661, '2', 'Wt.Lt. plate 15 number cost iron', 482, 12, 3639, 147),
(662, '1', 'Wt.Lt. plate 20 number cost iron', 578, 12, 3639, 147),
(663, '14', 'Rubber plate 4 Kg.', 260, 10, 3639, 147),
(664, '15', 'Rubber plate 5 Kg.', 325, 10, 3639, 147),
(665, '16', 'Rubber plate 5 Kg.', 490, 10, 3639, 147),
(666, '17', 'Rubber plate 10 Kg.', 660, 6, 3639, 147),
(667, '13', 'Rubber plate 3 Kg.', 195, 10, 3639, 147),
(668, '12', 'Rubber plate 2 Kg.', 130, 10, 3639, 147),
(669, '11', 'Rubber plate 1 Kg.', 64, 10, 3639, 147),
(670, '10', 'Curl Rod Big Size', 1150, 2, 3639, 147),
(671, '9', 'Curl Rod Med. Size', 965, 2, 3639, 147),
(672, '8', 'Wt.Lt. Rod Small Size', 780, 2, 3639, 147),
(673, '7', 'Wt.Lt. Rod Big Size', 930, 2, 3639, 147),
(674, '6', 'Wt.Lt. Rod Med. Size', 880, 2, 3639, 147),
(675, '5', 'Doumbal Rod', 255, 4, 3639, 147),
(676, '4', 'Dips Stand', 465, 3, 3639, 147),
(677, '3', 'Wt.Lt. plate 10 number cost iron', 390, 14, 3639, 147),
(678, '2', 'Wt.Lt. plate 15 number cost iron', 482, 12, 3639, 147),
(679, '1', 'Wt.Lt. plate 20 number cost iron', 578, 12, 3639, 147),
(680, '14', 'Rubber plate 4 Kg.', 260, 10, 3639, 147),
(681, '15', 'Rubber plate 5 Kg.', 325, 10, 3639, 147),
(682, '16', 'Rubber plate 5 Kg.', 490, 10, 3639, 147),
(683, '17', 'Rubber plate 10 Kg.', 660, 6, 3639, 147),
(684, '1', 'सीमेंट चेयर', 4980, 10, 3640, 166),
(685, '1', '1 एच पी मगरमच्‍छ पंप', 11500, 2, 3642, 28),
(686, '2', '4 एम एम 3 कोर केबल', 210, 20, 3642, 28),
(687, '3', 'पेनल बोर्ड र्स्‍टाटर', 2500, 2, 3642, 28),
(688, '4', 'मेन स्‍वीच बोर्ड कम्‍पलीट', 600, 2, 3642, 28),
(689, '5', 'गार्डन पाइप पी वी सी', 75.8, 200, 3642, 28),
(690, '1', 'फिसल पट़टी ', 16000, 1, 3643, 142),
(691, '2', 'प्‍लेट फार्म चेयर', 8000, 1, 3643, 142),
(692, '3', 'प्‍लेटफार्म राउडिंग ', 16250, 1, 3643, 142),
(693, '4', 'झूला गार्डन जम्‍मपिंग', 6000, 1, 3643, 142),
(694, '5', 'जम्‍मपिंग स्‍टूल', 3000, 1, 3643, 142),
(695, '1', '1 एच पी ओपन वेल पम्‍प फोर्स फिटिंग कार्य सहित', 1, 11500, 3644, 24),
(696, '2', '4 एम एम केेबल  3 कोर', 20, 210, 3644, 24),
(697, '3', 'पेनल बोर्ड र्स्‍टाटर', 2500, 1, 3644, 24),
(698, '4', 'मेन स्‍वीच बोर्ड कम्‍पलीट फिटिंग स‍हित', 600, 1, 3644, 24),
(699, '5', '20 एम एम पी वी सी गार्डन पाईप', 60, 150, 3644, 24),
(700, '1', 'बजरी', 550, 16, 3649, 19),
(701, '2', 'डस्‍ट', 400, 16, 3649, 19),
(702, '3', 'सब्‍ब्‍ाल', 750, 3, 3649, 19),
(703, '4', 'रैन कोट', 700, 25, 3649, 19),
(704, '1', 'गिटटी ', 3000, 1, 3650, 19),
(705, '2', 'रेती', 4500, 1, 3650, 19),
(706, '3', 'सीमेंट', 320, 50, 3650, 19),
(707, '4', 'छड्', 70, 100, 3650, 19),
(708, '5', 'बाइडिंग तार', 60, 3, 3650, 19),
(709, '1', 'रेत', 4500, 1, 3651, 19),
(710, '2', 'खाली सीमेंट बोरी', 3, 500, 3651, 19),
(711, '3', 'सूतली', 80, 4, 3651, 19),
(712, '4', 'टार्च', 500, 1, 3651, 19),
(713, '5', 'गैंती', 300, 3, 3651, 19),
(714, '6', 'फावडा', 300, 3, 3651, 19),
(715, '1', 'सीमेंट चेयर', 10, 4980, 3656, 91),
(716, '1', 'सीमेंट चेयर', 4950, 10, 3657, 190),
(717, '1', '4 स्‍टेशन मल्‍टी जिम', 49890, 1, 3663, 147),
(718, '2', 'ए बी प्रो', 6515, 1, 3663, 147),
(719, '3', 'एक्‍सर साईज साईकल', 6370, 1, 3663, 147),
(720, '4', 'बेंच प्रेस हैवी', 7610, 1, 3663, 147),
(721, '5', 'वेट लिफटिंग राड बडा', 965, 2, 3663, 147),
(722, '6', 'वेट लिफटिंग राड मीडियम', 880, 2, 3663, 147),
(723, '7', 'वेट लिफटिंग राड छोटा', 780, 2, 3663, 147),
(724, '8', 'कर्ल राड बडा', 1210, 1, 3663, 147),
(725, '9', 'कर्ल राड मीडियम', 980, 1, 3663, 147),
(726, '10', 'रबर प्‍लेट 1 कि ग्रा', 64, 6, 3663, 147),
(727, '11', 'रबर प्‍लेट 2 कि ग्रा', 130, 6, 3663, 147),
(728, '12', 'रबर प्‍लेट 3 कि ग्रा', 195, 8, 3663, 147),
(729, '13', 'रबर प्‍लेट 4 कि ग्रा', 260, 8, 3663, 147),
(730, '14', 'रबर प्‍लेट 5 कि ग्रा', 325, 8, 3663, 147),
(731, '15', 'वेट लिफटिंग प्‍लेट 20 नं0', 580, 6, 3663, 147),
(732, '16', 'वेट लिफटिंग प्‍लेट 15 नं0', 485, 6, 3663, 147),
(733, '17', 'वेट लिफटिंग प्‍लेट 10 नं0', 392, 6, 3663, 147),
(734, '18', 'वेट लिफटिंग प्‍लेट 16 नं0', 470, 2, 3663, 147),
(735, '19', 'डबल कास्‍ट आयरन 20 नं0', 495, 2, 3663, 147),
(736, '20', 'डबल कास्‍ट आयरन 20 नं0', 708, 2, 3663, 147),
(737, '21', 'डिप्‍स स्‍टैण्‍ड', 470, 2, 3663, 147),
(738, '1', 'सीमेंट कुर्सी', 4900, 15, 3665, 30),
(739, '1', 'स्‍टील कुर्सी', 9800, 25, 3666, 21),
(740, '1', 'वाटर कुलर उषा श्रीराम माॅडल एस पी 150/150', 49990, 1, 3671, 100),
(741, '2', 'वाटर कुलर उषा श्रीराम माॅडल एस एस 150/150', 55490, 1, 3671, 100),
(742, '3', 'वाटर प्‍युरिफायर यूरोका फोब्‍स ', 9790, 1, 3671, 100),
(743, '4', 'प्‍लबिंग कार्य और विधुत कार्य सभी मटेरियल सहित', 6200, 1, 3671, 100),
(744, '5', 'केबिन वाटर कुलर हेतु (जाली) लोहा फ्रेम साईज 3/2/1/8', 9800, 1, 3671, 100),
(745, '1', 'सीमेंट चेयर', 4950, 10, 3672, 190),
(746, '1', 'सीमेंट कुर्सी', 4900, 10, 3677, 30),
(747, '1', 'वेट लिफटिंग प्‍लेट 20 नं0', 600, 12, 3679, 166),
(748, '2', 'वेट लिफटिंग प्‍लेट 15 नं0', 500, 12, 3679, 166),
(749, '3', 'वेट लिफटिंग प्‍लेट 10 नं0', 400, 14, 3679, 166),
(750, '4	', 'डिप्‍स स्‍टैंड	', 500, 3, 3679, 166),
(751, '5', 'रबर प्‍लेट 1 कि0ग्रा0', 66, 10, 3679, 166),
(752, '6', 'रबर प्‍लेट 2 कि0ग्रा0', 132, 10, 3679, 166),
(753, '7', 'रबर प्‍लेट 3 कि0ग्रा0', 198, 10, 3679, 166),
(754, '8', 'रबर प्‍लेट 4 कि0ग्रा0', 264, 10, 3679, 166),
(755, '9', 'रबर प्‍लेट 5 कि0ग्रा0', 330, 10, 3679, 166);
INSERT INTO `bid_non_sor` (`item_id`, `item_name`, `Description`, `cost`, `qty`, `work_id`, `contractor_id`) VALUES
(756, '10', 'रबर प्‍लेट 7-5 कि0ग्रा0', 495, 10, 3679, 166),
(757, '11', 'रबर प्‍लेट 10 कि0ग्रा0', 660, 6, 3679, 166),
(758, '12', 'डबल राड', 268, 4, 3679, 166),
(759, '13', 'वेट लि‍फटिंग राड बडा', 1000, 2, 3679, 166),
(760, '14', 'वेट लि‍फटिंग मीडियम राड', 900, 2, 3679, 166),
(761, '15', 'वेट लि‍फटिंग राड छोटा', 800, 2, 3679, 166),
(762, '16', 'कर्ल राड मिडियम', 1000, 2, 3679, 166),
(763, '17', 'कर्ल राड बडा ', 1200, 2, 3679, 166),
(764, '1', 'सीमेंट चेयर', 4800, 12, 3680, 82),
(765, '1', 'डुमस कम्‍लीट सेट सहित 45 वोल्‍ट', 985, 30, 3686, 28),
(766, '2', 'सीएफएल बल्‍ब 85 वोल्‍ट ', 900, 15, 3686, 28),
(767, '3', '3/20 कापर वायर 2 बंडल', 950, 2, 3686, 28),
(768, '4', 'मेटल बल्‍ब 250 वोल्‍ट ', 1290, 10, 3686, 28),
(769, '5', 'इग्‍नेटर चोक ', 400, 8, 3686, 28),
(770, '6', 'स्‍टील ग्रीप टेप 2 बंडल', 450, 2, 3686, 28),
(771, '7', 'रबर टेप 3 बंडल', 400, 3, 3686, 28),
(772, '8', 'सीएफएल बल्‍ब 45 वोल्‍ट', 620, 15, 3686, 28),
(773, '9', 'फिटिंग चार्ज मम्‍प्‍लीट', 6000, 1, 3686, 28),
(774, '1', 'Providing and fixing of fixed decorative comfertable chair, suitable for Indoor and out door condition with all accessories required to make it comfertable for used.', 3069, 800, 3693, 7),
(775, '1	', 'Sharp Pressur Roller ', 1, 5016, 3696, 203),
(776, '2', 'Lower Guide for Sharp ', 2, 1824, 3696, 203),
(777, '3', 'Flage CFleg for sharp ', 1, 855, 3696, 203),
(778, '4', 'sharp HVPS Bord for Sharp (Dtaa Center)', 1, 14820, 3696, 203),
(779, '4', 'Serviceeing', 2, 800, 3696, 203),
(780, '1	', 'वार्ड नं.19 दिग्विजय स्‍टेडियम में  15 अगस्‍त 2014 हेतु बैठक पड्ाल व्‍यवस्‍था ा ', 1, 1154930, 3698, 161),
(781, '1', 'सीमेंट चेयर', 5250, 10, 3704, 73),
(782, '1', 'सीमेंट चेयर', 5250, 10, 3704, 73),
(783, '1', 'सीमेंट  चेयर', 5250, 10, 3705, 73),
(784, '1', 'Computer Fundamentals MS Office  & Internet ( VTP Seector, M.S Office & Internet  MES Code) : ICT 101)', 31, 3860, 3707, 204),
(785, '2', 'TAlly (VTP Sector Tally MES Code ICT 1', 75, 5390, 3707, 204),
(786, '1	', 'गणेश विसर्जन सांसद महोदय बैठक पड्ाल व्‍यवस्‍था  कम्‍पलीट सेट ', 1, 76270, 3708, 161),
(787, '1', 'बैठक पंडाल व्‍यवस्‍थ कम्‍पलीट सेट ', 1, 86870, 3709, 161),
(788, '1', 'गणेश विसर्जन कलेक्‍टर महोदय हेतु बसंतपुर थाना बैठक एवं पंडाल व्‍यवस्‍था ा  02 दिनों के लिए ', 1, 87952, 3710, 161),
(789, '1	', 'गणेश विसर्जन कलेक्‍टर महोदय हेतु बसंतपुर थाना बैठक एवं पंडाल व्‍यवस्‍था ा 02 दिनों का ', 1, 23460, 3711, 161),
(790, '1	', 'गणेश  विसर्जन हेतु बैठक  व पडाल व्‍यवस्‍था  कम्‍पलीट ', 1, 26460, 3712, 161),
(791, '1	', 'बूढासागर  एवं चौपाटी में पडाल व्‍यवस्‍था कम्‍पली', 1, 7515, 3714, 161),
(792, '2	', 'याताया नगर में व़क्षारोपण कार्यक्रम बैठक एवं पडाल व्‍यवस्‍था ', 1, 17230, 3714, 161),
(793, '3	', 'स्‍टेशन रोड में टाकाघर निलाी में कुर्सी एवं कन्‍टेनर व्‍यवस्‍था ', 1, 2400, 3714, 161),
(794, '4	', 'सामान्‍य सभा बैठक एवं पडाल व्‍यवस्‍था ', 1, 16470, 3714, 161),
(795, '1	', 'DGS&D Rate Contract  Acer Core 13 Deskto p ACer 18.5" Tft+  Vate Tax ', 38325, 3, 3724, 205),
(796, '2', '', 0, 0, 3724, 205),
(797, '1	', 'weight lif.plate 20 no cost iron\r\n\r\n\r\n', 600, 12, 3732, 166),
(798, '2', 'weight lif.plate 15 no cost iron', 500, 12, 3732, 166),
(799, '3', 'weight lif.plate 10 no cost iron', 400, 14, 3732, 166),
(800, '4', 'dips stand', 500, 3, 3732, 166),
(801, '5', 'rabber plate 10 kg', 660, 6, 3732, 166),
(802, '6', 'rabber plate 5 kg', 330, 10, 3732, 166),
(803, '7', 'dubber rod\r\n', 268, 4, 3732, 166),
(804, '8', 'weight lif. rod med. size', 900, 2, 3732, 166),
(805, '9', 'weight lif. rod big size', 1000, 2, 3732, 166),
(806, '10', 'gril rod small. size', 800, 2, 3732, 166),
(807, '11', 'gril rod med.size', 1000, 2, 3732, 166),
(808, '12', 'gril rod big.size', 1200, 2, 3732, 166),
(809, '13', 'rubber  plate 01 kg', 66, 10, 3732, 166),
(810, '14', 'rubber  plate 02 kg', 132, 10, 3732, 166),
(811, '15', 'rubber  plate 03 kg', 198, 10, 3732, 166),
(812, '16', 'rubber  plate 04 kg', 264, 10, 3732, 166),
(813, '17', 'rubber  plate 05 kg', 495, 10, 3732, 166),
(814, '1	', 'क्‍वार नवरात्रि पडांल बैठक व्‍यवस्‍था', 1201410, 1, 3736, 161),
(815, '1	', '16 स्‍टेशन जिम	', 249800, 1, 3756, 179),
(816, '1	', '8 स्‍टेशन मल्‍टी जिम	', 110000, 1, 3773, 142),
(817, '2	', 'वेट लिफटींग राड बडा', 1000, 3, 3773, 142),
(818, '3	', 'वेट लिफटींग राड मध्‍यम', 900, 3, 3773, 142),
(819, '4	', 'वेट लिफटींग राड छोटा', 800, 2, 3773, 142),
(820, '5	', 'कर्ल राड बडा', 1300, 1, 3773, 142),
(821, '6	', 'कर्ल राड मध्‍यम	', 1070, 1, 3773, 142),
(822, '7	', 'रबर प्‍लेट 1 किलोग्राम', 65, 8, 3773, 142),
(823, '8	', 'रबर प्‍लेट 2 किलोग्राम', 130, 8, 3773, 142),
(824, '9	', 'रबर प्‍लेट 3 किलोग्राम', 202, 8, 3773, 142),
(825, '10	', 'रबर प्‍लेट 5 किलोग्राम', 330, 8, 3773, 142),
(826, '11	', 'रबर प्‍लेट 8 किलोग्राम', 528, 6, 3773, 142),
(827, '12	', 'रबर प्‍लेट 10 किलोग्राम', 660, 6, 3773, 142),
(828, '13	', 'बेच प्रेस ', 7990, 1, 3773, 142),
(829, '14	', 'ए.बी. किंग प्रो.	', 6660, 1, 3773, 142),
(830, '15	', 'डिप्‍स स्‍टैंड	', 500, 2, 3773, 142),
(831, '16	', 'डबल राड	', 300, 6, 3773, 142),
(832, '1	', 'स्‍लाईड वोट प्रति नग	', 31950, 1, 3919, 166),
(833, '2	', 'स्‍वीग सेट प्रति नग	', 22850, 1, 3919, 166),
(834, '3	', 'सी एप. प्रति नग	', 19920, 1, 3919, 166),
(835, '4	', 'बेबी गो राउड प्रति नग	', 24890, 1, 3919, 166),
(836, '1	', 'लकडी का बत्‍ता सराई प्रजाति	', 3950, 6, 3927, 24),
(837, '2	', 'डील बक्‍सा	', 40, 20, 3927, 24),
(838, '3	', '2 खीला	', 200, 7, 3927, 24),
(839, '4	', 'परदा,साटनख्‍कपडा रिंग बाक्‍स स‍हित	वर्ग फिट में ', 175, 130, 3927, 24),
(840, '1	', 'कुर्सी क्रय	', 9980, 15, 3933, 21),
(841, '1', 'टिमिक्‍स पद्धति से पी.सी.सी.  वर्ग मीटर ', 8196, 6, 3970, 213),
(842, '1	', 'लोहे की जाली	', 90, 476, 3971, 223),
(843, '1	', 'कुआं मे लोहे की जाली	', 90, 272, 3972, 223),
(844, '1	', 'कुआं मे लोहे की जाली	', 90, 612, 3973, 223),
(845, '1	', 'सीमेंट चेयर	', 4950, 9, 3974, 49),
(846, '1', 'सीमेंट चेयर	', 4950, 10, 3981, 190),
(847, '1', 'फलैक्‍स	', 13.65, 3660, 3995, 24),
(848, '1	', 'पंडाल बैठक व्‍यवस्‍था	', 17230, 1, 3996, 161),
(849, '1', 'बैठक पंडाल ', 16470, 1, 3997, 161),
(850, '1', 'कुर्सी / कंटेनर	', 2400, 1, 3998, 161),
(851, '1', 'पंडाल व्‍यवस्‍था', 7515, 1, 3999, 161),
(852, '1', 'सीमेंट चेयर	', 4980, 10, 4001, 166),
(853, '1	', 'सीमेंट चेयर	', 4980, 10, 4002, 166),
(854, '1	', 'सीमेंट चेयर	', 4950, 10, 4003, 47),
(855, '1	', 'सीमेंट चेयर	', 4950, 10, 4004, 194),
(856, '1	', 'सीमेंट चेयर	', 4980, 4, 4005, 166),
(857, '1	', '4 स्‍टेशन मल्‍टी जिम	', 49890, 1, 4009, 147),
(858, '1	', 'ब्रिग्‍स वर्क, प्‍लास्‍टर, प्‍लम्बिंग वर्क एवं वाटर टैंक आदि	 ', 28500, 1, 4010, 206),
(859, '1	', 'बेचप्रेस	', 7630, 2, 4011, 147),
(860, '2	', 'वेट लिफटींग राड छोटा	', 784, 2, 4011, 147),
(861, '3	', 'वेट लिफटींग राड मिडियम	', 886, 2, 4011, 147),
(862, '4	', 'वेट लिफटींग राड बडा	', 975, 2, 4011, 147),
(863, '5	', 'कर्ल राड छोटा', 880, 1, 4011, 147),
(864, '6	', 'कर्ल राड मीडियम', 977, 1, 4011, 147),
(865, '7	', 'डिप्‍स स्‍टैंड	', 465, 2, 4011, 147),
(866, '8	', '3 के.जी. वेट लिफटिंग	 प्‍लेट', 555, 4, 4011, 147),
(867, '9	', '4 के.जी. वेट लिफटिंग		 प्‍लेट', 740, 4, 4011, 147),
(868, '10	', '5	 के.जी. वेट लिफटिंग		 प्‍लेट', 920, 6, 4011, 147),
(869, '11	', '10	 के.जी. वेट लिफटिंग		 प्‍लेट', 1830, 6, 4011, 147),
(870, '12	', ' 3 के.जी. डबल		 प्‍लेट', 560, 2, 4011, 147),
(871, '13	', '4 के.जी. डबल प्‍लेट	', 750, 2, 4011, 147),
(872, '14	', 'डबल राड हैवी	', 350, 2, 4011, 147),
(873, '1	', '4 स्‍टेशन मल्‍टी जिम	', 49000, 1, 4013, 142),
(874, '2	', 'जागर	', 10000, 1, 4013, 142),
(875, '3	', 'सायकिल	', 6500, 1, 4013, 142),
(876, '4	', 'बेचप्रेस	', 9000, 1, 4013, 142),
(877, '5	', 'एबकिंग प्रो	', 7000, 1, 4013, 142),
(878, '6	', 'ओलपिंक राड मीडियम	', 4000, 1, 4013, 142),
(879, '7	', 'ओलपिंक राड मीडियम	', 900, 4, 4013, 142),
(880, '8	', 'डिप्‍स स्‍टैंड	', 300, 4, 4013, 142),
(881, '9', 'डबल राड ', 300, 4, 4013, 142),
(882, '10	', '2 किलोग्राम रबर प्‍लेट	', 170, 10, 4013, 142),
(883, '11', '3 किलोग्राम रबर प्‍लेट	', 170, 10, 4013, 142),
(884, '12	', '4	 किलोग्राम रबर प्‍लेट	', 170, 10, 4013, 142),
(885, '13	', '5	 किलोग्राम रबर प्‍लेट	', 170, 10, 4013, 142),
(886, '14	', 'कालर राड बडा	', 800, 2, 4013, 142),
(887, '1	', '8 स्‍टेशन जिम	', 110000, 1, 4014, 142),
(888, '2	', 'मैनुल जागर	', 10000, 1, 4014, 142),
(889, '1	', '4 स्‍टेशन मल्‍टी जिम	', 49000, 1, 4015, 142),
(890, '2 ', 'जागर	', 10000, 1, 4015, 142),
(891, '3	', 'एक्‍सर साईज सायकिल	', 6500, 1, 4015, 142),
(892, '4	', 'बेचप्रेस	', 9000, 1, 4015, 142),
(893, '5	', 'एबकिंग प्रो	', 7000, 1, 4015, 142),
(894, '6	', 'ओलपिक राड बडा	', 1000, 4, 4015, 142),
(895, '7	', 'ओलपिक राड मिडियम	', 900, 4, 4015, 142),
(896, '8	', 'डिप्‍स स्‍टैंड	', 300, 4, 4015, 142),
(897, '9	', 'डबल राड	', 300, 4, 4015, 142),
(898, '10	', '2 किलो रबर प्‍लेट', 170, 10, 4015, 142),
(899, '11	', '3	 किलो रबर प्‍लेट', 170, 10, 4015, 142),
(900, '12	', '4	 किलो रबर प्‍लेट', 170, 10, 4015, 142),
(901, '13	', '5	 किलो रबर प्‍लेट', 170, 10, 4015, 142),
(902, '14	', 'कालर राड बडा ', 800, 2, 4015, 142),
(903, '1	', 'सीमेंट चेयर	', 4980, 10, 4016, 165),
(904, '1	', 'सीमेंट चेयर	', 4980, 1, 4017, 165),
(905, '1	', 'बेचप्रेस	', 7630, 2, 4018, 147),
(906, '2	', 'वेट लिफटींग राड मोटा	', 784, 2, 4018, 147),
(907, '3	', 'वेट लिफटींग राड मीडियम	', 886, 2, 4018, 147),
(908, '4	', 'वेट लिफटींग राड बडा		', 975, 2, 4018, 147),
(909, '5	', 'कर्ल राड छोटा	', 880, 1, 4018, 147),
(910, '6	', 'कर्ल राड मीडियम	', 977, 1, 4018, 147),
(911, '7	', 'डिप्‍सस्‍टैंड	', 465, 2, 4018, 147),
(912, '8	', 'रबर प्‍लेट 1 कि.ग्रा.', 64, 8, 4018, 147),
(913, '9	', 'रबर प्‍लेट 2 कि.ग्रा.', 130, 8, 4018, 147),
(914, '10	', 'रबर प्‍लेट 3	 कि.ग्रा.', 195, 8, 4018, 147),
(915, '11	', 'रबर प्‍लेट 4	 कि.ग्रा.', 260, 10, 4018, 147),
(916, '12	', 'रबर प्‍लेट 5 कि.ग्रा.', 325, 10, 4018, 147),
(917, '13	', '16 नं. डबल कास्‍ट आयरन', 475, 2, 4018, 147),
(918, '14	', '20	 नं. डबल कास्‍ट आयरन', 590, 2, 4018, 147),
(919, '15	', '25	 नं. डबल कास्‍ट आयरन', 700, 2, 4018, 147),
(920, '16	', '10 नं. वे. लि. प्‍लेट कास्‍ट आयरन', 380, 8, 4018, 147),
(921, '17	', '15	 नं. वे. लि. प्‍लेट कास्‍ट आयरन', 480, 8, 4018, 147),
(922, '18	', '20	 नं. वे. लि. प्‍लेट कास्‍ट आयरन', 580, 8, 4018, 147),
(923, '19 ', 'डबल राड हैवी	', 350, 2, 4018, 147),
(924, '1	', 'चेयर ', 1600, 1, 4026, 161),
(925, '1	', 'पंडाल बैठक व्‍यवस्‍था	', 219778, 1, 4025, 161),
(926, '1	', 'पंडाल बैैठक व्‍यवस्‍था', 51615, 1, 4027, 161),
(927, '1', 'टिमिक्‍स पद्धति से पी.सी.सी.  वर्ग मीटर ', 8196, 6, 3970, 213),
(928, '1	', 'सीमेंट चेयर	', 4950, 10, 4028, 190),
(929, '1	', 'बैठक पंडाल व्‍यवस्‍था	', 11640, 1, 4029, 161),
(930, '1', 'बैठक पंडाल	', 56188, 1, 4031, 161),
(931, '1', 'बैठक पंडाल ', 18075, 1, 4032, 161),
(932, '1', 'बैठक पंडाल व्‍यवस्‍था	', 5322, 1, 4033, 161),
(933, '1	', 'वाटर कुलर ', 76000, 1, 4034, 100),
(934, '1	', 'वाटर कुलर प्‍युरिफायर ', 75780, 2, 4035, 100),
(935, '2	', 'वाटर प्‍यरिफायर', 9790, 2, 4035, 100),
(936, '1', 'वाटर कुलर प्‍युरिफायर	', 75780, 1, 4036, 100),
(937, '1	', 'वाटर कुलर प्‍युरिफायर	', 75780, 1, 4037, 188),
(938, '1	', 'वाटर कुलर प्‍युरिफायर', 75780, 3, 4038, 188),
(939, '1', 'वाटर कुलर प्‍युरिफायर	', 75780, 1, 4039, 188),
(940, '1	', 'वाटर कुलर प्‍युरिफायर	', 75780, 1, 4040, 188),
(941, '1	', 'सीमेंट चेयर	', 4980, 8, 4041, 166),
(942, '1	', '4 स्‍टेशन मल्‍टी जिम	', 49000, 1, 4042, 142),
(943, '2	', 'जागर	', 10000, 1, 4042, 142),
(944, '3	', 'सायकिल	', 6500, 1, 4042, 142),
(945, '4	', 'बेचप्रेस	', 9000, 1, 4042, 142),
(946, '5	', 'एबकिंग प्रो	', 7000, 1, 4042, 142),
(947, '6	', 'ओलपिक राड बडा	', 1000, 2, 4042, 142),
(948, '7	', 'ओलपिक राड मीडियम	', 900, 2, 4042, 142),
(949, '8	', 'डिप्‍स स्‍टैण्‍ड	', 300, 4, 4042, 142),
(950, '9	', 'डबल राड	', 300, 6, 4042, 142),
(951, '10	', 'कालर राड बडा	', 800, 2, 4042, 142),
(952, '1	', 'सीमेंट चेयर	', 4950, 10, 4043, 194),
(953, '1	', 'सीमेंट चेयर	', 4980, 10, 4044, 166),
(954, '1	', 'सीमेंट चेयर	', 4980, 6, 4046, 166),
(955, '1	', '21 हुन्‍डई कलर टेलीविजन	', 8500, 1, 4047, 225),
(956, '2	', 'विदधुत कनेक्‍शन	', 700, 1, 4047, 225),
(957, '1	', 'प्‍लाई पार्टिशन	', 1945, 22, 4049, 9),
(958, '1	', 'टवाय टेन का चक्‍का	', 4500, 45, 4062, 215),
(959, '2	', 'रेडियेटर	', 6550, 1, 4062, 215),
(960, '1', '26 जनवरी 2015 में झांकी निर्माण के लिए जनरेटर एवं मोटर व्‍यवस्‍था ा ', 1, 25000, 4064, 24),
(961, '1', '26 जनवरी 2015 में झांकी निर्माण के लिए जनरेटर एवं मोटर व्‍यवस्‍था ा ', 1, 24500, 4064, 24),
(962, '1', '26 जनवरी 2015 स्‍टेडियम में झांकी निर्माण ', 1, 49500, 4063, 24),
(963, '1', 'Providing & Installation of Incineration of Slaughter House Waste of Municipal Corporation Rajandaon  Complete', 4199760, 1, 4065, 226),
(964, '1	', 'Executive table inclede side table', 70500, 1, 4071, 227),
(965, '2', 'Boss chair', 27500, 1, 4071, 227),
(966, '3', 'Complete sofa set', 38700, 1, 4071, 227),
(967, '4', 'Teatable', 7850, 1, 4071, 227),
(968, '5', 'Visiter chair', 3466.67, 30, 4071, 227),
(969, '6', 'Airport chair watting', 11200, 5, 4071, 227),
(970, '7', 'Zebra blinds', 11400, 4, 4071, 227),
(971, '8', 'transporting charges', 12300, 1, 4071, 227),
(972, '1	', 'Stage - 1', 19800, 8, 4073, 8),
(973, '2', 'Stage - 2', 22200, 8, 4073, 8),
(974, '3', 'Stage - 3', 23700, 8, 4073, 8),
(975, '4', 'Stage - 4', 25000, 8, 4073, 8),
(976, '5', 'Stage - 5', 26300, 8, 4073, 8),
(977, '6', 'Stage - 6', 27800, 8, 4073, 8),
(978, '7', 'Stage - 7', 29000, 8, 4073, 8),
(979, '8', 'Stage - 8', 31000, 8, 4073, 8),
(980, '1	', '7.5 एच.पी. क्राम्‍पटन‍ ग्रिप्‍स पंप	', 45500, 1, 4080, 213),
(981, '2	', 'केबल वायर 4x25 m2', 270, 25, 4080, 213),
(982, '3', 'पेनल बोर्ड फिटिंग सहित	', 6000, 1, 4080, 213),
(983, '4	', 'कट आउट 100 Amp', 3, 700, 4080, 213),
(984, '1	', 'केबल वायर आर्मड 25m2x4 कोर	', 270, 225, 4081, 213),
(985, '1	', 'फलाई ऐश ईंटा	', 30000, 1, 4082, 215),
(986, '2	', 'रेत	', 6400, 1, 4082, 215),
(987, '3', 'सीमेंट	', 24000, 1, 4082, 215),
(988, '4	', 'गिटटी	', 11200, 1, 4082, 215),
(989, '1', 'सीमेंट चेयर	', 4950, 10, 4095, 37),
(990, '1	', 'स्‍टील चेयर	', 9800, 5, 4096, 37),
(991, '1	', 'स्‍टील चेय	र	', 9800, 5, 4097, 37),
(992, '1	', 'स्‍टील चेयर	', 9800, 5, 4098, 37),
(993, '1	', 'स्‍टील चेयर	', 9800, 5, 4099, 37),
(994, '1	', 'स्‍टील  चेयर	', 9800, 5, 4100, 37),
(995, '1	', 'अकुशल श्रमिक	', 1256740, 1, 4101, 43),
(996, '1	', 'अकुशल श्रमिक	', 1057550, 1, 4102, 43),
(997, '2	', 'अर्धकुशल श्रमिक	', 214344, 1, 4102, 43),
(998, '1	', 'मुरूम ', 274, 1, 4103, 12),
(999, '1', 'स्‍टील चेयर ', 9500, 5, 4113, 217),
(1000, '01	', '5 नग वाटर कूलर प्‍यूरिफायर ', 76000, 5, 4122, 100),
(1001, '1	', 'स्‍टील चेयर	', 9500, 5, 4131, 144),
(1002, '1	', 'फिश मार्केट के निर्माण के लिये डाईंग डिजाईन	', 48000, 1, 4142, 231),
(1003, '1	', 'सीडीएस हाल के लिये डाईंग डिजाईन्‍ा', 45000, 1, 4143, 231),
(1004, '1	', 'मुरूम	', 250, 460, 4157, 12),
(1005, '2	', 'स्‍टोनडस्‍ट	', 138, 425, 4157, 12),
(1006, '1', 'थ्री सीटर स्‍टील चेयर	', 9500, 5, 4159, 21),
(1007, '1', 'बैठक पंडाल व्‍यवस्‍था	', 14450, 1, 4169, 161),
(1008, '1	', 'बैठक पंडाल व्‍यवस्‍था	', 11945, 1, 4170, 161),
(1009, '1', 'क्रेशर गिटटी 40 एमएम	', 670, 1, 4182, 16),
(1010, '1', 'स्‍टोन डस्‍ट', 400, 1, 4183, 60),
(1011, '1	', 'सीमेंट आईएसआई मार्का 43 ग्रेड 50 कि.ग्रा. भर्ती	', 250, 0, 4186, 160),
(1012, '1	', 'डामर सडक रिपेयरिंग पालीमार रेडिमिक्‍स पेच मरम्‍मत सामग्री', 29250, 10, 4189, 235),
(1013, '1	', 'पंडाल 15 x 5 ', 450, 5, 4187, 198),
(1014, '2', 'पंडाल में बाउडरी  3 x 15  ', 90, 2, 4187, 198),
(1015, '3	', 'पार्टीशन कार्टन व्‍हाईट  10 x 15 - 2 नग', 600, 4, 4187, 198),
(1016, '4	', 'कारपेट 15 x 15', 450, 3, 4187, 198),
(1017, '5', 'पर्दो बैंक साईज 10 x 15- 1 नग', 300, 2, 4187, 198),
(1018, '6	', 'कनात 6 x 15- 2 नग', 360, 5, 4187, 198),
(1019, '7	', 'टेबल - 2 नग', 4, 13, 4187, 198),
(1020, '8	', 'टेबल क्‍लाथ 3 x 6 - 2 नग', 72, 1, 4187, 198),
(1021, '9', 'टेबल पाउडर 3 x 6 - 2 नग', 72, 2, 4187, 198),
(1022, '10	', 'फाईल चेयर  - 7 नग', 14, 7, 4187, 198),
(1023, '11	', 'ट्युब लाईट - 3\r\n नग', 6, 32, 4187, 198),
(1024, '12', 'पर्दो  3 x 6 - 1 नग', 36, 2, 4187, 198),
(1025, '13', 'स्‍टाल के सामने कारपेट  10 x 15', 300, 3, 4187, 198),
(1026, '1	', 'फाइवर चेयर ', 400, 8, 4188, 148),
(1027, '2	', 'पाईप पंडाल 45 x 120 कम्‍पिलस सिलीग सहित', 1, 25380, 4188, 148),
(1028, '3	', 'व्‍हाइट कर्टेन  15 x 30 ', 1, 18810, 4188, 148),
(1029, '4', '	चराई गेसे  15 x 30 ', 16, 1300, 4188, 148),
(1030, '5	', 'श्री सीटर सोना	', 4, 645, 4188, 148),
(1031, '6	', 'टी. टेबल ', 2, 235, 4188, 148),
(1032, '7	', 'टबक बाउडर	', 2, 70, 4188, 148),
(1033, '8	', 'इण्‍टरी गेड सादा	', 2, 4700, 4188, 148),
(1034, '9	', 'टेबल	', 50, 35, 4188, 148),
(1035, '10	', 'सामान लाने लेजाने का ', 1900, 2, 4188, 148),
(1036, '6	', 'टी. टेबल ', 2, 235, 4188, 148),
(1037, '7	', 'टबक बाउडर	', 2, 70, 4188, 148),
(1038, '5	', 'श्री सीटर सोना	', 4, 645, 4188, 148),
(1039, '4', '	चराई गेसे  15 x 30 ', 16, 1300, 4188, 148),
(1040, '3	', 'व्‍हाइट कर्टेन  15 x 30 ', 1, 18810, 4188, 148),
(1041, '2	', 'पाईप पंडाल 45 x 120 कम्‍पिलस सिलीग सहित', 1, 25380, 4188, 148),
(1042, '1	', 'फाइवर चेयर ', 400, 8, 4188, 148),
(1043, '8	', 'इण्‍टरी गेड सादा	', 2, 4700, 4188, 148),
(1044, '9	', 'टेबल	', 50, 35, 4188, 148),
(1045, '10	', 'सामान लाने लेजाने का ', 1900, 2, 4188, 148),
(1046, '1	', 'TRIPOD MS TOWER (COLLECTOR OFFICE NIC SIDE) BASE WORK, INSTALLATION COMPLETE AT SITE', 17, 4000, 4193, 236),
(1047, '2', 'TRIPOD MS TOWER (NAGAR NIGAM SIDE) BASE WORK, INSTALLATION COMPLETE AT SITE', 6, 4000, 4193, 236),
(1048, '3', 'POINT TO POINT ACCESS POINT 150 MBPS 5Ghz DEVICE UBNT', 2, 22500, 4193, 236),
(1049, '4', 'CAT6 CABLE', 200, 20, 4193, 236),
(1050, '1	', 'डाटा सेंटर में एल्‍युमिनियम सेक्‍सन चौखट, पल्‍ला, ग्‍लास, लेमीनेशन बोर्ड कम्‍पलिट एसेसीरिज सहित', 1, 13500, 4196, 24),
(1051, '1	', 'Providing and pasting retro reflectorrized sign by removing old letters and providing new letters as per changes approved by engineer in charge.(sqm)', 1760, 117, 4201, 176),
(1052, '2', 'Providing and pasting retro reflectorrized sign by removing old  photo and providing new letters as per changes approved by engineer in charge.', 1920, 63, 4201, 176),
(1053, '3', 'Providing and pasting retro reflectorrized sign on boards excluding fixing of iron board  and othe requirements.', 1520, 22, 4201, 176),
(1054, '3', 'Providing and pasting retro reflectorrized sign on boards excluding fixing of iron board  and othe requirements.', 1520, 22, 4201, 176),
(1055, '2', 'Providing and pasting retro reflectorrized sign by removing old  photo and providing new letters as per changes approved by engineer in charge.', 1920, 63, 4201, 176),
(1056, '1	', 'Providing and pasting retro reflectorrized sign by removing old letters and providing new letters as per changes approved by engineer in charge.(sqm)', 1760, 117, 4201, 176),
(1057, '1', 'क्रेशर गिटटी 20 एमएम	', 947, 1, 4204, 221),
(1058, '1	', 'थ्री सीटर स्‍टील चेयर', 5, 9900, 4219, 165),
(1059, '1	', 'सीमेन्‍ट चेयर प्रदान एवं स्‍थापना सहित	', 10, 4980, 4224, 239),
(1060, '1	', 'पाईप पंडाल	', 900, 5, 4248, 161),
(1061, '2	', 'व्‍हाईट कार्टन	', 300, 6, 4248, 161),
(1062, '3	', 'ग्रीन चटाई	', 2, 1300, 4248, 161),
(1063, '4	', 'व्‍ही आई पी कुर्सी	', 7, 95, 4248, 161),
(1064, '5	', 'टी टेबल	', 1, 250, 4248, 161),
(1065, '6	', 'फाईव्‍हर कुर्सी	', 100, 8, 4248, 161),
(1066, '7	', 'माईक सैट (छोटा	)', 1, 1500, 4248, 161),
(1067, '1	', 'स्‍टेज हेतु पंडाल	', 225, 5, 4246, 161),
(1068, '2	', 'स्‍टेज मंच	', 144, 25, 4246, 161),
(1069, '3	', 'स्‍टेज पर्दा	', 150, 6, 4246, 161),
(1070, '4	', 'स्‍टेज सीढी	', 1, 600, 4246, 161),
(1071, '5', 'पोल कव्‍हर	पटटी	', 4, 105, 4246, 161),
(1072, '6	', 'स्‍टेज मे रेड कार्पेट	', 225, 7, 4246, 161),
(1073, '7	', 'स्‍टेज बाउडर	', 4, 70, 4246, 161),
(1074, '8	', 'सीढी मे दरी	', 2, 40, 4246, 161),
(1075, '9	', 'सिंगल सोफा	', 1, 1125, 4246, 161),
(1076, '10	', 'व्‍ही आई पी कुर्सी	', 10, 95, 4246, 161),
(1077, '11	', 'ग्राउड के रिलिंग (स्‍टेज के सामने)	', 30, 825, 4246, 161),
(1078, '12	', 'रेड कार्पेट (मूर्ति के सामने	)', 50, 7, 4246, 161),
(1079, '13	', 'रेड कार्पेट लोक सेवा ', 375, 7, 4246, 161),
(1080, '14	', 'पाईप पंडाल	', 1350, 5, 4246, 161),
(1081, '15	', 'फाइव्‍हर कुर्सी	', 200, 8, 4246, 161),
(1082, '16	', 'टी टेबल	', 1, 235, 4246, 161),
(1083, '17	', 'टी टेबल कव्‍हर	', 1, 70, 4246, 161),
(1084, '18	', 'टेबल ', 2, 35, 4246, 161),
(1085, '19	', 'टेबल क्‍लाथ	', 2, 30, 4246, 161),
(1086, '20	', 'फलावर, बुके, माला	', 1, 2000, 4246, 161),
(1087, '21	', 'माईक सेट	', 1, 8975, 4246, 161),
(1088, '22	', 'सालव श्रीफल	', 1, 3000, 4246, 161),
(1089, '1	', 'निगम व्‍दारा निर्देशित स्‍थल/ भवनो पर विधुत झालर कार्य	', 1, 6800, 4253, 106),
(1090, '1	', 'निगम व्‍दारा निर्देशित स्‍थल/ भवनो पर विधुत झालर कार्य	', 1, 6800, 4253, 242),
(1091, '1	', 'निगम व्‍दारा निर्देशित स्‍थल/ भवनो पर विधुत झालर कार्य	', 1, 6800, 4253, 242),
(1092, '1	', 'रेत	 क्‍यू.मीटर	', 490, 63, 4254, 21),
(1093, '1	', 'सीमेंट	', 250, 55, 4254, 21),
(1094, '1	', 'रेत	 क्‍यू.मीटर	', 490, 63, 4254, 21),
(1095, '1	', 'सीमेंट	', 250, 55, 4254, 21),
(1096, '1	', 'शौचालय निर्माण ', 20000, 50, 4255, 243),
(1097, '1	', 'आर.ओ.ए.टी.एम.	', 597500, 1, 4256, 244),
(1098, '1	', 'कम्‍प्‍लीट सेट ', 40500, 1, 4257, 245),
(1099, '1', 'निजी शौचालय निर्माण ', 20000, 50, 4260, 193),
(1100, '1	', 'पदमश्री गोविद ए.सी.फिटिग आयटम दर एवं कम्‍पलीकट फिटिग स्‍थापना सहित ', 3370000, 1, 4261, 228),
(1101, '1	', 'पदमश्री गोविद ए.सी.फिटिग आयटम दर एवं कम्‍पलीकट फिटिग स्‍थापना सहित ', 3451100, 1, 4261, 228),
(1102, '1	', 'पदमश्री गोविद ए.सी.फिटिग आयटम दर एवं कम्‍पलीकट फिटिग स्‍थापना सहित ', 3451100, 1, 4261, 228),
(1103, '1	', '3 सीटर स्‍टील चेयर	', 9500, 5, 4275, 76),
(1104, '1', 'सीमेंट चेयर', 4500, 10, 4276, 47),
(1105, '1', 'सीमेंट चेयर', 4500, 10, 4277, 47),
(1106, '1	', 'थ्री सीटर स्‍टील चेयर	', 9600, 10, 4289, 166),
(1107, '1', 'थ्री शीटर स्‍टील चेयर	', 9600, 2, 4290, 166),
(1108, '1	', 'सीमेंट चेयर	', 4600, 4, 4297, 37),
(1109, '1	', 'स्‍टील चेयर	', 9600, 10, 4296, 37),
(1110, '1	', 'सीमेण्‍ट चेयर ', 4600, 10, 4302, 37),
(1111, '1	', 'स्‍टील चेयर ', 9600, 5, 4303, 37),
(1112, '1	', 'थ्री सीटर स्‍टील चेयर ', 9600, 5, 4304, 37),
(1113, '1	', 'थ्री सीटर स्‍टील चेयर ', 9600, 5, 4305, 37),
(1114, '1	', 'थी सीटर स्‍टील चेयर ', 9600, 5, 4306, 37),
(1115, '1	', 'स्‍टील चेयर	', 9600, 5, 4307, 37),
(1116, '1	', 'स्‍वच्‍छ भारत मिशन अंतर्गत शौचालय निर्माण कार्य  ग्रुप क्रमंाक 13 50 नग ', 20000, 50, 4311, 194),
(1117, '1', 'स्‍टील चेयर स्‍थापना ', 9600, 5, 4355, 37),
(1118, '1	', 'स्‍टील चेयर ', 9600, 10, 4356, 37),
(1119, '1	', 'स्‍टील चेयर ', 9600, 5, 4357, 37),
(1120, '1	', 'स्‍टील चेयर ', 9600, 5, 4358, 37),
(1121, '1	', 'थ्री सिटर स्‍टील चेयर', 9600, 18, 4359, 37),
(1122, '1	', 'थ्री सीटर स्‍टील चेयर	', 9600, 20, 4364, 37),
(1123, '1	', 'थ्री सीटर स्‍टील चेयर ', 9600, 5, 4363, 37),
(1124, '1', 'थ्री सिटर चेयर', 9600, 5, 4362, 37),
(1125, '1', 'थ्री सिटर चेयर ', 9600, 5, 4361, 37),
(1126, '1', 'थ्री सिटर स्‍टील चेयर', 9600, 5, 4360, 37),
(1127, '1	', 'स्‍वच्‍छ भारत मिशन अंतर्गत निजी शौचालय निर्माण कार्य वार्ड नं.23,38,47,48 25 ', 20000, 25, 4367, 238),
(1128, '़	', '', 0, 0, 4367, 238),
(1129, '1	', 'स्‍टील चेयर ', 9600, 5, 4368, 37),
(1130, '1	', 'वाटर कुलर ', 66000, 1, 4370, 100),
(1131, '1	', 'शौचालय निर्माण ', 20000, 50, 4378, 40),
(1132, '1	', 'निजी शौचालय निर्माण ', 20000, 50, 4382, 193),
(1133, '1	', 'वाटर कुलर  ', 65780, 1, 4383, 100),
(1134, '1	', 'वाटर कुलर ', 66000, 1, 4384, 100);

-- --------------------------------------------------------

--
-- Table structure for table `contractor`
--

CREATE TABLE IF NOT EXISTS `contractor` (
  `sno` int(11) NOT NULL,
  `cont_name` varchar(200) COLLATE utf8_bin NOT NULL,
  `category` varchar(150) COLLATE utf8_bin NOT NULL,
  `address` varchar(300) COLLATE utf8_bin NOT NULL,
  `phno` varchar(20) COLLATE utf8_bin NOT NULL,
  `mobile_no` varchar(30) COLLATE utf8_bin NOT NULL,
  `reg_no` varchar(50) COLLATE utf8_bin NOT NULL,
  `type` varchar(150) COLLATE utf8_bin NOT NULL,
  `reg_date` date NOT NULL,
  `reg_expdate` date NOT NULL,
  `reg_fee` varchar(50) COLLATE utf8_bin NOT NULL,
  `extra` varchar(5000) COLLATE utf8_bin NOT NULL
) ENGINE=InnoDB AUTO_INCREMENT=3 DEFAULT CHARSET=utf8 COLLATE=utf8_bin;

--
-- Dumping data for table `contractor`
--

INSERT INTO `contractor` (`sno`, `cont_name`, `category`, `address`, `phno`, `mobile_no`, `reg_no`, `type`, `reg_date`, `reg_expdate`, `reg_fee`, `extra`) VALUES
(1, 'हेमंत देवांगन', 'B', 'पदमनाभपुर', '1234567891', '', 'सिविल', '01', '2016-09-05', '2016-09-30', '500', ''),
(2, 'नागेष्‍वर देवांगन', 'A1', 'संतराबाडी', '1234567891', '', 'सिविल', '20', '2016-09-08', '2016-09-23', '5000', '');

-- --------------------------------------------------------

--
-- Table structure for table `cont_categ`
--

CREATE TABLE IF NOT EXISTS `cont_categ` (
  `sno` int(11) NOT NULL,
  `category` varchar(20) COLLATE utf8_bin NOT NULL
) ENGINE=InnoDB AUTO_INCREMENT=8 DEFAULT CHARSET=utf8 COLLATE=utf8_bin;

--
-- Dumping data for table `cont_categ`
--

INSERT INTO `cont_categ` (`sno`, `category`) VALUES
(1, 'A1'),
(2, 'A2'),
(3, 'A3'),
(4, 'A4'),
(5, 'A5'),
(6, 'B'),
(7, 'C');

-- --------------------------------------------------------

--
-- Table structure for table `cont_workarea`
--

CREATE TABLE IF NOT EXISTS `cont_workarea` (
  `sno` int(11) NOT NULL,
  `workarea` varchar(100) COLLATE utf8_bin NOT NULL,
  `h_workarea` varchar(300) COLLATE utf8_bin NOT NULL
) ENGINE=InnoDB AUTO_INCREMENT=12 DEFAULT CHARSET=utf8 COLLATE=utf8_bin;

--
-- Dumping data for table `cont_workarea`
--

INSERT INTO `cont_workarea` (`sno`, `workarea`, `h_workarea`) VALUES
(1, 'Advertisement', '&#2357;&#2367;&#2332;&#2381;&#2334;&#2366;&#2346;&#2344;'),
(2, 'Advocate', '&#2319;&#2337;&#2357;&#2379;&#2325;&#2375;&#2335;'),
(3, 'Civil', '&#2360;&#2367;&#2357;&#2367;&#2354;'),
(4, 'Electrical', '&#2357;&#2367;&#2342;&#2381;&#2351;&#2369;&#2340;'),
(5, 'Filter Plant', '&#2344;&#2367;&#2360;&#2381;&#2346;&#2306;&#2342;&#2325; &#2360;&#2306;&#2351;&#2306;&#2340;&#2381;&#2352;'),
(6, 'GAD', '&#2332;&#2368;&#46;&#2319;&#46;&#2337;&#2368;'),
(7, 'Garden', '&#2313;&#2342;&#2381;&#2351;&#2366;&#2344;'),
(8, 'Health', '&#2360;&#2381;&#2357;&#2366;&#2360;&#2381;&#2341;&#2381;&#2351;'),
(9, 'Motor Work', '&#2350;&#2379;&#2335;&#2352; &#2325;&#2366;&#2352;&#2381;&#2351;'),
(10, 'Private Linemen', '&#2344;&#2367;&#2332;&#2368; &#2354;&#2366;&#2311;&#2344;&#2350;&#2376;&#2344;'),
(11, 'Water Works', '&#2332;&#2354; &#2325;&#2366;&#2352;&#2381;&#2351;');

-- --------------------------------------------------------

--
-- Table structure for table `departments`
--

CREATE TABLE IF NOT EXISTS `departments` (
  `dept_id` int(11) NOT NULL,
  `dept_name` varchar(100) COLLATE utf8_bin NOT NULL,
  `dept_hname` varchar(300) COLLATE utf8_bin NOT NULL
) ENGINE=InnoDB AUTO_INCREMENT=16 DEFAULT CHARSET=utf8 COLLATE=utf8_bin;

--
-- Dumping data for table `departments`
--

INSERT INTO `departments` (`dept_id`, `dept_name`, `dept_hname`) VALUES
(1, 'shiksha vibhag', '&#2358;&#2367;&#2325;&#2381;&#2359;&#2366; &#2357;&#2367;&#2349;&#2366;&#2327;'),
(2, 'vidyut vibhag', '&#2357;&#2367;&#2343;&#2369;&#2340; &#2357;&#2367;&#2349;&#2366;&#2327;'),
(3, 'agni shaman vibhag', '&#2309;&#2327;&#2381;&#2344;&#2367; &#2358;&#2350;&#2344; &#2357;&#2367;&#2349;&#2366;&#2327;'),
(4, 'nagar nivesh vibhag', '&#2344;&#2327;&#2352; &#2344;&#2367;&#2357;&#2375;&#2358; &#2357;&#2367;&#2349;&#2366;&#2327;'),
(5, 'udhyan vibhag', '&#2313;&#2342;&#2381;&#2351;&#2366;&#2344; &#2357;&#2367;&#2349;&#2366;&#2327;'),
(6, 'samanya prashasan vibhag', '&#2360;&#2366;&#2350;&#2366;&#2344;&#2381;&#2351; &#2346;&#2381;&#2352;&#2358;&#2366;&#2360;&#2344; &#2357;&#2367;&#2349;&#2366;&#2327;'),
(7, 'lok nirman vibhag', '&#2354;&#2379;&#2325; &#2344;&#2367;&#2352;&#2381;&#2350;&#2366;&#2339; &#2357;&#2367;&#2349;&#2366;&#2327;'),
(8, 'swasthya vibhag', '&#2360;&#2357;&#2366;&#2360;&#2381;&#2341; &#2357;&#2367;&#2349;&#2366;&#2327;'),
(9, 'bazar vibhag', '&#2348;&#2366;&#2395;&#2366;&#2352; &#2357;&#2367;&#2349;&#2366;&#2327;'),
(10, 'prachar avam pustakalaya vibhag', '&#2346;&#2381;&#2352;&#2330;&#2366;&#2352; &#2319;&#2357;&#2306; &#2346;&#2369;&#2360;&#2381;&#2340;&#2325;&#2366;&#2354;&#2351; &#2357;&#2367;&#2349;&#2366;&#2327;'),
(11, 'yojana vibhag', '&#2351;&#2379;&#2332;&#2344;&#2366; &#2357;&#2367;&#2349;&#2366;&#2327;'),
(12, 'rajasva vibhaj', '&#2352;&#2366;&#2332;&#2360;&#2381;&#2357; &#2357;&#2367;&#2349;&#2366;&#2327;'),
(13, 'jal praday vibhag', '&#2332;&#2354; &#2346;&#2381;&#2352;&#2342;&#2366;&#2351; &#2357;&#2367;&#2349;&#2366;&#2327;'),
(14, 'khadya avam aapoorti vibhaj', '&#2326;&#2366;&#2342;&#2381;&#2351; &#2319;&#2357;&#2306; &#2310;&#2346;&#2370;&#2352;&#2381;&#2340;&#2367; &#2357;&#2367;&#2349;&#2366;&#2327;'),
(15, '', '&#2354;&#2379;&#2325; &#2325;&#2352;&#2381;&#2350;  &#2357;&#2367;&#2349;&#2366;&#2327; ');

-- --------------------------------------------------------

--
-- Table structure for table `department_master`
--

CREATE TABLE IF NOT EXISTS `department_master` (
  `id` int(11) NOT NULL,
  `d_name` varchar(100) CHARACTER SET utf8mb4 COLLATE utf8mb4_swedish_ci NOT NULL,
  `active` int(11) NOT NULL DEFAULT '1'
) ENGINE=InnoDB AUTO_INCREMENT=19 DEFAULT CHARSET=latin1;

--
-- Dumping data for table `department_master`
--

INSERT INTO `department_master` (`id`, `d_name`, `active`) VALUES
(1, 'Admin', 0),
(2, 'लोकसभा केंद्र', 1),
(3, 'कमिशनर', 1),
(4, 'मेयर', 1),
(10, 'विधुत विभाग', 1),
(11, 'स्वास्थय विभाग', 1),
(12, 'जल प्रदाय विभाग', 1),
(13, 'राजस्व  विभाग', 1),
(17, 'पी. डब्लु. डी. विभाग', 1),
(18, 'लोकसभा केंद्र', 1);

-- --------------------------------------------------------

--
-- Table structure for table `designation_master`
--

CREATE TABLE IF NOT EXISTS `designation_master` (
  `des_id` int(11) NOT NULL,
  `des_name` varchar(100) CHARACTER SET utf8 NOT NULL,
  `d_id` int(11) NOT NULL,
  `clerk_act` int(11) NOT NULL DEFAULT '0',
  `active` int(11) NOT NULL DEFAULT '1'
) ENGINE=InnoDB AUTO_INCREMENT=38 DEFAULT CHARSET=latin1;

--
-- Dumping data for table `designation_master`
--

INSERT INTO `designation_master` (`des_id`, `des_name`, `d_id`, `clerk_act`, `active`) VALUES
(1, 'admin', 1, 0, 0),
(2, 'Sub Engg', 11, 0, 1),
(3, 'Clerk', 10, 1, 1),
(4, 'EE', 10, 0, 1),
(6, 'EE', 17, 0, 1),
(7, 'R K Jain AE', 17, 1, 1),
(8, 'Commissioner', 1, 0, 1),
(9, 'MIC', 1, 0, 1),
(16, 'लोकसभा केंद्र', 2, 0, 1),
(17, 'सेक्रेटरी कमिशनर', 3, 0, 1),
(18, 'सेक्रेटरी  मेयर', 4, 0, 1),
(19, 'कमिशनर', 3, 0, 1),
(20, 'मेयर', 4, 0, 1),
(21, 'Clerk Sinha', 17, 1, 1),
(22, 'R K Pandey AE', 17, 1, 1),
(23, 'SE Girish Diwan', 17, 1, 1),
(24, 'SE V P Mishra', 17, 1, 1),
(25, 'SE R K Paliya', 17, 1, 1),
(26, 'SE A R Rahandale', 17, 1, 1),
(27, 'SE Jagdish Keshrwani', 17, 1, 1),
(28, 'SE Rajendra Dwale', 17, 1, 1),
(29, 'SE Bhim Rao', 17, 1, 1),
(30, 'SE Vinod Manjhi', 17, 1, 1),
(31, 'SE Bharti Thakur', 17, 1, 1),
(32, 'SE Aatma Dahariya', 17, 1, 1),
(33, 'SE Ankur Agrawal', 17, 1, 1),
(34, 'SE T K Deo', 17, 1, 1),
(35, 'Clerk Ali', 17, 1, 1),
(36, 'SE Raju Potram', 17, 1, 1),
(37, 'PWD MIC', 17, 1, 1);

-- --------------------------------------------------------

--
-- Table structure for table `entry`
--

CREATE TABLE IF NOT EXISTS `entry` (
  `parastav_id` int(11) NOT NULL,
  `project_id` varchar(200) CHARACTER SET latin1 NOT NULL,
  `jon_no` varchar(100) COLLATE utf8_bin NOT NULL,
  `ward_no` varchar(300) COLLATE utf8_bin NOT NULL,
  `ward_name` varchar(300) CHARACTER SET utf8mb4 COLLATE utf8mb4_swedish_ci NOT NULL,
  `vidhan_sabha_no` varchar(300) COLLATE utf8_bin NOT NULL,
  `vidhan_sabha_name` varchar(300) COLLATE utf8_bin NOT NULL,
  `vitiya_year` varchar(100) COLLATE utf8_bin NOT NULL,
  `vibhag_no` varchar(20) COLLATE utf8_bin NOT NULL,
  `vibhag_name` varchar(300) COLLATE utf8_bin NOT NULL,
  `yojana_mad_no` varchar(20) COLLATE utf8_bin NOT NULL,
  `yojana_mad` varchar(300) COLLATE utf8_bin NOT NULL,
  `work_name` varchar(1000) COLLATE utf8_bin NOT NULL,
  `working_place` varchar(200) COLLATE utf8_bin NOT NULL,
  `work_date` date NOT NULL,
  `work_detail` varchar(500) COLLATE utf8_bin NOT NULL,
  `work_type_id` int(11) NOT NULL,
  `work_type_name` varchar(200) COLLATE utf8_bin NOT NULL,
  `sor_nonsor` varchar(20) COLLATE utf8_bin NOT NULL,
  `parklan_amount` varchar(200) COLLATE utf8_bin NOT NULL,
  `detail` varchar(200) COLLATE utf8_bin NOT NULL,
  `tec_accept_date` date NOT NULL,
  `tec_accept_no` varchar(100) COLLATE utf8_bin NOT NULL,
  `tec_rashi` varchar(100) COLLATE utf8_bin NOT NULL,
  `tec_pradankarta` varchar(300) COLLATE utf8_bin NOT NULL,
  `tech_exp` varchar(300) COLLATE utf8_bin NOT NULL,
  `letter_date` date NOT NULL,
  `prashasnic_no` varchar(100) COLLATE utf8_bin NOT NULL,
  `amount` varchar(100) COLLATE utf8_bin NOT NULL,
  `giver_name` varchar(300) COLLATE utf8_bin NOT NULL,
  `tendor_amt` varchar(100) COLLATE utf8_bin NOT NULL,
  `tendor_pub_date` date NOT NULL,
  `tendor_open_date` date NOT NULL,
  `rate_status1` varchar(20) COLLATE utf8_bin NOT NULL,
  `percent1` float NOT NULL,
  `tendor_rate` varchar(100) COLLATE utf8_bin NOT NULL,
  `comp_year` varchar(10) COLLATE utf8_bin NOT NULL,
  `comp_month` varchar(10) COLLATE utf8_bin NOT NULL,
  `comp_day` varchar(10) COLLATE utf8_bin NOT NULL,
  `tapprove_date` date NOT NULL,
  `tapprove_name` varchar(100) COLLATE utf8_bin NOT NULL,
  `cont_name` varchar(200) COLLATE utf8_bin NOT NULL,
  `contractor_id` int(11) NOT NULL,
  `cont_no` varchar(100) COLLATE utf8_bin NOT NULL,
  `cont_date` date NOT NULL,
  `wo_no` varchar(100) COLLATE utf8_bin NOT NULL,
  `wo_date` date NOT NULL,
  `phy_status` varchar(100) COLLATE utf8_bin NOT NULL,
  `phy_per` varchar(50) COLLATE utf8_bin NOT NULL,
  `phy_date` date NOT NULL,
  `fin_status` varchar(100) COLLATE utf8_bin NOT NULL,
  `fin_per` varchar(50) COLLATE utf8_bin NOT NULL,
  `fixed_date` date NOT NULL,
  `fin_date` date NOT NULL,
  `note_sambhavit_date` varchar(200) COLLATE utf8_bin NOT NULL,
  `data_status` varchar(20) COLLATE utf8_bin NOT NULL,
  `tot_recieved_amt` varchar(100) COLLATE utf8_bin NOT NULL DEFAULT '0',
  `extra_pra_rashi` varchar(300) COLLATE utf8_bin NOT NULL,
  `tot_payed_amt` varchar(100) COLLATE utf8_bin NOT NULL DEFAULT '0',
  `extra_amount` float NOT NULL,
  `rate_shedul` varchar(100) COLLATE utf8_bin NOT NULL,
  `rate_shedul_id` int(11) NOT NULL,
  `gat_maha_vaya` float NOT NULL,
  `amicha_maha_vaya` float NOT NULL,
  `entry_date` varchar(100) COLLATE utf8_bin DEFAULT NULL,
  `remark` varchar(300) COLLATE utf8_bin NOT NULL,
  `extra` varchar(200) COLLATE utf8_bin NOT NULL,
  `d_id` int(11) NOT NULL DEFAULT '1',
  `receive` int(11) NOT NULL DEFAULT '1',
  `des_id` int(11) NOT NULL DEFAULT '1',
  `close` int(11) NOT NULL DEFAULT '0',
  `close_remark` varchar(100) CHARACTER SET utf8mb4 COLLATE utf8mb4_swedish_ci NOT NULL,
  `close_date` varchar(100) COLLATE utf8_bin DEFAULT NULL,
  `entry_fts` int(11) NOT NULL DEFAULT '0'
) ENGINE=InnoDB AUTO_INCREMENT=36 DEFAULT CHARSET=utf8 COLLATE=utf8_bin;

--
-- Dumping data for table `entry`
--

INSERT INTO `entry` (`parastav_id`, `project_id`, `jon_no`, `ward_no`, `ward_name`, `vidhan_sabha_no`, `vidhan_sabha_name`, `vitiya_year`, `vibhag_no`, `vibhag_name`, `yojana_mad_no`, `yojana_mad`, `work_name`, `working_place`, `work_date`, `work_detail`, `work_type_id`, `work_type_name`, `sor_nonsor`, `parklan_amount`, `detail`, `tec_accept_date`, `tec_accept_no`, `tec_rashi`, `tec_pradankarta`, `tech_exp`, `letter_date`, `prashasnic_no`, `amount`, `giver_name`, `tendor_amt`, `tendor_pub_date`, `tendor_open_date`, `rate_status1`, `percent1`, `tendor_rate`, `comp_year`, `comp_month`, `comp_day`, `tapprove_date`, `tapprove_name`, `cont_name`, `contractor_id`, `cont_no`, `cont_date`, `wo_no`, `wo_date`, `phy_status`, `phy_per`, `phy_date`, `fin_status`, `fin_per`, `fixed_date`, `fin_date`, `note_sambhavit_date`, `data_status`, `tot_recieved_amt`, `extra_pra_rashi`, `tot_payed_amt`, `extra_amount`, `rate_shedul`, `rate_shedul_id`, `gat_maha_vaya`, `amicha_maha_vaya`, `entry_date`, `remark`, `extra`, `d_id`, `receive`, `des_id`, `close`, `close_remark`, `close_date`, `entry_fts`) VALUES
(2, '2016-17-1', '20', '6', 'ठेठवार पारा  ', '1', '&#2342;&#2369;&#2352;&#2381;&#2327;', '2016-17', '1', '&#2358;&#2367;&#2325;&#2381;&#2359;&#2366; &#2357;&#2367;&#2349;&#2366;&#2327;', '1', '&#2407;&#2409;&#2357;&#2375; &#2357;&#2367;&#2340;&#2381;&#2340; &#2310;&#2351;&#2379;&#2327;', 'cvbcvb', '', '0000-00-00', 'cvcvb', 4, '', '', '456456', 'cvbcvb', '2016-02-15', '54654', '10000', 'कार्य पालन अभियंता', 'cvb', '0000-00-00', '', '', '', '', '0000-00-00', '0000-00-00', 'above', 0, '', '', '', '', '0000-00-00', '', '', 0, '', '0000-00-00', '', '0000-00-00', 'not_started', '', '0000-00-00', '', '', '1969-12-31', '0000-00-00', '', 'active', '0', '', '0', 0, 'SOR', 4, 0, 0, '2016-03-07 14:33:59', '', '', 11, 1, 2, 0, 'dsfsdf', '2016-03-12 12:04:07', 0),
(3, '2016-DRG-3', '', '', 'ठेठवार पारा  ', '', '', '', '', 'dfsdf', '', '', 'dktest', '', '0000-00-00', 'sdfsdf', 0, '', '', '', 'dsfsdf', '0000-00-00', '', '', '', '', '0000-00-00', '', '', '', '', '0000-00-00', '0000-00-00', '', 0, '', '', '', '', '0000-00-00', '', '', 0, '', '0000-00-00', '', '0000-00-00', '', '', '0000-00-00', '', '', '0000-00-00', '0000-00-00', '', '', '0', '', '0', 0, '', 0, 0, 0, '2016-03-11 21:43:28', 'sdfsdf', 'sdfsdf', 10, 0, 4, 0, '', '2016-05-19 13:07:21', 1),
(4, '2016-DRG-4', '', '', 'मरार पारा ', '', '', '', '', 'Education', '', '', 'testing', '', '0000-00-00', 'dfgdfgdfg', 0, '', '', '', 'hkjhkjhklhkjh', '0000-00-00', '', '', '', '', '0000-00-00', '', '', '', '', '0000-00-00', '0000-00-00', '', 0, '', '', '', '', '0000-00-00', '', '', 0, '', '0000-00-00', '', '0000-00-00', '', '', '0000-00-00', '', '', '0000-00-00', '0000-00-00', '', '', '0', '', '0', 0, '', 0, 0, 0, '2016-03-11 21:59:28', 'hkjhk', 'kjhkjhj', 1, 1, 9, 0, '', '2016-03-12 13:24:32', 1),
(5, '2016-DRG-5', '', '', 'तकिया पारा ', '', '', '', '', 'vxcvxcv', '', '', 'xcvxcvxcvxc', '', '0000-00-00', 'xcvxcvxcvxc', 0, '', '', '', 'vxcvxcvxcv', '0000-00-00', '', '', '', '', '0000-00-00', '', '', '', '', '0000-00-00', '0000-00-00', '', 0, '', '', '', '', '0000-00-00', '', '', 0, '', '0000-00-00', '', '0000-00-00', '', '', '0000-00-00', '', '', '0000-00-00', '0000-00-00', '', '', '0', '', '0', 0, '', 0, 0, 0, '2016-03-12 11:01:27', 'vxcvxcvxcvxcvxc', 'xcvxcvxcvxc', 1, 1, 1, 1, 'dfsdf', '2016-03-12 11:10:30', 1),
(6, '2016-DRG-6', '', '', 'नया पारा', '', '', '', '', 'dfgdfg', '', '', 'dfgdfg', '', '0000-00-00', 'dfgdf', 0, '', '', '', 'dfg', '0000-00-00', '', '', '', '', '0000-00-00', '', '', '', '', '0000-00-00', '0000-00-00', '', 0, '', '', '', '', '0000-00-00', '', '', 0, '', '0000-00-00', '', '0000-00-00', '', '', '0000-00-00', '', '', '0000-00-00', '0000-00-00', '', '', '0', '', '0', 0, '', 0, 0, 0, '2016-03-14 10:24:09', 'dfgdfgdfg', 'dfgdfgdfg', 10, 0, 4, 0, '', '2016-03-14 10:25:08', 1),
(7, '2009/10/4', '20', '12', '', '', '', '', '2', '&#2357;&#2367;&#2343;&#2369;&#2340; &#2357;&#2367;&#2349;&#2366;&#2327;', '11', '&#2360;&#2366;&#2350;&#2366;&#2344;&#2381;&#2351; &#2350;&#2342;', 'zdfdf', '', '0000-00-00', 'sdfsdf', 4, '', '', '456456', '456456', '2016-02-15', '546456', '', 'कार्य पालन अभियंता', '456456', '0000-00-00', '', '', '', '', '0000-00-00', '0000-00-00', 'above', 0, '', '', '', '', '0000-00-00', '', '', 0, '', '0000-00-00', '', '0000-00-00', 'not_started', '', '0000-00-00', '', '', '1970-01-01', '0000-00-00', '', 'active', '0', '', '0', 0, 'SOR', 1, 0, 0, '2016-03-18 02:33:26', '', '', 11, 1, 2, 0, '', '2016-08-16 10:25:40', 0),
(8, '2016/DRG/8', '', '', 'ठेठवार पारा  ', '', '', '', '', 'gdfg', '', '', 'dfgdfgdf', '', '0000-00-00', 'dfgdfgdf', 0, '', '', '', 'dfg', '0000-00-00', '', '', '', '', '0000-00-00', '', '', '', '', '0000-00-00', '0000-00-00', '', 0, '', '', '', '', '0000-00-00', '', '', 0, '', '0000-00-00', '', '0000-00-00', '', '', '0000-00-00', '', '', '0000-00-00', '0000-00-00', '', '', '0', '', '0', 0, '', 0, 0, 0, '2016-03-19 04:55:27', 'dfgdfg', 'dfgdfg', 10, 0, 4, 0, '', '2016-08-16 10:19:43', 1),
(9, '2016/DRG/9', '', '', 'ठेठवार पारा  ', '', '', '', '', 'gdfg', '', '', 'dfgdf', '', '0000-00-00', 'dfgdfg', 0, '', '', '', 'dfdfgd', '0000-00-00', '', '', '', '', '0000-00-00', '', '', '', '', '0000-00-00', '0000-00-00', '', 0, '', '', '', '', '0000-00-00', '', '', 0, '', '0000-00-00', '', '0000-00-00', '', '', '0000-00-00', '', '', '0000-00-00', '0000-00-00', '', '', '0', '', '0', 0, '', 0, 0, 0, '2016-03-19 04:55:39', 'fgdfgdfg', 'fgdfgd', 1, 1, 8, 0, '', '2016-08-16 11:04:04', 1),
(10, '2016/DRG/10', '', '', 'ठेठवार पारा  ', '', '', '', '', 'dfdfg', '', '', 'dfgdfg', '', '0000-00-00', 'dfgdfgdf', 0, '', '', '', 'gdfg', '0000-00-00', '', '', '', '', '0000-00-00', '', '', '', '', '0000-00-00', '0000-00-00', '', 0, '', '', '', '', '0000-00-00', '', '', 0, '', '0000-00-00', '', '0000-00-00', '', '', '0000-00-00', '', '', '0000-00-00', '0000-00-00', '', '', '0', '', '0', 0, '', 0, 0, 0, '2016-03-19 04:55:50', 'dfgdfg', 'dfgdfg', 1, 1, 1, 0, '', '2016-03-19 04:55:50', 1),
(11, '2016/DRG/11', '', '', 'किल्ला मंदिर', '', '', '', '', 'dfg', '', '', 'dfgdfg', '', '0000-00-00', 'dfgdfg', 0, '', '', '', 'dfgdf', '0000-00-00', '', '', '', '', '0000-00-00', '', '', '', '', '0000-00-00', '0000-00-00', '', 0, '', '', '', '', '0000-00-00', '', '', 0, '', '0000-00-00', '', '0000-00-00', '', '', '0000-00-00', '', '', '0000-00-00', '0000-00-00', '', '', '0', '', '0', 0, '', 0, 0, 0, '2016-03-19 04:56:18', 'dfgdfg', 'gdfgdf', 1, 1, 1, 0, '', '2016-03-19 04:56:18', 1),
(12, '2016/DRG/12', '', '', 'ठेठवार पारा  ', '', '', '', '', 'dfdfgd', '', '', 'dfgdfg', '', '0000-00-00', 'fgdfgdfg', 0, '', '', '', 'dfgdf', '0000-00-00', '', '', '', '', '0000-00-00', '', '', '', '', '0000-00-00', '0000-00-00', '', 0, '', '', '', '', '0000-00-00', '', '', 0, '', '0000-00-00', '', '0000-00-00', '', '', '0000-00-00', '', '', '0000-00-00', '0000-00-00', '', '', '0', '', '0', 0, '', 0, 0, 0, '2016-03-19 04:56:31', 'gdfgdfg', 'gdfgdf', 1, 1, 1, 0, '', '2016-03-19 04:56:31', 1),
(13, '2016/DRG/13', '', '', 'मठपारा दक्षिण', '', '', '', '', 'dfg', '', '', 'dfgfdg', '', '0000-00-00', 'dfg', 0, '', '', '', 'df', '0000-00-00', '', '', '', '', '0000-00-00', '', '', '', '', '0000-00-00', '0000-00-00', '', 0, '', '', '', '', '0000-00-00', '', '', 0, '', '0000-00-00', '', '0000-00-00', '', '', '0000-00-00', '', '', '0000-00-00', '0000-00-00', '', '', '0', '', '0', 0, '', 0, 0, 0, '2016-03-19 04:56:43', 'gdfgdfg', 'dfgdf', 1, 1, 1, 1, 'rdretdretret', '2016-08-16 10:28:09', 1),
(14, '2016/DRG/14', '', '', 'स्वामी विवेकानंद वार्ड', '', '', '', '', 'electric department ', '', '', 'power problem', '', '0000-00-00', '', 0, '', '', '', 'power cut from july', '0000-00-00', '', '', '', '', '0000-00-00', '', '', '', '', '0000-00-00', '0000-00-00', '', 0, '', '', '', '', '0000-00-00', '', '', 0, '', '0000-00-00', '', '0000-00-00', '', '', '0000-00-00', '', '', '0000-00-00', '0000-00-00', '', '', '0', '', '0', 0, '', 0, 0, 0, '2016-08-16 11:11:27', 'urgent', '', 10, 1, 4, 0, '', '2016-08-16 11:18:01', 1),
(15, '2014-15-3', '20', '', '', '', '', '2016-17', '7', '&#2354;&#2379;&#2325; &#2344;&#2367;&#2352;&#2381;&#2350;&#2366;&#2339; &#2357;&#2367;&#2349;&#2366;&#2327;', '11', '&#2360;&#2366;&#2350;&#2366;&#2344;&#2381;&#2351; &#2350;&#2342;', 'Road Development', '', '0000-00-00', '', 4, '', '', '10000000', 'aaa', '2016-09-01', '111', '10000000', 'कार्य पालन अभियंता', 'aaa', '2016-09-01', '', '11000000', 'आयुक्त', '10000000', '2016-09-01', '2016-09-01', 'above', 10, '11000000', '00', '00', '15', '0000-00-00', 'आयुक्त', '', 0, '2222', '2016-09-01', '3333', '2016-09-01', 'not_started', '', '0000-00-00', '', '', '2016-09-16', '0000-00-00', '', 'active', '0', '', '0', 0, 'SOR', 1, 0, 0, '2016-09-01 08:09:53', '', '', 1, 1, 1, 0, '', '2016-09-01 08:13:53', 0),
(16, '2016/DRG/16', '', '', 'ठेठवार पारा  ', '', '', '', '', 'Vidhyut ', '', '', 'Sadak Nirmand Hetu', '', '0000-00-00', 'Sadak Nirman', 0, '', '', '', '', '0000-00-00', '', '', '', '', '0000-00-00', '', '', '', '', '0000-00-00', '0000-00-00', '', 0, '', '', '', '', '0000-00-00', '', '', 0, '', '0000-00-00', '', '0000-00-00', '', '', '0000-00-00', '', '', '0000-00-00', '0000-00-00', '', '', '0', '', '0', 0, '', 0, 0, 0, '2016-09-19 11:57:13', '', '', 10, 0, 3, 0, '', '2016-09-19 11:59:23', 1),
(17, '2015/16/6', '20', '6', 'ठेठवार पारा  ', '1', '&#2342;&#2369;&#2352;&#2381;&#2327;', '2016-17', '15', '&#2354;&#2379;&#2325; &#2325;&#2352;&#2381;&#2350;  &#2357;&#2367;&#2349;&#2366;&#2327; ', '2', '&#2309;&#2343;&#2379;&#2360;&#2306;&#2352;&#2330;&#2344;&#2366; &#47; &#2357;&#2367;&#2325;&#2366;&#2360; &#2325;&#2366;&#2352;&#2381;&#2351;', 'testing_entit', '', '0000-00-00', 'testing_entit', 0, '', '', '50000', 'testing_entit', '2016-09-20', '236', '50000', 'कार्य पालन अभियंता', 'testing_entit', '2016-09-20', '', '50000', 'ज़ोन आयुक्त', '50000', '2016-09-20', '2016-09-29', 'above', 0, '', '0', '1', '0', '2016-09-20', 'निविदा समिति', '', 0, '256', '2016-09-20', '365', '2016-09-20', 'not_started', '', '0000-00-00', '', '', '2016-10-20', '0000-00-00', '', 'active', '0', '', '0', 0, '', 0, 0, 0, '2016-09-20 08:09:27', '', '', 1, 1, 1, 0, '', '2016-09-20 08:43:27', 0),
(18, '2016/17/7', '20', '59', 'कातुल बोर्ड पूर्व', '1', '&#2342;&#2369;&#2352;&#2381;&#2327;', '2016-17', '15', '&#2354;&#2379;&#2325; &#2325;&#2352;&#2381;&#2350;  &#2357;&#2367;&#2349;&#2366;&#2327; ', '2', '&#2309;&#2343;&#2379;&#2360;&#2306;&#2352;&#2330;&#2344;&#2366; &#47; &#2357;&#2367;&#2325;&#2366;&#2360; &#2325;&#2366;&#2352;&#2381;&#2351;', 'चंडी मंदिर चौक से पोलसायपारा तक सडक निर्माण', '', '0000-00-00', 'पोलसायपारा तक सडक निर्माण', 9, '', '', '400000', '', '0000-00-00', '', '', 'कार्य पालन अभियंता', '', '0000-00-00', '', '', 'आयुक्त', '50000', '2016-09-21', '2016-09-19', 'below', 1, '49500', '1', '3', '3', '2016-09-20', 'आयुक्त', '', 1, '1', '2016-09-20', '445', '2016-09-20', 'not_started', '', '0000-00-00', '', '', '1969-12-31', '0000-00-00', '', 'active', '0', '', '0', 0, 'SOR', 23, 0, 0, '2016-09-20 09:09:46', '', '', 17, 1, 21, 0, '', '2016-09-20 09:55:50', 0),
(19, '2016/DRG/19', '', '', 'अस्पताल वार्ड ', '', '', '', '', 'लोककर्म विभाग', '', '', 'गुमटी मरम्‍मत कार्य', '', '0000-00-00', 'गुमटी मरम्‍मत कार्य', 0, '', '', '', '', '0000-00-00', '', '', '', '', '0000-00-00', '', '', '', '', '0000-00-00', '0000-00-00', '', 0, '', '', '', '', '0000-00-00', '', '', 0, '', '0000-00-00', '', '0000-00-00', '', '', '0000-00-00', '', '', '0000-00-00', '0000-00-00', '', '', '0', '', '0', 0, '', 0, 0, 0, '2016-09-20 11:43:10', '', '', 17, 0, 21, 0, '', '2016-09-20 11:46:11', 1),
(20, '2016/17/8', '20', '6', 'ठेठवार पारा  ', '', '', '2016-17', '7', '&#2354;&#2379;&#2325; &#2344;&#2367;&#2352;&#2381;&#2350;&#2366;&#2339; &#2357;&#2367;&#2349;&#2366;&#2327;', '2', '&#2309;&#2343;&#2379;&#2360;&#2306;&#2352;&#2330;&#2344;&#2366; &#47; &#2357;&#2367;&#2325;&#2366;&#2360; &#2325;&#2366;&#2352;&#2381;&#2351;', 'सीमेन्‍ट सडक निर्माण कार्य', '', '0000-00-00', 'सीमेन्‍ट सडक निर्माण कार्य', 9, '', '', '400000', 'सीमेन्‍ट सडक निर्माण कार्य', '2016-09-22', '410', '400000', 'कार्य पालन अभियंता', '', '2016-09-23', '', '400000', 'आयुक्त', '50000', '2016-09-23', '2016-09-30', 'above', 0, '', '', '', '', '0000-00-00', '', '', 0, '', '0000-00-00', '', '0000-00-00', 'not_started', '', '0000-00-00', '', '', '1969-12-31', '0000-00-00', '', 'active', '0', '', '0', 0, 'SOR', 23, 0, 0, '2016-09-23 09:09:05', '', '', 1, 1, 1, 0, '', '2016-09-23 09:27:05', 0),
(21, '2016/17/10', '20', '6', 'ठेठवार पारा  ', '1', '&#2342;&#2369;&#2352;&#2381;&#2327;', '2016-17', '7', '&#2354;&#2379;&#2325; &#2344;&#2367;&#2352;&#2381;&#2350;&#2366;&#2339; &#2357;&#2367;&#2349;&#2366;&#2327;', '2', '&#2309;&#2343;&#2379;&#2360;&#2306;&#2352;&#2330;&#2344;&#2366; &#47; &#2357;&#2367;&#2325;&#2366;&#2360; &#2325;&#2366;&#2352;&#2381;&#2351;', 'वार्ड क्रं्01 में सड्क निर्माण कार्य', '', '0000-00-00', 'वार्ड क्रं्01 में सड्क निर्माण कार्य', 9, '', '', '400000', 'वार्ड क्रं्01 में सड्क निर्माण कार्य', '2016-09-27', '145', '400000', 'कार्य पालन अभियंता', '', '2016-09-26', '', '400000', 'आयुक्त', '', '0000-00-00', '0000-00-00', 'above', 0, '', '', '', '', '0000-00-00', '', '', 0, '', '0000-00-00', '', '0000-00-00', 'not_started', '', '0000-00-00', '', '', '1969-12-31', '0000-00-00', '', 'active', '0', '', '0', 0, 'SOR', 0, 0, 0, '2016-09-28 09:09:53', '', '', 17, 0, 21, 0, '', '2016-09-28 09:06:46', 0),
(22, '2014/15/11', '20', '16', 'सिकोला बस्ती  उत्तर', '1', '&#2342;&#2369;&#2352;&#2381;&#2327;', '2014-15', '15', '&#2354;&#2379;&#2325; &#2325;&#2352;&#2381;&#2350;  &#2357;&#2367;&#2349;&#2366;&#2327; ', '14', '&#2346;&#2366;&#2352;&#2381;&#2359;&#2342; &#2344;&#2367;&#2343;&#2367;', 'वार्ड क्रं;16 सिकोलाभाठा(उ) में नाली,सडक, पुलिया निर्माण कार्य ाा ', '', '0000-00-00', 'पार्षद निधि वर्ष 2014-15 अंतर्गत सिकोलाभाठा(उ) में नाली,सडक, पुलिया निर्माण कार्य ाा ', 31, '', '', '300000', '', '2015-06-15', '29', '300000', 'कार्य पालन अभियंता', '', '2015-06-18', '', '300000', 'आयुक्त', '300000', '2015-07-21', '2015-06-06', 'below', 21.01, '236970', '0', '3', '0', '2015-09-03', 'आयुक्त', '', 0, '', '2015-09-14', '169', '2015-09-15', 'not_started', '', '0000-00-00', '', '', '2015-12-15', '0000-00-00', '', 'active', '0', '', '0', 0, 'SOR', 2, 0, 0, '2016-09-28 10:09:20', '', '', 1, 1, 1, 0, '', '2016-09-28 10:30:20', 0),
(23, '2015/16/12', '', '', '', '', '', '', '', '', '', '', '', '', '0000-00-00', '', 0, '', '', '', '', '0000-00-00', '', '', '', '', '2015-08-06', '', '30', '', '', '0000-00-00', '0000-00-00', 'above', 0, '', '', '', '', '0000-00-00', '', '', 0, '', '0000-00-00', '', '0000-00-00', 'not_started', '', '0000-00-00', '', '', '1969-12-31', '0000-00-00', '', 'active', '0', '', '0', 0, '', 0, 0, 0, '2016-09-28 10:09:36', '', '', 1, 1, 1, 0, '', '2016-09-28 11:01:52', 0),
(24, '2014/15/13', '20', '60', 'कातुल बोर्ड पश्चिम', '1', '&#2342;&#2369;&#2352;&#2381;&#2327;', '2014-15', '15', '&#2354;&#2379;&#2325; &#2325;&#2352;&#2381;&#2350;  &#2357;&#2367;&#2349;&#2366;&#2327; ', '14', '&#2346;&#2366;&#2352;&#2381;&#2359;&#2342; &#2344;&#2367;&#2343;&#2367;', 'कातुलबाेर्ड स्‍टील कालोनी सामुु. भवन निर्माण किया गाय', '', '0000-00-00', 'कातुलबाेर्ड स्‍टील कालोनी सामुु. भवन निर्माण किया गाय', 28, '', '', '300000', '', '0000-00-00', '', '', 'मुख्य अभियंता', '', '0000-00-00', '', '', '', '', '0000-00-00', '0000-00-00', 'above', 0, '', '', '', '', '0000-00-00', '', '', 0, '', '0000-00-00', '', '0000-00-00', 'not_started', '', '0000-00-00', '', '', '1969-12-31', '0000-00-00', '', 'active', '0', '', '0', 0, 'SOR', 23, 0, 0, '2016-10-05 07:10:14', '', '', 1, 1, 1, 0, '', '2016-10-05 07:40:15', 0),
(25, '2014/15/14', '20', '47', 'सिविल लाइन उत्तर', '1', '&#2342;&#2369;&#2352;&#2381;&#2327;', '2014-15', '15', '&#2354;&#2379;&#2325; &#2325;&#2352;&#2381;&#2350;  &#2357;&#2367;&#2349;&#2366;&#2327; ', '14', '&#2346;&#2366;&#2352;&#2381;&#2359;&#2342; &#2344;&#2367;&#2343;&#2367;', 'वार्ड क्रं.48 खेल मैैदान समतलीकरण एवं झूला व गार्डन चंया प्रदय कार्य ाा', '', '0000-00-00', 'वार्ड क्रं.48 खेल मैैदान समतलीकरण एवं झूला व गार्डन चंया प्रदय कार्य ाा', 31, '', '', '300000', 'वार्ड क्रं.48 खेल मैैदान समतलीकरण एवं झूला व गार्डन चंया प्रदय कार्य ाा', '0000-00-00', '', '300000', 'कार्य पालन अभियंता', 'वार्ड क्रं.48 खेल मैैदान समतलीकरण एवं झूला व गार्डन चंया प्रदय कार्य ाा', '2012-07-03', '', '300000', 'आयुक्त', '300000', '2015-07-21', '2015-08-06', 'below', 14.1, '257700', '', '03', '', '2015-11-26', 'आयुक्त', '', 0, '', '2015-12-15', '08', '2016-04-13', 'not_started', '', '0000-00-00', '', '', '1969-12-31', '0000-00-00', '', 'active', '0', '', '0', 0, 'SOR', 23, 0, 0, '2016-10-07 06:10:57', '', '', 1, 1, 1, 0, '', '2016-10-07 06:08:58', 0),
(26, '2014/15/17', '20', '', '', '', '', '2014-15', '15', '&#2354;&#2379;&#2325; &#2325;&#2352;&#2381;&#2350;  &#2357;&#2367;&#2349;&#2366;&#2327; ', '14', '&#2346;&#2366;&#2352;&#2381;&#2359;&#2342; &#2344;&#2367;&#2343;&#2367;', 'वार्ड क्रं.12 नाली निर्माण कार्य', '', '0000-00-00', 'वार्ड क्रं.12 नाली निर्माण कार्य', 17, '', '', '2,03000', 'वार्ड क्रं.12 नाली निर्माण कार्य', '0000-00-00', '', '2,03000', 'कार्य पालन अभियंता', 'वार्ड क्रं.12 नाली निर्माण कार्य', '2015-11-10', '', '2,03000', 'आयुक्त', '2,03000', '2015-09-09', '2015-09-25', 'below', 16.15, 'NaN', '', '02', '', '0000-00-00', 'आयुक्त', '', 0, '', '0000-00-00', '', '0000-00-00', 'not_started', '', '0000-00-00', '', '', '1969-12-31', '0000-00-00', '', 'active', '0', '', '0', 0, 'SOR', 24, 0, 0, '2016-10-07 07:10:05', '', '', 1, 1, 1, 0, '', '2016-10-07 07:21:06', 0),
(27, '2014/15/18', '20', '26', 'संतरा बाड़ी ', '1', '&#2342;&#2369;&#2352;&#2381;&#2327;', '2014-15', '15', '&#2354;&#2379;&#2325; &#2325;&#2352;&#2381;&#2350;  &#2357;&#2367;&#2349;&#2366;&#2327; ', '14', '&#2346;&#2366;&#2352;&#2381;&#2359;&#2342; &#2344;&#2367;&#2343;&#2367;', 'वार्ड 26 नाली,सडक सीमेंटीकरण का कार्य किया गया', '', '0000-00-00', 'वार्ड 26 नाली,सडक सीमेंटीकरण का कार्य किया गया', 17, '', '', '300000', 'वार्ड 26 नाली,सडक सीमेंटीकरण का कार्य किया गया', '2015-05-08', '', '300000', 'मुख्य अभियंता', 'वार्ड 26 नाली,सडक सीमेंटीकरण का कार्य किया गया', '2015-11-10', '', '300000', 'आयुक्त', '300000', '2015-08-10', '2015-09-25', 'below', 13.1, '260700', '', '3', '', '2015-05-08', 'आयुक्त', '', 0, '', '2015-12-01', '2964', '0000-00-00', 'not_started', '', '0000-00-00', '', '', '1969-12-31', '0000-00-00', '', 'active', '0', '', '0', 0, 'SOR', 24, 0, 0, '2016-10-13 10:10:42', '', '', 1, 1, 1, 0, '', '2016-10-13 10:22:42', 0),
(28, '2014/15/20', '20', '52', 'बोरसी दक्षिण', '1', '&#2342;&#2369;&#2352;&#2381;&#2327;', '2014-15', '15', '&#2354;&#2379;&#2325; &#2325;&#2352;&#2381;&#2350;  &#2357;&#2367;&#2349;&#2366;&#2327; ', '14', '&#2346;&#2366;&#2352;&#2381;&#2359;&#2342; &#2344;&#2367;&#2343;&#2367;', 'वार्ड 52 बोरसी के तालाब में घाट निर्माण एंव टो वाल निर्माण', '', '0000-00-00', 'वार्ड 52 बोरसी के तालाब में घाट निर्माण एंव टो वाल निर्माण', 31, '', '', '300000', 'वार्ड 52 बोरसी के तालाब में घाट निर्माण एंव टो वाल निर्माण', '2015-10-02', '', '300000', 'मुख्य अभियंता', 'वार्ड 52 बोरसी के तालाब में घाट निर्माण एंव टो वाल निर्माण', '2015-10-02', '', '300000', 'आयुक्त', '300000', '0000-00-00', '0000-00-00', 'below', 8.89, '273330', '', '3', '', '2015-09-02', 'आयुक्त', '', 0, '', '0000-00-00', '170', '2015-09-15', 'not_started', '', '0000-00-00', '', '', '1969-12-31', '0000-00-00', '', 'active', '0', '', '0', 0, 'SOR', 24, 0, 0, '2016-10-13 11:10:33', '', '', 1, 1, 1, 0, '', '2016-10-13 11:03:33', 0),
(29, '2015/16/21', '20', '50', 'बोरसी पूर्व ', '1', '&#2342;&#2369;&#2352;&#2381;&#2327;', '2015-16', '15', '&#2354;&#2379;&#2325; &#2325;&#2352;&#2381;&#2350;  &#2357;&#2367;&#2349;&#2366;&#2327; ', '14', '&#2346;&#2366;&#2352;&#2381;&#2359;&#2342; &#2344;&#2367;&#2343;&#2367;', 'वार्ड 52 बोरसी के नाली,पुलिया निर्माण किया गया ', '', '0000-00-00', 'वार्ड 52 बोरसी के नाली,पुलिया निर्माण किया गया ', 0, '', '', '400000', 'वार्ड 52 बोरसी के नाली,पुलिया निर्माण किया गया ', '2016-02-08', '', '400000', 'मुख्य अभियंता', 'वार्ड 52 बोरसी के नाली,पुलिया निर्माण किया गया ', '2016-05-08', '', '400000', 'आयुक्त', '400000', '0000-00-00', '0000-00-00', 'below', 8.2, '367200', '', '3', '', '2016-03-08', 'आयुक्त', '', 0, '', '0000-00-00', '', '0000-00-00', 'not_started', '', '0000-00-00', '', '', '1969-12-31', '0000-00-00', '', 'active', '0', '', '0', 0, 'SOR', 24, 0, 0, '2016-10-13 12:10:08', '', '', 1, 1, 1, 0, '', '2016-10-13 12:01:08', 0),
(30, '2014/15/22', '20', '19', 'शहीद भगत सिंह वार्ड दक्षिण ', '1', '&#2342;&#2369;&#2352;&#2381;&#2327;', '2014-15', '15', '&#2354;&#2379;&#2325; &#2325;&#2352;&#2381;&#2350;  &#2357;&#2367;&#2349;&#2366;&#2327; ', '14', '&#2346;&#2366;&#2352;&#2381;&#2359;&#2342; &#2344;&#2367;&#2343;&#2367;', 'वार्ड 19 ,शहीद भगत सिंह में भिविन्‍न स्‍थानों पर नाली निर्माण का कार्य किया गया', '', '0000-00-00', 'वार्ड 19 ,शहीद भगत सिंह में भिविन्‍न स्‍थानों पर नाली निर्माण का कार्य किया गया', 17, '', '', '300000', 'वार्ड 19 ,शहीद भगत सिंह में भिविन्‍न स्‍थानों पर नाली निर्माण का कार्य किया गया', '2015-05-08', '', '300000', 'मुख्य अभियंता', 'वार्ड 19 ,शहीद भगत सिंह में भिविन्‍न स्‍थानों पर नाली निर्माण का कार्य किया गया', '2015-11-20', '', '300000', 'आयुक्त', '300000', '2016-02-06', '0000-00-00', 'below', 24.25, '227250', '', '3', '', '2015-12-06', 'आयुक्त', '', 0, '', '0000-00-00', '382', '2016-02-19', 'not_started', '', '0000-00-00', '', '', '1969-12-31', '0000-00-00', '', 'active', '0', '', '0', 0, 'SOR', 24, 0, 0, '2016-10-14 06:10:46', '', '', 1, 1, 1, 0, '', '2016-10-14 06:58:46', 0),
(31, '2015/16/23', '20', '60', 'कातुल बोर्ड पश्चिम', '1', '&#2342;&#2369;&#2352;&#2381;&#2327;', '2015-16', '15', '&#2354;&#2379;&#2325; &#2325;&#2352;&#2381;&#2350;  &#2357;&#2367;&#2349;&#2366;&#2327; ', '14', '&#2346;&#2366;&#2352;&#2381;&#2359;&#2342; &#2344;&#2367;&#2343;&#2367;', 'वार्ड  49 विघुतनगर में नाली निर्माण कार्य', '', '0000-00-00', 'वार्ड  49 विघुतनगर में नाली निर्माण कार्य', 17, '', '', '400000', 'वार्ड  49 विघुतनगर में नाली निर्माण कार्य', '2016-03-08', '', '400000', 'मुख्य अभियंता', 'वार्ड  49 विघुतनगर में नाली निर्माण कार्य', '2016-03-08', '', '400000', 'आयुक्त', '400000', '2016-02-08', '0000-00-00', 'below', 10, '360000', '', '3', '', '2016-03-08', '', '', 0, '', '0000-00-00', '429', '2016-03-17', 'not_started', '', '0000-00-00', '', '', '1969-12-31', '0000-00-00', '', 'active', '0', '', '0', 0, 'SOR', 24, 0, 0, '2016-10-14 09:10:47', '', '', 1, 1, 1, 0, '', '2016-10-14 09:09:47', 0),
(32, '2015/16/24', '20', '53', 'पोटियाकला उत्तर', '1', '&#2342;&#2369;&#2352;&#2381;&#2327;', '2015-16', '15', '&#2354;&#2379;&#2325; &#2325;&#2352;&#2381;&#2350;  &#2357;&#2367;&#2349;&#2366;&#2327; ', '14', '&#2346;&#2366;&#2352;&#2381;&#2359;&#2342; &#2344;&#2367;&#2343;&#2367;', 'वार्ड 53, पोटियाकला  में नाली,पुलिया का निर्माण कार्य', '', '0000-00-00', 'वार्ड 53, पोटियाकला  में नाली,पुलिया का निर्माण कार्य', 17, '', '', '400000', 'वार्ड 53, पोटियाकला  में नाली,पुलिया का निर्माण कार्य', '2016-03-08', '166', '400000', 'मुख्य अभियंता', 'वार्ड 53, पोटियाकला  में नाली,पुलिया का निर्माण कार्य', '2016-02-08', '', '400000', 'आयुक्त', '400000', '2016-01-21', '2016-02-09', 'below', 9, '364000', '', '3', '', '2016-02-09', 'आयुक्त', '', 0, '', '2016-03-11', '426', '2016-03-14', 'not_started', '', '0000-00-00', '', '', '1969-12-31', '0000-00-00', '', 'active', '0', '', '0', 0, 'SOR', 24, 0, 0, '2016-10-14 10:10:45', '', '', 1, 1, 1, 0, '', '2016-10-14 10:33:46', 0),
(33, '2014/15/25', '20', '1', 'नया पारा', '1', '&#2342;&#2369;&#2352;&#2381;&#2327;', '2014-15', '15', '&#2354;&#2379;&#2325; &#2325;&#2352;&#2381;&#2350;  &#2357;&#2367;&#2349;&#2366;&#2327; ', '14', '&#2346;&#2366;&#2352;&#2381;&#2359;&#2342; &#2344;&#2367;&#2343;&#2367;', 'वार्ड 1नयापारा नाली,निर्माण एंव प्‍लेट फाम निर्माण कार्य', '', '0000-00-00', 'वार्ड 1नयापारा नाली,निर्माण एंव प्‍लेट फाम निर्माण कार्य', 17, '', '', '300000', 'वार्ड 1नयापारा नाली,निर्माण एंव प्‍लेट फाम निर्माण कार्य', '2015-05-08', '', '300000', 'मुख्य अभियंता', 'वार्ड 1नयापारा नाली,निर्माण एंव प्‍लेट फाम निर्माण कार्य', '2015-11-23', '', '300000', 'आयुक्त', '300000', '2016-09-04', '2016-09-25', 'below', 23, '231000', '', '3', '', '0000-00-00', 'आयुक्त', '', 0, '', '2015-12-16', '282', '2015-12-17', 'not_started', '', '0000-00-00', '', '', '1969-12-31', '0000-00-00', '', 'active', '0', '', '0', 0, 'SOR', 24, 0, 0, '2016-10-14 11:10:19', '', '', 1, 1, 1, 0, '', '2016-10-14 11:09:20', 0),
(34, '2014/15/26', '20', '42', 'कसारीडीह पश्चिम', '1', '&#2342;&#2369;&#2352;&#2381;&#2327;', '2014-15', '15', '&#2354;&#2379;&#2325; &#2325;&#2352;&#2381;&#2350;  &#2357;&#2367;&#2349;&#2366;&#2327; ', '14', '&#2346;&#2366;&#2352;&#2381;&#2359;&#2342; &#2344;&#2367;&#2343;&#2367;', 'वार्ड 43 कसारीडीह नाली निर्माण, पुलिया निर्माण कार्य', '', '0000-00-00', 'वार्ड 43 कसारीडीह नाली निर्माण, पुलिया निर्माण कार्य', 0, '', '', '300000', 'वार्ड 43 कसारीडीह नाली निर्माण, पुलिया निर्माण कार्य', '2015-10-20', '152', '300000', 'मुख्य अभियंता', 'वार्ड 43 कसारीडीह नाली निर्माण, पुलिया निर्माण कार्य', '2015-11-20', '', '300000', 'आयुक्त', '300000', '2015-09-24', '2015-09-25', 'below', 23.5, '229500', '', '3', '', '2015-09-25', 'आयुक्त', '', 0, '', '2016-01-14', '331', '2016-01-18', 'not_started', '', '0000-00-00', '', '', '1969-12-31', '0000-00-00', '', 'active', '0', '', '0', 0, 'SOR', 24, 0, 0, '2016-10-14 11:10:16', '', '', 1, 1, 1, 0, '', '2016-10-14 11:35:17', 0),
(35, '2014/15/27', '20', '33', 'चंडी मंदिर वार्ड ', '1', '&#2342;&#2369;&#2352;&#2381;&#2327;', '2014-15', '15', '&#2354;&#2379;&#2325; &#2325;&#2352;&#2381;&#2350;  &#2357;&#2367;&#2349;&#2366;&#2327; ', '14', '&#2346;&#2366;&#2352;&#2381;&#2359;&#2342; &#2344;&#2367;&#2343;&#2367;', 'वार्ड 33 चंडी मंदिर नीली,पुलिया का निर्माण किया गया', '', '0000-00-00', 'वार्ड 33 चंडी मंदिर नीली,पुलिया का निर्माण किया गया', 17, '', '', '200000', 'वार्ड 33 चंडी मंदिर नीली,पुलिया का निर्माण किया गया', '2015-08-01', '110', '200000', 'मुख्य अभियंता', 'वार्ड 33 चंडी मंदिर नीली,पुलिया का निर्माण किया गया', '2015-08-03', '', '200000', 'आयुक्त', '200000', '2015-05-08', '2015-09-25', 'below', 22.92, '154160', '', '2', '', '0000-00-00', 'आयुक्त', '', 0, '', '2015-12-07', '257', '2015-12-08', 'not_started', '', '0000-00-00', '', '', '1969-12-31', '0000-00-00', '', 'active', '0', '', '0', 0, 'SOR', 24, 0, 0, '2016-10-17 06:10:51', '', '', 1, 1, 1, 0, '', '2016-10-17 06:14:52', 0);

-- --------------------------------------------------------

--
-- Table structure for table `file`
--

CREATE TABLE IF NOT EXISTS `file` (
  `file_id` int(11) NOT NULL,
  `file_no` varchar(100) NOT NULL,
  `letters` varchar(500) NOT NULL,
  `d_id` int(11) NOT NULL,
  `des_id` int(11) NOT NULL,
  `recive` int(11) NOT NULL DEFAULT '1',
  `open_status` int(11) NOT NULL,
  `open_date` varchar(100) DEFAULT NULL,
  `open_by_des` int(11) NOT NULL,
  `create_date` varchar(100) DEFAULT NULL
) ENGINE=InnoDB AUTO_INCREMENT=125 DEFAULT CHARSET=latin1;

--
-- Dumping data for table `file`
--

INSERT INTO `file` (`file_id`, `file_no`, `letters`, `d_id`, `des_id`, `recive`, `open_status`, `open_date`, `open_by_des`, `create_date`) VALUES
(103, '2016/FILEDRG/103', '20,21', 17, 6, 0, 0, '2016-04-12 13:38:06', 0, '2016-04-11 11:14:54'),
(105, '2016/FILEDRG/105', '19', 4, 18, 1, 1, '2016-04-12 14:06:55', 18, '2016-04-11 11:18:58'),
(106, '2016/FILEDRG/106', '22,23', 3, 17, 1, 1, '2016-04-12 13:35:41', 17, '2016-04-12 08:50:40'),
(107, '2016/FILEDRG/107', '14,22,23', 3, 17, 1, 1, '2016-04-12 13:35:41', 17, '2016-04-12 09:29:33'),
(108, '2016/FILEDRG/108', '23,24', 3, 17, 1, 1, '2016-04-12 13:35:41', 17, '2016-04-12 11:10:12'),
(109, '2016/FILEDRG/109', '22,23,24', 3, 19, 1, 1, '2016-04-27 12:04:23', 19, '2016-04-12 12:23:45'),
(110, '2016/FILEDRG/110', '20,21', 3, 19, 0, 0, '2016-04-12 13:43:06', 0, '2016-04-12 12:25:06'),
(111, '2016/FILEDRG/111', '19', 3, 19, 0, 0, '2016-04-13 06:38:48', 0, '2016-04-12 14:08:11'),
(112, '2016/FILEDRG/112', '25,26,27', 3, 17, 1, 1, '2016-04-13 09:32:38', 17, '2016-04-12 14:10:32'),
(113, '2016/FILEDRG/113', '25,26,27', 3, 17, 1, 1, '2016-04-13 09:38:24', 17, '2016-04-13 07:26:10'),
(115, '2016/FILEDRG/115', '28,29', 4, 18, 1, 1, '2016-04-13 13:01:05', 18, '2016-04-13 09:39:45'),
(118, '2016/FILEDRG/116', '29', 3, 17, 0, 0, '2016-04-13 13:09:12', 0, '2016-04-13 13:08:57'),
(119, '2016/FILEDRG/119', '32,33', 3, 17, 1, 1, '2016-04-19 08:21:05', 17, '2016-04-19 08:11:11'),
(120, '2016/FILEDRG/120', '30', 3, 17, 1, 1, '2016-04-20 09:49:51', 17, '2016-04-20 09:48:35'),
(121, '2016/FILEDRG/121', '31,34', 3, 19, 0, 0, '2016-04-27 11:36:06', 0, '2016-04-27 11:30:42'),
(122, '2016/FILEDRG/122', '35,36', 17, 6, 0, 0, '2016-04-27 11:50:45', 0, '2016-04-27 11:44:33'),
(123, '2016/FILEDRG/123', '28', 3, 17, 1, 1, '2016-04-29 05:44:37', 17, '2016-04-29 05:38:08'),
(124, '2016/FILEDRG/124', '38,39', 2, 16, 1, 1, '2016-09-20 15:33:53', 16, '2016-09-20 15:33:23');

-- --------------------------------------------------------

--
-- Table structure for table `file_process`
--

CREATE TABLE IF NOT EXISTS `file_process` (
  `id` int(11) NOT NULL,
  `p_id` int(11) NOT NULL,
  `project_id` varchar(100) NOT NULL,
  `collected_by` varchar(100) NOT NULL,
  `demand_note` varchar(100) NOT NULL,
  `remark` varchar(100) NOT NULL,
  `date` date NOT NULL,
  `datetime` varchar(100) DEFAULT NULL,
  `receive` int(11) NOT NULL DEFAULT '0',
  `receive_by` varchar(100) NOT NULL,
  `receive_note` varchar(100) NOT NULL,
  `receive_remark` varchar(100) NOT NULL,
  `receive_date` date NOT NULL,
  `receive_datetime` varchar(100) DEFAULT NULL,
  `user_id` int(11) NOT NULL,
  `d_id` int(11) NOT NULL,
  `des_id` int(11) NOT NULL,
  `to_d_id` int(11) NOT NULL,
  `to_des_id` int(11) NOT NULL
) ENGINE=InnoDB AUTO_INCREMENT=22 DEFAULT CHARSET=latin1;

--
-- Dumping data for table `file_process`
--

INSERT INTO `file_process` (`id`, `p_id`, `project_id`, `collected_by`, `demand_note`, `remark`, `date`, `datetime`, `receive`, `receive_by`, `receive_note`, `receive_remark`, `receive_date`, `receive_datetime`, `user_id`, `d_id`, `des_id`, `to_d_id`, `to_des_id`) VALUES
(1, 2, '2016-17-1', 'sadas', 'asdas', 'asd', '2016-03-11', '2016-03-11 13:18:34', 1, '', '', '', '2016-03-11', '2016-03-11 13:19:29', 1, 1, 1, 10, 3),
(2, 2, '2016-17-1', 'dsfsdf', 'dsfs', 'sdfsd', '2016-03-12', '2016-03-12 06:06:44', 1, '', '', '', '2016-03-12', '2016-03-12 12:04:07', 2, 10, 3, 11, 2),
(3, 3, '2016-DRG-3', 'ddsf', 'dsfds', 'sdfsd', '2016-03-12', '2016-03-12 12:29:50', 1, '', '', '', '2016-03-12', '2016-03-12 12:30:15', 1, 1, 1, 10, 3),
(4, 3, '2016-DRG-3', 'dsfdsf', 'dsfsdf', 'dsfdsf', '2016-03-12', '2016-03-12 12:34:51', 1, '', '', '', '2016-03-12', '2016-03-12 12:40:29', 6, 10, 3, 10, 8),
(5, 3, '2016-DRG-3', 'dfgdfg', 'dfgdg', 'dfgd', '2016-03-12', '2016-03-12 12:40:41', 0, '', '', '', '0000-00-00', '2016-03-12 12:40:41', 6, 10, 3, 10, 9),
(6, 4, '2016-DRG-4', 'sds', 'dsdas', 'asdas', '2016-03-12', '2016-03-12 12:54:15', 1, '', '', '', '2016-03-12', '2016-03-12 12:54:50', 1, 1, 1, 10, 3),
(7, 4, '2016-DRG-4', 'ssssssss', 'sssssssss', 'sssssssss', '2016-03-12', '2016-03-12 12:55:12', 1, '', '', '', '2016-03-12', '2016-03-12 13:17:37', 6, 10, 3, 1, 8),
(8, 4, '2016-DRG-4', 'dsfsdf', 'sdfsf', 'sdfsd', '2016-03-12', '2016-03-12 13:20:09', 1, '', '', '', '2016-03-12', '2016-03-12 13:20:26', 4, 1, 8, 10, 3),
(9, 4, '2016-DRG-4', 'sdfsdfsdf', 'sdfdsf', 'dsfdsf', '2016-03-12', '2016-03-12 13:20:46', 1, '', '', '', '2016-03-12', '2016-03-12 13:24:32', 6, 10, 3, 1, 9),
(10, 6, '2016-DRG-6', 'dfgdf', 'gdfgdfg', 'dfgdf', '2016-03-14', '2016-03-14 10:24:23', 1, '', '', '', '2016-03-14', '2016-03-14 10:24:43', 1, 1, 1, 10, 3),
(11, 6, '2016-DRG-6', 'cxvxcv', 'xcvxcv', 'xcvx', '2016-03-14', '2016-03-14 10:25:08', 0, '', '', '', '0000-00-00', '2016-03-14 10:25:08', 6, 10, 3, 10, 4),
(12, 7, '2009/10/4', 'fg', 'dgdfg', 'dfgdfg', '2016-04-11', '2016-04-11 06:59:14', 1, '', '', '', '2016-08-16', '2016-08-16 10:21:03', 1, 1, 1, 10, 3),
(13, 3, '2016-DRG-3', 'asdas', 'aaSAS', 'ASAs', '2016-05-19', '2016-05-19 13:07:21', 0, '', '', '', '0000-00-00', '2016-05-19 13:07:21', 5, 1, 9, 10, 4),
(14, 8, '2016/DRG/8', 'dsfsd', 'fsdfsdf', 'dsf', '2016-08-16', '2016-08-16 10:19:43', 0, '', '', '', '0000-00-00', '2016-08-16 10:19:43', 1, 1, 1, 10, 4),
(15, 7, '2009/10/4', 'dfds', 'sdfsdfsd', 'sfsdf', '2016-08-16', '2016-08-16 10:21:47', 1, '', '', '', '2016-08-16', '2016-08-16 10:25:40', 6, 10, 3, 11, 2),
(16, 9, '2016/DRG/9', 'easdf', 'asf', 'asdf', '2016-08-16', '2016-08-16 11:03:16', 1, '', '', '', '2016-08-16', '2016-08-16 11:04:04', 1, 1, 1, 1, 8),
(17, 14, '2016/DRG/14', 'head engineer ', 'power problem', 'urgent', '2016-08-16', '2016-08-16 11:12:35', 1, '', '', '', '2016-08-16', '2016-08-16 11:18:01', 1, 1, 1, 10, 4),
(18, 16, '2016/DRG/16', 'Ramesh', 'ok', 'ok', '2016-09-19', '2016-09-19 11:59:23', 0, '', '', '', '0000-00-00', '2016-09-19 11:59:23', 1, 1, 1, 10, 3),
(19, 18, '2016/17/7', '????', '?', '?', '2016-09-20', '2016-09-20 09:43:15', 1, '', '', '', '2016-09-20', '2016-09-20 09:45:32', 1, 1, 1, 17, 21),
(20, 19, '2016/DRG/19', '???????', '???', '???', '2016-09-20', '2016-09-20 11:46:11', 0, '', '', '', '0000-00-00', '2016-09-20 11:46:11', 1, 1, 1, 17, 21),
(21, 21, '2016/17/10', 'clerk sinha', '141', '141', '2016-09-28', '2016-09-28 09:06:46', 0, '', '', '', '0000-00-00', '2016-09-28 09:06:46', 1, 1, 1, 17, 21);

-- --------------------------------------------------------

--
-- Table structure for table `financial_status`
--

CREATE TABLE IF NOT EXISTS `financial_status` (
  `sno` int(11) NOT NULL,
  `work_id` int(11) NOT NULL,
  `fstatus` varchar(100) COLLATE utf8_bin NOT NULL,
  `fpercent` varchar(50) COLLATE utf8_bin NOT NULL,
  `fdate` date NOT NULL
) ENGINE=InnoDB DEFAULT CHARSET=utf8 COLLATE=utf8_bin;

-- --------------------------------------------------------

--
-- Table structure for table `fin_year`
--

CREATE TABLE IF NOT EXISTS `fin_year` (
  `sno` int(11) NOT NULL,
  `fyear` varchar(10) COLLATE utf8_bin NOT NULL
) ENGINE=InnoDB AUTO_INCREMENT=16 DEFAULT CHARSET=utf8 COLLATE=utf8_bin;

--
-- Dumping data for table `fin_year`
--

INSERT INTO `fin_year` (`sno`, `fyear`) VALUES
(1, '2004-05'),
(2, '2005-06'),
(3, '2006-07'),
(4, '2007-08'),
(5, '2008-09'),
(6, '2009-10'),
(7, '2010-11'),
(8, '2011-12'),
(9, '2012-13'),
(10, '2013-14'),
(11, '2014-15'),
(12, '2015-16'),
(13, '2016-17'),
(14, '2017-18'),
(15, '2018-19');

-- --------------------------------------------------------

--
-- Table structure for table `head_mad`
--

CREATE TABLE IF NOT EXISTS `head_mad` (
  `head_mad_id` int(11) NOT NULL,
  `head_mad_name` varchar(200) CHARACTER SET utf8 COLLATE utf8_bin NOT NULL
) ENGINE=MyISAM AUTO_INCREMENT=5 DEFAULT CHARSET=latin1;

--
-- Dumping data for table `head_mad`
--

INSERT INTO `head_mad` (`head_mad_id`, `head_mad_name`) VALUES
(1, 'केंद्र प्रवर्तित योजना'),
(2, 'राज्य प्रवर्तित योजना'),
(3, 'अधोसंरचना मद'),
(4, 'कलेक्टर सेक्टर ');

-- --------------------------------------------------------

--
-- Table structure for table `homad_rec`
--

CREATE TABLE IF NOT EXISTS `homad_rec` (
  `sno` int(11) NOT NULL,
  `yojana_mad_no` varchar(10) COLLATE utf8_bin NOT NULL,
  `yojana_mad` varchar(300) COLLATE utf8_bin NOT NULL,
  `edate` date NOT NULL,
  `bank_name` varchar(100) COLLATE utf8_bin NOT NULL,
  `check_acno` varchar(50) COLLATE utf8_bin NOT NULL,
  `check_acdate` date NOT NULL,
  `ho_amt` varchar(100) COLLATE utf8_bin NOT NULL,
  `app_no` varchar(100) COLLATE utf8_bin NOT NULL,
  `app_date` date NOT NULL,
  `app_name` varchar(100) COLLATE utf8_bin NOT NULL,
  `remark` varchar(500) COLLATE utf8_bin NOT NULL
) ENGINE=InnoDB AUTO_INCREMENT=2 DEFAULT CHARSET=utf8 COLLATE=utf8_bin;

--
-- Dumping data for table `homad_rec`
--

INSERT INTO `homad_rec` (`sno`, `yojana_mad_no`, `yojana_mad`, `edate`, `bank_name`, `check_acno`, `check_acdate`, `ho_amt`, `app_no`, `app_date`, `app_name`, `remark`) VALUES
(1, '2', '&#2309;&#2343;&#2379;&#2360;&#2306;&#2352;&#2330;&#2344;&#2366; &#47; &#2357;&#2367;&#2325;&#2366;&#2360; &#2325;&#2366;&#2352;&#2381;&#2351;', '2016-09-20', 'SBI BAK', '12345', '2016-09-20', '50000', '2365', '2016-09-20', 'आयुक्त', '');

-- --------------------------------------------------------

--
-- Table structure for table `letter_entry`
--

CREATE TABLE IF NOT EXISTS `letter_entry` (
  `letter_id` int(11) NOT NULL,
  `letter_no` varchar(50) COLLATE utf8_bin NOT NULL,
  `letter_name` varchar(200) CHARACTER SET utf8 NOT NULL,
  `letter_details` varchar(200) COLLATE utf8_bin NOT NULL,
  `entry_date` varchar(100) COLLATE utf8_bin DEFAULT NULL,
  `remark` varchar(300) COLLATE utf8_bin NOT NULL,
  `extra` varchar(200) COLLATE utf8_bin NOT NULL,
  `d_id` int(11) NOT NULL DEFAULT '2',
  `receive` int(11) NOT NULL DEFAULT '1',
  `des_id` int(11) NOT NULL DEFAULT '16',
  `close` int(11) NOT NULL DEFAULT '0',
  `close_remark` varchar(100) CHARACTER SET utf8mb4 COLLATE utf8mb4_swedish_ci NOT NULL,
  `close_date` varchar(100) COLLATE utf8_bin DEFAULT NULL,
  `in_file` int(11) NOT NULL,
  `file_id` int(11) NOT NULL
) ENGINE=InnoDB AUTO_INCREMENT=40 DEFAULT CHARSET=utf8 COLLATE=utf8_bin;

--
-- Dumping data for table `letter_entry`
--

INSERT INTO `letter_entry` (`letter_id`, `letter_no`, `letter_name`, `letter_details`, `entry_date`, `remark`, `extra`, `d_id`, `receive`, `des_id`, `close`, `close_remark`, `close_date`, `in_file`, `file_id`) VALUES
(14, '2016/LTRDRG/1', 'fghfh', 'gfhfghfgh', '2016-04-08 18:30:00', 'fghfg', 'hgfhfgh', 10, 1, 4, 0, '', '2016-08-16 11:20:24', 0, 0),
(15, '2016/LTRDRG/15', 'dfgdfg', 'dfgdfgdf', '2016-04-09 11:03:29', 'gdgdfg', 'dfgdfg', 2, 0, 1, 0, '', '2016-04-11 07:35:29', 0, 0),
(16, '2016/LTRDRG/16', 'dfgdfg', 'dfgdfg', '2016-04-09 12:51:48', 'dfgdfgdfg', 'hgfhfgh', 1, 0, 1, 0, '', '2016-04-11 07:35:31', 0, 0),
(17, '2016/LTRDRG/17', 'thgfh', 'hfghfghg', '2016-04-09 12:53:26', 'fhfh', 'fghfh', 1, 0, 1, 0, '', '2016-04-11 07:35:34', 0, 0),
(18, '2016/LTRDRG/18', 'vcbc', 'bcvbcv', '2016-04-09 12:55:30', 'bcvbc', 'vbcvb', 10, 1, 3, 0, '', '2016-04-11 09:21:55', 0, 0),
(19, '2016/LTRDRG/19', 'cvbv', 'bcvbcvb', '2016-04-11 08:14:04', 'cvbcvb', 'cvbcvb', 4, 1, 18, 0, '', '2016-04-12 14:08:11', 1, 111),
(20, '2016/LTRDRG/20', 'dfgdfg', 'dfgdfg', '2016-04-11 09:46:15', 'dfg', 'gdfgfd', 3, 1, 17, 0, '', '2016-04-12 12:25:05', 1, 110),
(21, '2016/LTRDRG/21', 'cfgdfgdfg', 'fdgdf', '2016-04-11 09:47:24', 'dfg', 'dfgdf', 3, 1, 17, 0, '', '2016-04-12 12:25:06', 1, 110),
(22, '2016/LTRDRG/22', 'dkltr', 'dsfsdfsdf', '2016-04-12 07:58:36', 'kjhjkghj', 'kjhj', 3, 1, 19, 0, '', '2016-04-27 12:04:23', 0, 0),
(23, '2016/LTRDRG/23', 'dfg', 'dfgdf', '2016-04-12 08:01:33', 'gdfg', 'dfg', 3, 1, 19, 0, '', '2016-04-27 12:04:23', 0, 0),
(24, '2016/LTRDRG/24', 'fgfdg', 'dfgdfg', '2016-04-12 11:08:13', 'dfgdf', 'gdfgdfg', 3, 1, 19, 0, '', '2016-04-27 12:04:23', 0, 0),
(25, '2016/LTRDRG/25', 'ghf', 'fghfghfgh', '2016-04-12 11:08:37', 'fgh', 'fghgfh', 3, 1, 17, 0, '', '2016-04-13 09:32:38', 0, 0),
(26, '2016/LTRDRG/26', 'fg', 'dgdfgdf', '2016-04-12 14:09:58', 'gdf', 'gdfgfdg', 3, 1, 17, 0, '', '2016-04-13 09:32:38', 0, 0),
(27, '2016/LTRDRG/27', 'dfgdf', 'gdfgdf', '2016-04-12 14:10:23', 'gdf', 'gdfg', 3, 1, 17, 0, '', '2016-04-13 09:32:38', 0, 0),
(28, '2016/LTRDRG/28', 'fdgg', 'dfgdfg', '2016-04-13 09:39:10', 'dfgdf', 'gdfgdfg', 3, 1, 17, 0, '', '2016-04-29 05:44:37', 0, 0),
(29, '2016/LTRDRG/29', 'dfg', 'dfgdfgdfg', '2016-04-13 09:39:30', 'dfg', 'dfgdfgdg', 3, 0, 17, 0, '', '2016-04-13 13:09:12', 1, 116),
(30, '2016/LTRDRG/30', 'dsfsfs', 'dfsdfsdf', '2016-04-13 09:41:03', 'sdfsf', 'sfsdfsdf', 3, 1, 17, 0, '', '2016-04-20 09:49:51', 0, 0),
(31, '2016/LTRDRG/31', 'regarding testing', 'regarding testing', '2016-04-19 07:58:05', 'regarding testing', 'regarding testing', 3, 0, 19, 0, '', '2016-04-27 11:36:06', 1, 121),
(32, '2016/LTRDRG/32', 'hiii testing', 'hiii testing', '2016-04-19 08:02:26', 'hiii testing', 'hiii testing', 3, 1, 17, 0, '', '2016-04-19 08:21:05', 0, 0),
(33, '2016/LTRDRG/33', 'hiii testinghiii testing', 'hiii testinghiii testing', '2016-04-19 08:06:43', 'hiii testinghiii testing', 'hiii testinghiii testing', 3, 1, 17, 0, '', '2016-04-19 08:21:05', 0, 0),
(34, '2016/LTRDRG/34', 'test', 'testtoday', '2016-04-27 11:30:05', 'testtoday', 'testtoday', 3, 0, 19, 0, '', '2016-04-27 11:36:06', 1, 121),
(35, '2016/LTRDRG/35', 'testingmy', 'testingmy', '2016-04-27 11:43:18', 'testingmy', 'testingmy', 17, 0, 6, 0, '', '2016-04-27 11:50:45', 1, 122),
(36, '2016/LTRDRG/36', 'testingmy1', 'testingmy1', '2016-04-27 11:44:00', 'testingmy1', 'testingmy1', 17, 0, 6, 0, '', '2016-04-27 11:50:45', 1, 122),
(37, '2016/LTRDRG/37', '29testing', '29testing', '2016-04-29 05:37:31', '29testing', '29testing', 2, 2, 16, 0, '', '2016-04-29 05:42:29', 1, 123),
(38, '2016/LTRDRG/38', 'letter prativedan', 'fddf', '2016-09-20 15:27:49', 'fdfd', 'fdfd', 2, 1, 16, 0, '', '2016-09-20 15:33:53', 0, 0),
(39, '2016/LTRDRG/39', 'samwad ka prativedan', 'fsdere', '2016-09-20 15:28:33', 'fdfd', 'ffdfd', 2, 1, 16, 0, '', '2016-09-20 15:33:53', 0, 0);

-- --------------------------------------------------------

--
-- Table structure for table `letter_process`
--

CREATE TABLE IF NOT EXISTS `letter_process` (
  `id` int(11) NOT NULL,
  `p_id` int(11) NOT NULL,
  `project_id` varchar(100) NOT NULL,
  `in_file` int(11) NOT NULL,
  `file_no` varchar(100) NOT NULL,
  `collected_by` varchar(100) NOT NULL,
  `demand_note` varchar(100) NOT NULL,
  `remark` varchar(100) NOT NULL,
  `date` date NOT NULL,
  `datetime` varchar(100) DEFAULT NULL,
  `receive` int(11) NOT NULL DEFAULT '0',
  `receive_by` varchar(100) NOT NULL,
  `receive_note` varchar(100) NOT NULL,
  `receive_remark` varchar(100) NOT NULL,
  `receive_date` date NOT NULL,
  `receive_datetime` varchar(100) DEFAULT NULL,
  `user_id` int(11) NOT NULL,
  `d_id` int(11) NOT NULL,
  `des_id` int(11) NOT NULL,
  `to_d_id` int(11) NOT NULL,
  `to_des_id` int(11) NOT NULL
) ENGINE=InnoDB AUTO_INCREMENT=33 DEFAULT CHARSET=latin1;

--
-- Dumping data for table `letter_process`
--

INSERT INTO `letter_process` (`id`, `p_id`, `project_id`, `in_file`, `file_no`, `collected_by`, `demand_note`, `remark`, `date`, `datetime`, `receive`, `receive_by`, `receive_note`, `receive_remark`, `receive_date`, `receive_datetime`, `user_id`, `d_id`, `des_id`, `to_d_id`, `to_des_id`) VALUES
(1, 22, '2016/LTRDRG/22', 0, '', 'fghfgh', 'ghgf', 'fghfgh', '2016-04-12', '2016-04-12 08:00:46', 1, '', '', '', '2016-04-27', '2016-04-27 12:00:52', 9, 2, 16, 3, 17),
(2, 23, '2016/LTRDRG/23', 0, '', 'fdgdf', 'dfgdfg', 'dfgdf', '2016-04-12', '2016-04-12 08:01:45', 1, '', '', '', '2016-04-12', '2016-04-12 08:15:00', 9, 2, 16, 3, 17),
(3, 24, '2016/LTRDRG/24', 0, '', 'dfgdfg', 'dfgdfg', 'dfgdfg', '2016-04-12', '2016-04-12 11:09:21', 1, '', '', '', '2016-04-27', '2016-04-27 12:00:52', 9, 2, 16, 3, 17),
(4, 14, '2016/LTRDRG/1', 0, '', 'sdfsf', 'sdfs', 'sdfdsf', '2016-04-13', '2016-04-13 06:05:13', 1, '', '', '', '2016-08-16', '2016-08-16 11:20:24', 12, 3, 17, 10, 4),
(5, 19, '2016/LTRDRG/19', 1, '2016/FILEDRG/111', 'dfgdf', 'gdgd', 'fgdfg', '2016-04-13', '2016-04-13 06:37:48', 0, '', '', '', '0000-00-00', '2016-04-13 06:37:48', 12, 3, 17, 4, 20),
(6, 19, '2016/LTRDRG/19', 1, '2016/FILEDRG/111', 'dfgdf', 'dfgdfg', 'dfgdf', '2016-04-13', '2016-04-13 06:38:48', 0, '', '', '', '0000-00-00', '2016-04-13 06:38:48', 12, 3, 17, 3, 19),
(7, 25, '2016/LTRDRG/25', 1, '2016/FILEDRG/112', 'dfgd', 'gdfg', 'dfgdf', '2016-04-13', '2016-04-13 06:48:28', 0, '', '', '', '0000-00-00', '2016-04-13 07:08:26', 9, 2, 16, 3, 17),
(8, 26, '2016/LTRDRG/26', 1, '2016/FILEDRG/112', 'dfgd', 'gdfg', 'dfgdf', '2016-04-13', '2016-04-13 06:48:28', 0, '', '', '', '0000-00-00', '2016-04-13 06:48:28', 9, 2, 16, 3, 17),
(9, 27, '2016/LTRDRG/27', 1, '2016/FILEDRG/112', 'dfgd', 'gdfg', 'dfgdf', '2016-04-13', '2016-04-13 06:48:29', 0, '', '', '', '0000-00-00', '2016-04-13 06:48:29', 9, 2, 16, 3, 17),
(10, 0, '', 1, '2016/FILEDRG/114', 'gh', 'fhgfhfg', 'hgfh', '2016-04-13', '2016-04-13 09:37:36', 0, '', '', '', '0000-00-00', '2016-04-13 09:37:36', 12, 3, 17, 4, 18),
(11, 28, '2016/LTRDRG/28', 1, '2016/FILEDRG/115', 'dfgdf', 'gdfgdf', 'gdfgdfg', '2016-04-13', '2016-04-13 09:40:01', 1, '', '', '', '2016-04-29', '2016-04-29 05:42:29', 9, 2, 16, 3, 17),
(12, 29, '2016/LTRDRG/29', 1, '2016/FILEDRG/115', 'dfgdf', 'gdfgdf', 'gdfgdfg', '2016-04-13', '2016-04-13 09:40:01', 0, '', '', '', '0000-00-00', '2016-04-13 09:40:01', 9, 2, 16, 3, 17),
(13, 28, '2016/LTRDRG/28', 1, '2016/FILEDRG/115', 'f', 'fghfh', 'fgh', '2016-04-13', '2016-04-13 10:28:24', 1, '', '', '', '2016-04-13', '2016-04-13 12:59:50', 12, 3, 17, 4, 18),
(14, 29, '2016/LTRDRG/29', 1, '2016/FILEDRG/115', 'f', 'fghfh', 'fgh', '2016-04-13', '2016-04-13 10:28:24', 1, '', '', '', '2016-04-13', '2016-04-13 12:59:50', 12, 3, 17, 4, 18),
(15, 28, '2016/LTRDRG/28', 0, '', 'ffgh', 'fghfgh', 'fghfg', '2016-04-13', '2016-04-13 13:01:31', 1, '', '', '', '2016-04-20', '2016-04-20 07:42:47', 14, 4, 18, 2, 16),
(16, 29, '2016/LTRDRG/29', 1, '2016/FILEDRG/116', 'gfhfg', 'fghfg', 'gfhfgh', '2016-04-13', '2016-04-13 13:09:12', 0, '', '', '', '0000-00-00', '2016-04-13 13:09:12', 14, 4, 18, 3, 17),
(17, 32, '2016/LTRDRG/32', 1, '2016/FILEDRG/119', 'ramesh', 'ok', 'ok', '2016-04-19', '2016-04-19 08:12:45', 1, '', '', '', '2016-04-19', '2016-04-19 08:20:02', 9, 2, 16, 3, 17),
(18, 33, '2016/LTRDRG/33', 1, '2016/FILEDRG/119', 'ramesh', 'ok', 'ok', '2016-04-19', '2016-04-19 08:12:45', 1, '', '', '', '2016-04-19', '2016-04-19 08:20:02', 9, 2, 16, 3, 17),
(19, 28, '2016/LTRDRG/28', 1, '2016/FILEDRG/120', 'sdfdfsd', 'fsdfsdf', 'sdfsdf', '2016-04-20', '2016-04-20 09:48:51', 1, '', '', '', '2016-04-29', '2016-04-29 05:42:29', 9, 2, 16, 3, 17),
(20, 30, '2016/LTRDRG/30', 1, '2016/FILEDRG/120', 'sdfdfsd', 'fsdfsdf', 'sdfsdf', '2016-04-20', '2016-04-20 09:48:52', 1, '', '', '', '2016-04-20', '2016-04-20 09:49:33', 9, 2, 16, 3, 17),
(21, 31, '2016/LTRDRG/31', 1, '2016/FILEDRG/121', 'testtoday', 'testtoday', 'testtoday', '2016-04-27', '2016-04-27 11:31:39', 1, '', '', '', '2016-04-27', '2016-04-27 11:34:30', 9, 2, 16, 3, 17),
(22, 34, '2016/LTRDRG/34', 1, '2016/FILEDRG/121', 'testtoday', 'testtoday', 'testtoday', '2016-04-27', '2016-04-27 11:31:39', 1, '', '', '', '2016-04-27', '2016-04-27 11:34:30', 9, 2, 16, 3, 17),
(23, 31, '2016/LTRDRG/31', 1, '2016/FILEDRG/121', 'ok', 'ok', 'ok', '2016-04-27', '2016-04-27 11:36:06', 0, '', '', '', '0000-00-00', '2016-04-27 11:36:06', 12, 3, 17, 3, 19),
(24, 34, '2016/LTRDRG/34', 1, '2016/FILEDRG/121', 'ok', 'ok', 'ok', '2016-04-27', '2016-04-27 11:36:06', 0, '', '', '', '0000-00-00', '2016-04-27 11:36:06', 12, 3, 17, 3, 19),
(25, 35, '2016/LTRDRG/35', 1, '2016/FILEDRG/122', 'test', 'na', 'ok', '2016-04-27', '2016-04-27 11:45:50', 1, '', '', '', '2016-04-27', '2016-04-27 11:47:35', 9, 2, 16, 3, 17),
(26, 36, '2016/LTRDRG/36', 1, '2016/FILEDRG/122', 'test', 'na', 'ok', '2016-04-27', '2016-04-27 11:45:50', 1, '', '', '', '2016-04-27', '2016-04-27 11:47:35', 9, 2, 16, 3, 17),
(27, 35, '2016/LTRDRG/35', 1, '2016/FILEDRG/122', 'ok', 'ok', 'ok', '2016-04-27', '2016-04-27 11:48:27', 1, '', '', '', '2016-04-27', '2016-04-27 11:49:21', 12, 3, 17, 3, 19),
(28, 36, '2016/LTRDRG/36', 1, '2016/FILEDRG/122', 'ok', 'ok', 'ok', '2016-04-27', '2016-04-27 11:48:27', 1, '', '', '', '2016-04-27', '2016-04-27 11:49:21', 12, 3, 17, 3, 19),
(29, 35, '2016/LTRDRG/35', 1, '2016/FILEDRG/122', 'ok', 'ok', 'ok', '2016-04-27', '2016-04-27 11:50:45', 0, '', '', '', '0000-00-00', '2016-04-27 11:50:45', 13, 3, 19, 17, 6),
(30, 36, '2016/LTRDRG/36', 1, '2016/FILEDRG/122', 'ok', 'ok', 'ok', '2016-04-27', '2016-04-27 11:50:45', 0, '', '', '', '0000-00-00', '2016-04-27 11:50:45', 13, 3, 19, 17, 6),
(31, 28, '2016/LTRDRG/28', 1, '2016/FILEDRG/123', 'sewaram', 'sewaram', 'ok', '2016-04-29', '2016-04-29 05:39:12', 1, '', '', '', '2016-04-29', '2016-04-29 05:42:29', 9, 2, 16, 3, 17),
(32, 37, '2016/LTRDRG/37', 1, '2016/FILEDRG/123', 'sewaram', 'sewaram', 'ok', '2016-04-29', '2016-04-29 05:39:12', 0, '', '', '', '0000-00-00', '2016-04-29 05:39:12', 9, 2, 16, 3, 17);

-- --------------------------------------------------------

--
-- Table structure for table `mad_cash_rec`
--

CREATE TABLE IF NOT EXISTS `mad_cash_rec` (
  `sno` int(11) NOT NULL,
  `zone_no` int(11) NOT NULL,
  `yojana_mad_id` varchar(10) COLLATE utf8_bin NOT NULL,
  `ac_no` varchar(100) COLLATE utf8_bin NOT NULL,
  `bank_name` varchar(150) COLLATE utf8_bin NOT NULL,
  `amount` varchar(100) COLLATE utf8_bin NOT NULL DEFAULT '0',
  `wbook_amt` varchar(100) COLLATE utf8_bin NOT NULL DEFAULT '0'
) ENGINE=InnoDB AUTO_INCREMENT=181 DEFAULT CHARSET=utf8 COLLATE=utf8_bin;

--
-- Dumping data for table `mad_cash_rec`
--

INSERT INTO `mad_cash_rec` (`sno`, `zone_no`, `yojana_mad_id`, `ac_no`, `bank_name`, `amount`, `wbook_amt`) VALUES
(1, 1, '1', '', '', '0', '0'),
(2, 2, '1', '', '', '0', '0'),
(3, 20, '1', '', '', '0', '0'),
(4, 1, '2', '', '', '0', '0'),
(5, 2, '2', '', '', '0', '0'),
(6, 20, '2', '', '', '50000', '0'),
(7, 1, '3', '', '', '0', '0'),
(8, 2, '3', '', '', '0', '0'),
(9, 20, '3', '', '', '0', '0'),
(10, 1, '4', '', '', '0', '0'),
(11, 2, '4', '', '', '0', '0'),
(12, 20, '4', '', '', '0', '0'),
(13, 1, '5', '', '', '0', '0'),
(14, 2, '5', '', '', '0', '0'),
(15, 20, '5', '', '', '0', '0'),
(16, 1, '6', '', '', '0', '0'),
(17, 2, '6', '', '', '0', '0'),
(18, 20, '6', '', '', '0', '0'),
(19, 1, '7', '', '', '0', '0'),
(20, 2, '7', '', '', '0', '0'),
(21, 20, '7', '', '', '0', '0'),
(22, 1, '8', '', '', '0', '0'),
(23, 2, '8', '', '', '0', '0'),
(24, 20, '8', '', '', '0', '0'),
(25, 1, '9', '', '', '0', '0'),
(26, 2, '9', '', '', '0', '0'),
(27, 20, '9', '', '', '0', '0'),
(28, 1, '10', '', '', '0', '0'),
(29, 2, '10', '', '', '0', '0'),
(30, 20, '10', '', '', '0', '0'),
(31, 1, '11', '', '', '0', '0'),
(32, 2, '11', '', '', '0', '0'),
(33, 20, '11', '', '', '0', '0'),
(34, 1, '12', '', '', '0', '0'),
(35, 2, '12', '', '', '0', '0'),
(36, 20, '12', '', '', '0', '0'),
(37, 1, '13', '', '', '0', '0'),
(38, 2, '13', '', '', '0', '0'),
(39, 20, '13', '', '', '0', '0'),
(40, 1, '14', '', '', '0', '0'),
(41, 2, '14', '', '', '0', '0'),
(42, 20, '14', '', '', '0', '0'),
(43, 1, '15', '', '', '0', '0'),
(44, 2, '15', '', '', '0', '0'),
(45, 20, '15', '', '', '0', '0'),
(46, 1, '16', '', '', '0', '0'),
(47, 2, '16', '', '', '0', '0'),
(48, 20, '16', '', '', '0', '0'),
(49, 1, '17', '', '', '0', '0'),
(50, 2, '17', '', '', '0', '0'),
(51, 20, '17', '', '', '0', '0'),
(52, 1, '18', '', '', '0', '0'),
(53, 2, '18', '', '', '0', '0'),
(54, 20, '18', '', '', '0', '0'),
(55, 1, '19', '', '', '0', '0'),
(56, 2, '19', '', '', '0', '0'),
(57, 20, '19', '', '', '0', '0'),
(58, 1, '20', '', '', '0', '0'),
(59, 2, '20', '', '', '0', '0'),
(60, 20, '20', '', '', '0', '0'),
(61, 1, '21', '', '', '0', '0'),
(62, 2, '21', '', '', '0', '0'),
(63, 20, '21', '', '', '0', '0'),
(64, 1, '22', '', '', '0', '0'),
(65, 2, '22', '', '', '0', '0'),
(66, 20, '22', '', '', '0', '0'),
(67, 1, '23', '', '', '0', '0'),
(68, 2, '23', '', '', '0', '0'),
(69, 20, '23', '', '', '0', '0'),
(70, 1, '24', '', '', '0', '0'),
(71, 2, '24', '', '', '0', '0'),
(72, 20, '24', '', '', '0', '0'),
(73, 1, '25', '', '', '0', '0'),
(74, 2, '25', '', '', '0', '0'),
(75, 20, '25', '', '', '0', '0'),
(76, 1, '26', '', '', '0', '0'),
(77, 2, '26', '', '', '0', '0'),
(78, 20, '26', '', '', '0', '0'),
(79, 1, '27', '', '', '0', '0'),
(80, 2, '27', '', '', '0', '0'),
(81, 20, '27', '', '', '0', '0'),
(82, 1, '28', '', '', '0', '0'),
(83, 2, '28', '', '', '0', '0'),
(84, 20, '28', '', '', '0', '0'),
(85, 1, '29', '', '', '0', '0'),
(86, 2, '29', '', '', '0', '0'),
(87, 20, '29', '', '', '0', '0'),
(88, 1, '30', '', '', '0', '0'),
(89, 2, '30', '', '', '0', '0'),
(90, 20, '30', '', '', '0', '0'),
(91, 1, '31', '', '', '0', '0'),
(92, 2, '31', '', '', '0', '0'),
(93, 20, '31', '', '', '0', '0'),
(94, 1, '32', '', '', '0', '0'),
(95, 2, '32', '', '', '0', '0'),
(96, 20, '32', '', '', '0', '0'),
(97, 1, '33', '', '', '0', '0'),
(98, 2, '33', '', '', '0', '0'),
(99, 20, '33', '', '', '0', '0'),
(100, 1, '34', '', '', '0', '0'),
(101, 2, '34', '', '', '0', '0'),
(102, 20, '34', '', '', '0', '0'),
(103, 1, '35', '', '', '0', '0'),
(104, 2, '35', '', '', '0', '0'),
(105, 20, '35', '', '', '0', '0'),
(106, 1, '36', '', '', '0', '0'),
(107, 2, '36', '', '', '0', '0'),
(108, 20, '36', '', '', '0', '0'),
(109, 1, '37', '', '', '0', '0'),
(110, 2, '37', '', '', '0', '0'),
(111, 20, '37', '', '', '0', '0'),
(112, 1, '38', '', '', '0', '0'),
(113, 2, '38', '', '', '0', '0'),
(114, 20, '38', '', '', '0', '0'),
(115, 1, '39', '', '', '0', '0'),
(116, 2, '39', '', '', '0', '0'),
(117, 20, '39', '', '', '0', '0'),
(118, 1, '40', '', '', '0', '0'),
(119, 2, '40', '', '', '0', '0'),
(120, 20, '40', '', '', '0', '0'),
(121, 1, '41', '', '', '0', '0'),
(122, 2, '41', '', '', '0', '0'),
(123, 20, '41', '', '', '0', '0'),
(124, 1, '42', '', '', '0', '0'),
(125, 2, '42', '', '', '0', '0'),
(126, 20, '42', '', '', '0', '0'),
(127, 1, '43', '', '', '0', '0'),
(128, 2, '43', '', '', '0', '0'),
(129, 20, '43', '', '', '0', '0'),
(130, 1, '44', '', '', '0', '0'),
(131, 2, '44', '', '', '0', '0'),
(132, 20, '44', '', '', '0', '0'),
(133, 1, '45', '', '', '0', '0'),
(134, 2, '45', '', '', '0', '0'),
(135, 20, '45', '', '', '0', '0'),
(136, 1, '46', '', '', '0', '0'),
(137, 2, '46', '', '', '0', '0'),
(138, 20, '46', '', '', '0', '0'),
(139, 1, '47', '', '', '0', '0'),
(140, 2, '47', '', '', '0', '0'),
(141, 20, '47', '', '', '0', '0'),
(142, 1, '48', '', '', '0', '0'),
(143, 2, '48', '', '', '0', '0'),
(144, 20, '48', '', '', '0', '0'),
(145, 1, '49', '', '', '0', '0'),
(146, 2, '49', '', '', '0', '0'),
(147, 20, '49', '', '', '0', '0'),
(148, 1, '50', '', '', '0', '0'),
(149, 2, '50', '', '', '0', '0'),
(150, 20, '50', '', '', '0', '0'),
(151, 1, '51', '', '', '0', '0'),
(152, 2, '51', '', '', '0', '0'),
(153, 20, '51', '', '', '0', '0'),
(154, 1, '52', '', '', '0', '0'),
(155, 2, '52', '', '', '0', '0'),
(156, 20, '52', '', '', '0', '0'),
(157, 1, '53', '', '', '0', '0'),
(158, 2, '53', '', '', '0', '0'),
(159, 20, '53', '', '', '0', '0'),
(160, 1, '54', '', '', '0', '0'),
(161, 2, '54', '', '', '0', '0'),
(162, 20, '54', '', '', '0', '0'),
(163, 1, '55', '', '', '0', '0'),
(164, 2, '55', '', '', '0', '0'),
(165, 20, '55', '', '', '0', '0'),
(166, 1, '56', '', '', '0', '0'),
(167, 2, '56', '', '', '0', '0'),
(168, 20, '56', '', '', '0', '0'),
(169, 1, '59', '', '', '0', '0'),
(170, 2, '59', '', '', '0', '0'),
(171, 20, '59', '', '', '0', '0'),
(175, 1, '60', '', '', '0', '0'),
(176, 2, '60', '', '', '0', '0'),
(177, 20, '60', '', '', '0', '0'),
(178, 1, '61', '', '', '0', '0'),
(179, 2, '61', '', '', '0', '0'),
(180, 20, '61', '', '', '0', '0');

-- --------------------------------------------------------

--
-- Table structure for table `mad_info`
--

CREATE TABLE IF NOT EXISTS `mad_info` (
  `mad_id` int(11) NOT NULL,
  `mad_name` varchar(100) COLLATE utf8_bin NOT NULL,
  `mad_hname` varchar(300) COLLATE utf8_bin NOT NULL,
  `head_mad_id` int(11) NOT NULL
) ENGINE=InnoDB AUTO_INCREMENT=66 DEFAULT CHARSET=utf8 COLLATE=utf8_bin;

--
-- Dumping data for table `mad_info`
--

INSERT INTO `mad_info` (`mad_id`, `mad_name`, `mad_hname`, `head_mad_id`) VALUES
(1, '13th vitta aayog', '&#2407;&#2409;&#2357;&#2375; &#2357;&#2367;&#2340;&#2381;&#2340; &#2310;&#2351;&#2379;&#2327;', 1),
(2, 'adho-sanrachna/vikas-kaarya', '&#2309;&#2343;&#2379;&#2360;&#2306;&#2352;&#2330;&#2344;&#2366; &#47; &#2357;&#2367;&#2325;&#2366;&#2360; &#2325;&#2366;&#2352;&#2381;&#2351;', 3),
(3, 'aapada prabandhan', '&#2310;&#2346;&#2342;&#2366; &#2346;&#2381;&#2352;&#2348;&#2306;&#2343;&#2344;', 0),
(4, 'kendra parivartit yojna mad', '&#2325;&#2375;&#2306;&#2342;&#2381;&#2352; &#2346;&#2381;&#2352;&#2357;&#2352;&#2381;&#2340;&#2367;&#2340; &#2351;&#2379;&#2332;&#2344;&#2366; &#2350;&#2342;', 1),
(5, 'jan shikayat pranali', '&#2332;&#2344; &#2358;&#2367;&#2325;&#2366;&#2351;&#2340; &#2346;&#2381;&#2352;&#2339;&#2366;&#2354;&#2368;', 0),
(6, 'jal aavardhan', '&#2332;&#2354; &#2310;&#2357;&#2352;&#2381;&#2343;&#2344;', 0),
(7, 'J.N.N.U.R.M.', '&#2332;&#2375;&#2319;&#2344;&#2319;&#2344;&#2351;&#2369;&#2310;&#2352;&#2319;&#2350;', 0),
(8, 'B.S.U.P.', '&#2348;&#2368;&#2319;&#2360;&#2351;&#2369;&#2346;&#2368;', 0),
(9, 'rajasva mad', '&#2352;&#2366;&#2332;&#2360;&#2381;&#2357; &#2350;&#2342;', 0),
(10, 'shahari swachata yojana', '&#2358;&#2361;&#2352;&#2368; &#2360;&#2381;&#2357;&#2330;&#2381;&#2331;&#2340;&#2366; &#2351;&#2379;&#2332;&#2344;&#2366;', 0),
(11, 'samanya mad', '&#2360;&#2366;&#2350;&#2366;&#2344;&#2381;&#2351; &#2350;&#2342;', 0),
(12, 'vidhayak nidhi', '&#2357;&#2367;&#2343;&#2366;&#2351;&#2325; &#2344;&#2367;&#2343;&#2367;', 4),
(13, 'sansad nidhi', '&#2360;&#2366;&#2306;&#2360;&#2342; &#2344;&#2367;&#2343;&#2367;', 4),
(14, 'parshad nidhi', '&#2346;&#2366;&#2352;&#2381;&#2359;&#2342; &#2344;&#2367;&#2343;&#2367;', 3),
(15, 'sandharan mad', '&#2360;&#2306;&#2343;&#2366;&#2352;&#2339; &#2350;&#2342;', 0),
(16, 'rajya parivartit/sarovar dharohar', '&#2352;&#2366;&#2332;&#2381;&#2351; &#2346;&#2381;&#2352;&#2357;&#2352;&#2381;&#2340;&#2367;&#2340; &#2351;&#2379;&#2332;&#2344;&#2366; &#2350;&#2342;/&#2360;&#2352;&#2379;&#2357;&#2352; &#2343;&#2352;&#2379;&#2361;&#2352;', 2),
(17, 'rajya parivartit/pushpavatika', '&#2352;&#2366;&#2332;&#2381;&#2351; &#2346;&#2381;&#2352;&#2357;&#2352;&#2381;&#2340;&#2367;&#2340; &#2351;&#2379;&#2332;&#2344;&#2366; &#2350;&#2342;/&#2346;&#2369;&#2359;&#2381;&#2346;&#2357;&#2366;&#2335;&#2367;&#2325;&#2366;', 2),
(18, 'rajya parivartit/muktidham', '&#2352;&#2366;&#2332;&#2381;&#2351; &#2346;&#2381;&#2352;&#2357;&#2352;&#2381;&#2340;&#2367;&#2340; &#2351;&#2379;&#2332;&#2344;&#2366; &#2350;&#2342;/&#2350;&#2369;&#2325;&#2381;&#2340;&#2367;&#2343;&#2366;&#2350;', 2),
(19, 'rajya parivartit/annapoorna samudayik', '&#2352;&#2366;&#2332;&#2381;&#2351; &#2346;&#2381;&#2352;&#2357;&#2352;&#2381;&#2340;&#2367;&#2340; &#2351;&#2379;&#2332;&#2344;&#2366; &#2350;&#2342;/&#2309;&#2344;&#2381;&#2344;&#2346;&#2370;&#2352;&#2381;&#2339;&#2366; &#2360;&#2366;&#2350;&#2369;&#2342;&#2366;&#2351;&#2367;&#2325;', 2),
(20, 'rajya parivartit/unmukta khel maidan', '&#2352;&#2366;&#2332;&#2381;&#2351; &#2346;&#2381;&#2352;&#2357;&#2352;&#2381;&#2340;&#2367;&#2340; &#2351;&#2379;&#2332;&#2344;&#2366; &#2350;&#2342;/&#2313;&#2344;&#2381;&#2350;&#2369;&#2325;&#2381;&#2340; &#2326;&#2375;&#2354; &#2350;&#2376;&#2342;&#2366;&#2344;', 2),
(21, 'rajya parivartit/shala sudhar', 'राज्य प्रवर्तित योजना मद/हाट बाजार योजना', 2),
(22, 'rajya parivartit/dindayal swavalamban', '&#2352;&#2366;&#2332;&#2381;&#2351; &#2346;&#2381;&#2352;&#2357;&#2352;&#2381;&#2340;&#2367;&#2340; &#2351;&#2379;&#2332;&#2344;&#2366; &#2350;&#2342;/&#2342;&#2368;&#2344;&#2342;&#2351;&#2366;&#2354; &#2360;&#2381;&#2357;&#2366;&#2357;&#2354;&#2306;&#2348;&#2344;', 2),
(23, 'rajya parivartit/pratiksha bus stand', '&#2352;&#2366;&#2332;&#2381;&#2351; &#2346;&#2381;&#2352;&#2357;&#2352;&#2381;&#2340;&#2367;&#2340; &#2351;&#2379;&#2332;&#2344;&#2366; &#2350;&#2342;/&#2346;&#2381;&#2352;&#2340;&#2368;&#2325;&#2381;&#2359;&#2366; &#2348;&#2360; &#2360;&#2381;&#2335;&#2375;&#2306;&#2337;', 2),
(24, 'rajya parivartit/sanskritik bhavan', '&#2352;&#2366;&#2332;&#2381;&#2351; &#2346;&#2381;&#2352;&#2357;&#2352;&#2381;&#2340;&#2367;&#2340; &#2351;&#2379;&#2332;&#2344;&#2366; &#2350;&#2342;/&#2360;&#2366;&#2306;&#2360;&#2381;&#2325;&#2371;&#2340;&#2367;&#2325; &#2349;&#2357;&#2344;', 2),
(25, 'rajya parivartit/sarvajanik prashadhan', '&#2352;&#2366;&#2332;&#2381;&#2351; &#2346;&#2381;&#2352;&#2357;&#2352;&#2381;&#2340;&#2367;&#2340; &#2351;&#2379;&#2332;&#2344;&#2366; &#2350;&#2342;&#47;&#2360;&#2366;&#2352;&#2381;&#2357;&#2332;&#2344;&#2367;&#2325; &#2346;&#2381;&#2352;&#2360;&#2366;&#2343;&#2344;', 2),
(26, 'aayukta mad', '&#2310;&#2351;&#2369;&#2325;&#2381;&#2340; &#2350;&#2342;', 0),
(27, 'vikas sulka', '&#2357;&#2367;&#2325;&#2366;&#2360; &#2358;&#2369;&#2354;&#2381;&#2325;', 0),
(28, 'shahari rojagar mazdoor yojana', '&#2358;&#2361;&#2352;&#2368; &#2352;&#2379;&#2395;&#2327;&#2366;&#2352; &#2350;&#2395;&#2342;&#2370;&#2352; &#2351;&#2379;&#2332;&#2344;&#2366;', 0),
(29, 'rack piker yojana', '&#2352;&#2376;&#2327; &#2346;&#2367;&#2325;&#2352; &#2351;&#2379;&#2332;&#2344;&#2366;', 0),
(30, 'anya', '&#2309;&#2344;&#2381;&#2351;', 0),
(31, 'vishishtha prayojanarth mad', '&#2357;&#2367;&#2358;&#2367;&#2359;&#2381;&#2336; &#2346;&#2381;&#2352;&#2351;&#2379;&#2332;&#2344;&#2366;&#2352;&#2381;&#2341; &#2350;&#2342;', 0),
(32, 'swasthya/safai mad', '&#2360;&#2381;&#2357;&#2366;&#2360;&#2381;&#2341;&#2381;&#2351;&#47;&#2360;&#2398;&#2366;&#2312; &#2350;&#2342;', 0),
(33, 'swasthya mad', '&#2360;&#2381;&#2357;&#2366;&#2360;&#2381;&#2341;&#2381;&#2351; &#2350;&#2342;', 0),
(34, 'jal praday mad', '&#2332;&#2354; &#2346;&#2381;&#2352;&#2342;&#2366;&#2351; &#2350;&#2342;', 0),
(35, 'paey jal mad', '&#2346;&#2375;&#2351; &#2332;&#2354; &#2350;&#2342;', 0),
(36, '', 'आर्इ.एच.एस.डी.पी.योजना', 1),
(37, '', 'अधोसंरचना /85 विकास कार्य', 3),
(38, '', 'अधोसंरचना /42 विकास कार्य', 3),
(39, '', 'अधोसंरचना मद/जन समस्या', 3),
(40, '', 'अधोसंरचना मद/52 करोड़ ', 3),
(41, '', 'अधोसंरचना मद/10-10 लाख  ', 3),
(42, '', 'अधोसंरचना मद/8.50 लाख  ', 3),
(43, '', 'अधोसंरचना मद/20 करोड़ ', 3),
(44, '', 'अधोसंरचना मद/जन प्रतिनिधियों से प्राप्त  ', 3),
(45, '', 'यातायात नगर योजना	', 0),
(46, '', 'राज्य प्रवर्तित योजना/विशिष्ट प्रयोजनार्थ', 2),
(47, '', 'ज्ञान स्थली योजना ', 0),
(48, '', 'राज्य प्रवर्तित योजना मद/भागीरथी नल जल योजना ', 2),
(49, '', 'बी.आर.जी.एफ.योजना ', 4),
(50, '', 'अनुसूचित जाति विकास प्राधिकरण ', 4),
(51, '', 'प्रभारी मंत्री अनुशंसा', 4),
(52, '', 'जिला पंचायत स्कूल शिक्षा	', 4),
(53, '', 'मुख्यमंत्री स्वेच्छानुदान	', 4),
(54, '', 'जनसमस्या जल/विधुत विभाग', 0),
(55, '', 'अधोसंरचना मद/26 करोड़ ', 3),
(56, '', 'अधोसंरचना मद/30 करोड़ ', 3),
(59, '', 'अधोसंरचना मद 10 करोड़', 0),
(60, 'CRS and S', 'CRS and S', 0),
(61, 'मुख्यमंत्री शहरी स्वस्थ कार्यक्रम', 'मुख्यमंत्री शहरी स्वस्थ कार्यक्रम', 0),
(62, '&#2350;&#2369;&#2326;&#2381;&#8205;&#2351;&#2350;&#2306;&#2340;&#2381;&#2352;&#2368; &#2360;&#2381;&', '&#2350;&#2369;&#2326;&#2381;&#8205;&#2351;&#2350;&#2306;&#2340;&#2381;&#2352;&#2368; &#2360;&#2381;&#8205;&#2357;&#2366;&#2354;&#2306;&#2348;&#2344; &#2351;&#2379;&#2332;&#2344;&#2366; ', 0),
(63, '14 vitt aayog', '&#49;&#52; &#2357;&#2375; &#2357;&#2367;&#2340;&#2381;&#8205;&#2340; &#2310;&#2351;&#2379;&#2327;', 0),
(64, 'adhosarchana 8 vikas karya', '&#2309;&#2343;&#2379;&#2360;&#2306;&#2352;&#2330;&#2344;&#2366; &#56; &#2357;&#2367;&#2325;&#2366;&#2360; &#2325;&#2366;&#2352;&#2381;&#2351;', 0),
(65, 'amrat mission', '&#2309;&#2350;&#2364;&#2340; &#2350;&#2367;&#2358;&#2344; &#2351;&#2379;&#2332;&#2344;&#2366; ', 0);

-- --------------------------------------------------------

--
-- Table structure for table `migration`
--

CREATE TABLE IF NOT EXISTS `migration` (
  `version` varchar(180) NOT NULL,
  `apply_time` int(11) DEFAULT NULL
) ENGINE=InnoDB DEFAULT CHARSET=latin1;

--
-- Dumping data for table `migration`
--

INSERT INTO `migration` (`version`, `apply_time`) VALUES
('m000000_000000_base', 1452596132),
('m130524_201442_init', 1452596136),
('m140506_102106_rbac_init', 1453271696);

-- --------------------------------------------------------

--
-- Table structure for table `new_ward`
--

CREATE TABLE IF NOT EXISTS `new_ward` (
  `zone_id` varchar(20) NOT NULL,
  `ward_no` varchar(20) NOT NULL,
  `ward_name` varchar(300) CHARACTER SET utf8 NOT NULL,
  `ward_eng` varchar(1000) NOT NULL,
  `vsabha_no` varchar(10) NOT NULL,
  `muhalla` varchar(1000) NOT NULL
) ENGINE=MyISAM DEFAULT CHARSET=latin1;

--
-- Dumping data for table `new_ward`
--

INSERT INTO `new_ward` (`zone_id`, `ward_no`, `ward_name`, `ward_eng`, `vsabha_no`, `muhalla`) VALUES
('20', '6', 'ठेठवार पारा  ', '', '1', ''),
('20', '1', 'नया पारा', '', '1', ''),
('20', '2', 'राजीव नगर', '', '1', ''),
('20', '3', 'मठपारा दक्षिण', '', '1', ''),
('20', '5', 'मरार पारा ', '', '1', ''),
('20', '4', 'मठ पारा उत्तर  ', '', '1', ''),
('20', '7', 'किल्ला मंदिर', '', '1', ''),
('20', '8', 'तकिया पारा ', '', '1', ''),
('20', '9', 'स्वामी विवेकानंद वार्ड', '', '1', ''),
('20', '10', 'शंकर नगर पश्चिम ', '', '1', ''),
('20', '11', ' शंकर नगर पूर्व ', '', '1', ''),
('20', '12', 'मोहन नगर पश्चिम ', '', '1', ''),
('20', '13', 'मोहन नगर पूर्व ', '', '1', ''),
('20', '14', 'सिकोला भाठा', '', '1', ''),
('20', '15', 'सिकोला बस्ती दक्षिण', '', '1', ''),
('20', '16', 'सिकोला बस्ती  उत्तर', '', '1', ''),
('20', '18', 'औधोगिक नगर दक्षिण', '', '1', ''),
('20', '17', 'औधोगिक नगर उत्तर', '', '1', ''),
('20', '19', 'शहीद भगत सिंह वार्ड दक्षिण ', '', '1', ''),
('20', '20', 'शहीद भगत सिंह वार्ड उत्तर', '', '1', ''),
('20', '21', 'तितुरडीह', '', '1', ''),
('20', '22', 'स्टेशन पारा ', '', '1', ''),
('20', '23', 'दीपक नगर', '', '1', ''),
('20', '24', 'आमदी मंदिर वार्ड', '', '1', ''),
('20', '25', 'गायत्री मंदिर वार्ड ', '', '1', ''),
('20', '26', 'संतरा बाड़ी ', '', '1', ''),
('20', '27', 'पोलसाय पारा', '', '1', ''),
('20', '28', 'पचरी पारा', '', '1', ''),
('20', '29', 'अस्पताल वार्ड ', '', '1', ''),
('20', '30', 'तमेर पारा ', '', '1', ''),
('20', '31', 'आपापूरा ', '', '1', ''),
('20', '32', 'ब्राह्मण  पारा ', '', '1', ''),
('20', '33', 'चंडी मंदिर वार्ड ', '', '1', ''),
('20', '34', 'शिव पारा ', '', '1', ''),
('20', '35', 'रामदेव मंदिर वार्ड', '', '1', ''),
('20', '36', 'गंज पारा', '', '1', ''),
('20', '37', 'आज़ाद वार्ड', '', '1', ''),
('20', '38', 'मील पारा', '', '1', ''),
('20', '39', 'कचहरी वार्ड ', '', '1', ''),
('20', '40', 'सुराना कॉलेज वार्ड', '', '1', ''),
('20', '41', 'केलाबाड़ी  ', '', '1', ''),
('20', '42', 'कसारीडीह पश्चिम', '', '1', ''),
('20', '43', 'कसारीडीह पूर्व', '', '1', ''),
('20', '44', 'बाबा गुरूघासीदास वार्ड', '', '1', ''),
('20', '45', 'पद्मनाभपुर  पश्चिम', '', '1', ''),
('20', '46', 'पद्मनाभपुर पूर्व', '', '1', ''),
('20', '47', 'सिविल लाइन उत्तर', '', '1', ''),
('20', '48', 'सिविल लाइन दक्षिण', '', '1', ''),
('20', '49', 'बोरसी पश्चिम', '', '1', ''),
('20', '50', 'बोरसी पूर्व ', '', '1', ''),
('20', '51', 'बोरसी उत्तर ', '', '1', ''),
('20', '52', 'बोरसी दक्षिण', '', '1', ''),
('20', '53', 'पोटियाकला उत्तर', '', '1', ''),
('20', '54', 'पोटियाकला दक्षिण', '', '1', ''),
('20', '55', 'पुलगांव', '', '1', ''),
('20', '56', 'बघेरा ', '', '1', ''),
('20', '57', 'उरला पश्चिम', '', '1', ''),
('20', '58', 'उरला पूर्व', '', '1', ''),
('20', '59', 'कातुल बोर्ड पूर्व', '', '1', ''),
('20', '60', 'कातुल बोर्ड पश्चिम', '', '1', '');

-- --------------------------------------------------------

--
-- Table structure for table `non_sor`
--

CREATE TABLE IF NOT EXISTS `non_sor` (
  `item_id` int(11) NOT NULL,
  `item_name` varchar(200) CHARACTER SET utf8 COLLATE utf8_bin NOT NULL,
  `Description` varchar(300) CHARACTER SET utf8 COLLATE utf8_bin NOT NULL,
  `cost` float NOT NULL,
  `qty` int(11) NOT NULL,
  `work_id` int(11) NOT NULL
) ENGINE=MyISAM DEFAULT CHARSET=latin1;

-- --------------------------------------------------------

--
-- Table structure for table `note_sheet`
--

CREATE TABLE IF NOT EXISTS `note_sheet` (
  `note_sheet_id` int(11) NOT NULL,
  `dpt` varchar(200) CHARACTER SET utf8 COLLATE utf8_bin NOT NULL,
  `dpthead` varchar(100) CHARACTER SET utf8 COLLATE utf8_bin NOT NULL,
  `pb_lipic` varchar(100) CHARACTER SET utf8 COLLATE utf8_bin NOT NULL,
  `dwara` varchar(100) CHARACTER SET utf8 COLLATE utf8_bin NOT NULL,
  `nasti_no` varchar(200) CHARACTER SET utf8 COLLATE utf8_bin NOT NULL,
  `note_date` date NOT NULL,
  `note_subject` varchar(300) CHARACTER SET utf8 COLLATE utf8_bin NOT NULL,
  `editor1` varchar(10000) CHARACTER SET utf8 COLLATE utf8_bin NOT NULL,
  `work_id` int(11) NOT NULL,
  `admin_id` int(11) NOT NULL,
  `zone_id` int(11) NOT NULL
) ENGINE=MyISAM AUTO_INCREMENT=29 DEFAULT CHARSET=latin1;

--
-- Dumping data for table `note_sheet`
--

INSERT INTO `note_sheet` (`note_sheet_id`, `dpt`, `dpthead`, `pb_lipic`, `dwara`, `nasti_no`, `note_date`, `note_subject`, `editor1`, `work_id`, `admin_id`, `zone_id`) VALUES
(1, 'शिक्षा विभाग', 'gfdf', 'dfgdg', 'dfgdf', '2016-17-1', '2016-03-08', 'dfgdf', '<p>dfgdfg</p>\r\n', 1, 2016, 0),
(2, 'लोक निर्माण विभाग', 'hge', 'hhj', 'dhhj', '2015-16-2', '2016-03-08', 'tyuuruuj', '<p>hheereh</p>\r\n', 3, 2016, 0),
(3, 'सवास्थ विभाग', 'sdf', 'fsdfs', 'dsfsdfsd', '2014-15-3', '2016-03-15', 'sdfsdfdsf', '<p>sdfsdfds</p>\r\n', 15, 2016, 0),
(5, 'लोक कर्म  विभाग ', 'dfgdfg', 'dfgdfg', 'dfgdfg', '2009/10/4', '2016-03-15', 'dfgdf', '<p>gdfgdfg</p>\r\n', 7, 1, 0),
(6, 'शिक्षा विभाग', 'testing', 'testing', 'testing', '2015/16/6', '2016-09-19', 'testing', '', 17, 1, 0),
(7, 'लोक निर्माण विभाग', 'कार्यपालन अभियंता', 'बी;सी;सिन्‍हा', 'पालिया', '2016/17/7', '2016-09-20', 'चंडी मंदिर से पोलसायपारा सडक निर्माण कार्य', '', 18, 1, 0),
(9, 'लोक निर्माण विभाग', 'कार्यपालन अभियंता', 'बी;सी;सिन्‍हा', 'श्री गिरीष दीवान', '2016/17/8', '2016-09-23', 'सडक निर्माण कार्य ाा', '', 20, 1, 0),
(10, 'लोक निर्माण विभाग', 'कार्यपालन अभियंता', 'बी;पी;सिन्‍हा', 'श्री राहंगडाले, उप अभियंता', '2016/17/10', '2016-09-28', 'वार्ड क्रं.01 में सडक निर्माण कार्य ाा', '', 21, 1, 0),
(11, 'लोक कर्म  विभाग ', 'कार्यपालन अभियंता', 'बी.पी.सिन्‍हा', 'पालिया, उप अभियंता', '2014/15/11', '2016-09-28', 'वार्ड क्रं.16 सिकोलाभाठा में नाली,सडक,पुलिया निर्माण कार्य ाा', '', 22, 1, 0),
(12, 'लोक कर्म  विभाग ', 'कार्यपालन अभियंता', 'बी.पी.सिन्‍हा', 'दीवान, उप अभियंता', '2015/16/12', '2015-05-08', 'वार्ड क्रं.47 रापुनााक में गाडन के पास शेड निमा्रण कार्य ाा', '', 23, 1, 0),
(13, 'लोक कर्म  विभाग ', 'आर.के.पाण्‍डेय', 'बी.पी.सिन्‍हा', 'उप.ए.आर.राहंगडाले', '2014/15/13', '2015-12-22', 'वार्ड क्रमांंक 60कातुलबाेर्ड स्‍टील कालोनी सामुु. भवन ', '', 24, 1, 0),
(16, 'लोक कर्म  विभाग ', 'कार्यपालन अभियंता', 'बी पी सिन्‍हा', 'जे के समैया उप  अभियंता', '2014/15/14', '2015-05-08', 'वार्ड क्रं.48 खेल मैदान समतली करण, झूला एंव गाार्डन चेयर ', '', 25, 1, 0),
(17, 'लोक कर्म  विभाग ', 'कार्यपालन अभियंता', 'बी.पी.सिन्‍हा', 'व्‍ही पी मिश्रा उप अभियंता', '2014/15/17', '2015-05-08', 'वार्ड क्रं.12  नाली निर्माण कार्य', '', 26, 1, 0),
(20, 'लोक कर्म  विभाग ', 'कार्यपालन अभियंता', 'बी. पी. सिन्‍हा', 'ए.आर.राहंगडाले, उप अभियंता', '2014/15/20', '2016-10-13', 'वार्ड 52 बोरसी के तालाब में घाट निर्माण', '', 28, 1, 0),
(19, 'लोक कर्म  विभाग ', 'कार्यपालन अभियंता', 'बी. पी. सिन्‍हा', 'आर. के. पालिया उप अभियंता', '2014/15/18', '2016-10-13', 'वार्ड 26 नाली,सडक सीमेंटीकरण का कार्य किया गया', '', 27, 1, 0),
(21, 'लोक कर्म  विभाग ', 'कार्यपालन अभियंता', 'बी. पी. सिन्‍हा', 'जे0के0समैया उप अभियंता', '2015/16/21', '2016-10-13', 'वार्ड 52 बोरसी के नाली,पुलिया निर्माण किया गया ', '', 29, 1, 0),
(22, 'लोक कर्म  विभाग ', 'कार्यपालन अभियंता', 'बी. पी. सिन्‍हा', 'ए.आर.राहंगडाले, उप अभियंता', '2014/15/22', '2016-10-14', 'वार्ड 19 ,शहीद भगत सिंह में भिविन्‍न स्‍थानों पर नाली निर्माण का कार्य किया गया', '', 30, 1, 0),
(23, 'लोक कर्म  विभाग ', 'कार्यपालन अभियंता', 'बी. पी. सिन्‍हा', 'जे0के0समैया उप अभियंता', '2015/16/23', '2016-10-14', 'वार्ड  49 विघुतनगर में नाली निर्माण कार्य', '', 31, 1, 0),
(24, 'लोक कर्म  विभाग ', 'कार्यपालन अभियंता', 'बी. पी. सिन्‍हा', 'जे0के0समैया उप अभियंता', '2015/16/24', '2016-10-14', 'वार्ड 53, पोटियाकला  में नाली,पुलिया का निर्माण कार्य', '', 32, 1, 0),
(25, 'लोक कर्म  विभाग ', 'कार्यपालन अभियंता', 'बी. पी. सिन्‍हा', 'गिरीश दिवान, उप अभियंता', '2014/15/25', '2016-10-14', 'वार्ड 1नयापारा नाली,निर्माण एंव प्‍लेट फाम निर्माण कार्य', '', 33, 1, 0),
(26, 'लोक कर्म  विभाग ', 'कार्यपालन अभियंता', 'बी. पी. सिन्‍हा', 'जे0के0समैया, उप अभियंता', '2014/15/26', '2016-10-14', 'वार्ड 43 कसारीडीह नाली निर्माण, पुलिया निर्माण कार्य', '', 34, 1, 0),
(27, 'लोक कर्म  विभाग ', 'कार्यपालन अभियंता', 'बी. पी. सिन्‍हा', 'सी0पी0 सोनी उप अभियंता', '2014/15/27', '2016-10-17', 'वार्ड 33 चंडी मंदिर नीली,पुलिया का निर्माण किया गया', '', 35, 1, 0),
(28, 'लोक कर्म  विभाग ', 'कार्यपालन अभियंता', 'बी.पी.सिन्‍हा', 'स‍ी0पी0सोनी उप अभियंता', '2014/15/28', '2016-10-17', 'वार्ड नं 33, नाली निर्माण एवं पुलिया निर्माण ', '', 0, 1, 0);

-- --------------------------------------------------------

--
-- Table structure for table `phy_status`
--

CREATE TABLE IF NOT EXISTS `phy_status` (
  `sno` int(11) NOT NULL,
  `work_id` int(11) NOT NULL,
  `status` varchar(100) COLLATE utf8_bin NOT NULL,
  `percent` varchar(50) COLLATE utf8_bin NOT NULL,
  `status_image` varchar(200) COLLATE utf8_bin NOT NULL,
  `date` date NOT NULL,
  `sub_engg_name` varchar(200) COLLATE utf8_bin NOT NULL,
  `status_remark` varchar(200) COLLATE utf8_bin NOT NULL
) ENGINE=InnoDB DEFAULT CHARSET=utf8 COLLATE=utf8_bin;

-- --------------------------------------------------------

--
-- Table structure for table `royalty`
--

CREATE TABLE IF NOT EXISTS `royalty` (
  `royalty_id` int(11) NOT NULL,
  `minerals` varchar(200) CHARACTER SET utf8 COLLATE utf8_bin NOT NULL,
  `rate` int(11) NOT NULL
) ENGINE=MyISAM AUTO_INCREMENT=13 DEFAULT CHARSET=latin1;

--
-- Dumping data for table `royalty`
--

INSERT INTO `royalty` (`royalty_id`, `minerals`, `rate`) VALUES
(1, 'आकारीय पत्थर ग्रेनाइट , डोलेराइट और आग्नेय तथा परिवर्तित चटटान जिनका उपयोग काटकर और तराशकर विशिष्ट आकार के ब्लास्क, स्लेव्स, टाइल्स बनाने के लिये किया जाता है - काला रंग', 1000),
(2, 'आकारीय पत्थर ग्रेनाइट , डोलेराइट और आग्नेय तथा परिवर्तित चटटान जिनका उपयोग काटकर और तराशकर विशिष्ट आकार के ब्लास्क, स्लेव्स, टाइल्स बनाने के लिये किया जाता है - अन्य रंग', 500),
(3, 'संगमरमर जिसका उपयोग काटकर और तराशकर विशिष्ट आकार के ब्लास्क स्लेक्स टाइल्स बनाने के लिए किया जाता है.', 300),
(4, 'अन्य प्रयोजन के लिए संगमरमर पत्थर ', 200),
(5, 'फ्लेग स्टोन प्राकृतिक परतदार पत्थर पिसका उपयोग फर्श छत आदि के लिए किया जाता है ', 103),
(6, 'साधरण रेत , वजरी ', 20),
(7, 'मरूम ', 20),
(8, 'बोल्डर पत्थर ', 103),
(9, 'गिटटी रोड मेटल पत्थर ', 103),
(10, 'परिप्कृत पत्थर, खंडा, बेका   पत्थर ', 103),
(11, 'र्इट, बर्तन, कवेलू आदि बनाने के लिए साधारण मिटटी ', 20),
(12, 'अन्य गोंण खनिज', 40);

-- --------------------------------------------------------

--
-- Table structure for table `royalty_bill`
--

CREATE TABLE IF NOT EXISTS `royalty_bill` (
  `royalty_bill_id` int(11) NOT NULL,
  `item_name` varchar(200) NOT NULL,
  `cost` int(11) NOT NULL,
  `qty` float NOT NULL,
  `bill_id` int(11) NOT NULL
) ENGINE=MyISAM DEFAULT CHARSET=latin1;

-- --------------------------------------------------------

--
-- Table structure for table `sor`
--

CREATE TABLE IF NOT EXISTS `sor` (
  `sor_id` int(11) NOT NULL,
  `sor_detail` varchar(400) CHARACTER SET utf8 COLLATE utf8_bin NOT NULL,
  `extra` varchar(50) NOT NULL
) ENGINE=MyISAM AUTO_INCREMENT=25 DEFAULT CHARSET=latin1;

--
-- Dumping data for table `sor`
--

INSERT INTO `sor` (`sor_id`, `sor_detail`, `extra`) VALUES
(1, '﻿शा.लो.नि.वि. में लागू रोड़ एस.ओ.आर. दिनांक 01-04-2010 के आधार पर ', '\r\n'),
(2, 'शा.लो.नि.वि. में लागू भवन एस.ओ.आर. दिनांक 01.06.2009 के आधार पर ', '\r\n'),
(3, 'शा.लो.नि.वि. में लागू भवन एस.ओ.आर. दिनांक 01.06.2009 के आधार पर एवं विधुत एस.ओ.आर. दिनांक 15.04.2010 के आधार पर', '\r\n'),
(4, 'शा.लो.नि.वि. में लागू भवन एस.ओ.आर. दिनांक 01.04.2010 के आधार पर एवं रोड़ एस.ओ.आर. दिनांक 01.04.2012 के आधार पर', '\r\n'),
(5, 'शा.लो.नि.वि. में लागू विधुत एस.ओ.आर. दिनांक 15.04.2010 के आधार पर ', '\r\n'),
(6, 'शा.लो.नि.वि. में लागू रोड़ एस.ओ.आर. दिनांक 01.04.2010 के आधार पर एवं निविदा दिनांक तक संशोधन सहित ', '\r\n'),
(7, 'शा.लो.नि.वि. में लागू रोड़ एस.ओ.आर. दिनांक 01.10.2008 के आधार पर एवं अधतन संशोधन सहित तक', '\r\n'),
(8, 'शा.लो.नि.वि. में लागू भवन एस.ओ.आर. दिनांक 01.11.1999 के आधार पर एवं निविदा दिनांक तक संशोधन सहित', '\r\n'),
(9, 'शा.लो.नि.वि. में लागू रोड़ एस.ओ.आर. दिनांक 15.04.2005 के आधार पर एवं निविदा दिनांक तक संशोधन सहित एवं शेष कार्य हेतु', '\r\n'),
(10, 'योजना निर्माण ', '\r\n'),
(11, 'डी.जी.एस.एण्ड़ ड़ी.दर ', '\r\n'),
(12, 'छ.ग. जल संशाधन विभाग में प्रचलित एस.ओ.आर. दिनांक 01.12.2003 से निविदा दिनांक तक संशोधन सहित', '\r\n'),
(13, 'छ.ग. लोक स्वा.या.वि. में लागू प्रचलित एस.ओ.आर. एवं एस.ओ.आर. के शर्तो के अनुरूप', '\r\n'),
(14, 'छ.ग. लोक स्वा.या.वि. में लागू प्रचलित संशोधन एस.ओ.आर. एवं एस.ओ.आर. के शर्तो के अनुरूप (08.10.2008)', '\r\n'),
(15, 'छ.ग. लोक स्वा.या.वि. में लागू प्रचलित संशोधित एस.ओ.आर. एवं एस.ओ.आर. के शर्तो के अनुरूप (25.07.2008)', '\r\n'),
(16, 'कम्पलीट कार्य ', '\r\n'),
(17, 'किराया दर ', '\r\n'),
(18, 'निविदा में प्रस्तुत स्वीकृत दर ', '\r\n'),
(19, 'प्रीक्वालिफिके„ान निविदा अनुसार ', '\r\n'),
(20, 'सी.एस.आर्इ.ड़ी.सी. दर', '\r\n'),
(21, 'आर्इटम दर ', '\r\n'),
(23, '&#2358;&#2366;&#46;&#2354;&#2379;&#46;&#2344;&#2367;&#46;&#2357;&#2367;&#46; &#2349;&#2357;&#2344; &#2319;&#2360;&#46;&#2323;&#46;&#2310;&#2352;&#46; &#2342;&#2367;&#2344;&#2366;&#2306;&#2325;  01.01.2015', ''),
(24, '&#2358;&#2366;&#46;&#2354;&#2379;&#46;&#2344;&#2367;&#46;&#2357;&#2367;&#46; &#2352;&#2379;&#2337; &#2319;&#2360;&#46;&#2323;&#46;&#2310;&#2352;&#46; &#2342;&#2367;&#2344;&#2366;&#2306;&#2325;     01.01.2015 ', '');

-- --------------------------------------------------------

--
-- Table structure for table `star_entry`
--

CREATE TABLE IF NOT EXISTS `star_entry` (
  `parastav_id` int(11) NOT NULL DEFAULT '0',
  `jon_no` varchar(100) COLLATE utf8_bin NOT NULL,
  `ward_no` varchar(300) COLLATE utf8_bin NOT NULL,
  `ward_name` varchar(300) COLLATE utf8_bin NOT NULL,
  `vidhan_sabha_no` varchar(300) COLLATE utf8_bin NOT NULL,
  `vidhan_sabha_name` varchar(300) COLLATE utf8_bin NOT NULL,
  `vitiya_year` varchar(100) COLLATE utf8_bin NOT NULL,
  `vibhag_no` varchar(20) COLLATE utf8_bin NOT NULL,
  `vibhag_name` varchar(300) COLLATE utf8_bin NOT NULL,
  `yojana_mad_no` varchar(20) COLLATE utf8_bin NOT NULL,
  `yojana_mad` varchar(300) COLLATE utf8_bin NOT NULL,
  `work_name` varchar(1000) COLLATE utf8_bin NOT NULL,
  `work_date` date NOT NULL,
  `work_detail` varchar(500) COLLATE utf8_bin NOT NULL,
  `sor_nonsor` varchar(20) COLLATE utf8_bin NOT NULL,
  `parklan_amount` varchar(200) COLLATE utf8_bin NOT NULL,
  `detail` varchar(200) COLLATE utf8_bin NOT NULL,
  `tec_accept_date` date NOT NULL,
  `tec_accept_no` varchar(100) COLLATE utf8_bin NOT NULL,
  `tec_rashi` varchar(100) COLLATE utf8_bin NOT NULL,
  `tec_pradankarta` varchar(300) COLLATE utf8_bin NOT NULL,
  `tech_exp` varchar(300) COLLATE utf8_bin NOT NULL,
  `letter_date` date NOT NULL,
  `prashasnic_no` varchar(100) COLLATE utf8_bin NOT NULL,
  `amount` varchar(100) COLLATE utf8_bin NOT NULL,
  `giver_name` varchar(300) COLLATE utf8_bin NOT NULL,
  `tendor_amt` varchar(100) COLLATE utf8_bin NOT NULL,
  `tendor_pub_date` date NOT NULL,
  `tendor_open_date` date NOT NULL,
  `tendor_rate` varchar(100) COLLATE utf8_bin NOT NULL,
  `comp_year` varchar(10) COLLATE utf8_bin NOT NULL,
  `comp_month` varchar(10) COLLATE utf8_bin NOT NULL,
  `comp_day` varchar(10) COLLATE utf8_bin NOT NULL,
  `tapprove_date` date NOT NULL,
  `tapprove_name` varchar(100) COLLATE utf8_bin NOT NULL,
  `cont_name` varchar(200) COLLATE utf8_bin NOT NULL,
  `cont_no` varchar(100) COLLATE utf8_bin NOT NULL,
  `cont_date` date NOT NULL,
  `wo_no` varchar(100) COLLATE utf8_bin NOT NULL,
  `wo_date` date NOT NULL,
  `phy_status` varchar(100) COLLATE utf8_bin NOT NULL,
  `phy_per` varchar(50) COLLATE utf8_bin NOT NULL,
  `phy_date` date NOT NULL,
  `fin_status` varchar(100) COLLATE utf8_bin NOT NULL,
  `fin_per` varchar(50) COLLATE utf8_bin NOT NULL,
  `fin_date` date NOT NULL,
  `data_status` varchar(20) COLLATE utf8_bin NOT NULL,
  `tot_recieved_amt` varchar(100) COLLATE utf8_bin NOT NULL DEFAULT '0',
  `tot_payed_amt` varchar(100) COLLATE utf8_bin NOT NULL DEFAULT '0'
) ENGINE=MyISAM DEFAULT CHARSET=utf8 COLLATE=utf8_bin;

-- --------------------------------------------------------

--
-- Table structure for table `tendor_payment`
--

CREATE TABLE IF NOT EXISTS `tendor_payment` (
  `sno` int(11) NOT NULL,
  `work_id` int(11) NOT NULL,
  `mb_no` varchar(100) COLLATE utf8_bin NOT NULL,
  `issue_no` int(11) NOT NULL,
  `tendor_amt` varchar(50) COLLATE utf8_bin NOT NULL,
  `recent_pay` varchar(50) COLLATE utf8_bin NOT NULL,
  `sec_deposit` varchar(50) COLLATE utf8_bin NOT NULL,
  `sd_per` float NOT NULL,
  `per_gaurd` varchar(50) COLLATE utf8_bin NOT NULL,
  `pg_per` float NOT NULL,
  `income_tax` varchar(50) COLLATE utf8_bin NOT NULL,
  `ic_per` float NOT NULL,
  `comm_amt` varchar(50) COLLATE utf8_bin NOT NULL,
  `vat_per` float NOT NULL,
  `royalty` varchar(50) COLLATE utf8_bin NOT NULL,
  `form_fee` int(11) NOT NULL,
  `lab_fair` varchar(50) COLLATE utf8_bin NOT NULL,
  `lab_per` float NOT NULL,
  `other_amt` varchar(50) COLLATE utf8_bin NOT NULL,
  `tot_charges` varchar(50) COLLATE utf8_bin NOT NULL,
  `fin_amt` varchar(50) COLLATE utf8_bin NOT NULL,
  `tcheck_no` varchar(20) COLLATE utf8_bin NOT NULL,
  `tcheck_date` date NOT NULL,
  `amt_app_no` varchar(50) COLLATE utf8_bin NOT NULL,
  `amt_app_date` date NOT NULL,
  `amt_app_name` varchar(100) COLLATE utf8_bin NOT NULL,
  `admin_id` int(1) NOT NULL
) ENGINE=InnoDB DEFAULT CHARSET=utf8 COLLATE=utf8_bin;

-- --------------------------------------------------------

--
-- Table structure for table `testing`
--

CREATE TABLE IF NOT EXISTS `testing` (
  `testing_id` int(11) NOT NULL,
  `sample_details` varchar(200) CHARACTER SET utf8 COLLATE utf8_bin NOT NULL,
  `crushing_strength` varchar(200) CHARACTER SET utf8 COLLATE utf8_bin NOT NULL,
  `com_strength` varchar(200) CHARACTER SET utf8 COLLATE utf8_bin NOT NULL,
  `work_id` int(11) NOT NULL
) ENGINE=MyISAM DEFAULT CHARSET=latin1;

-- --------------------------------------------------------

--
-- Table structure for table `vidhan_sabha`
--

CREATE TABLE IF NOT EXISTS `vidhan_sabha` (
  `vsabha_no` varchar(10) CHARACTER SET latin1 NOT NULL,
  `ve_name` varchar(100) CHARACTER SET latin1 NOT NULL,
  `vidhan_sabha_name` varchar(150) COLLATE utf8_bin NOT NULL
) ENGINE=InnoDB DEFAULT CHARSET=utf8 COLLATE=utf8_bin;

--
-- Dumping data for table `vidhan_sabha`
--

INSERT INTO `vidhan_sabha` (`vsabha_no`, `ve_name`, `vidhan_sabha_name`) VALUES
('1', 'durg', '&#2342;&#2369;&#2352;&#2381;&#2327;'),
('ALL', 'sabhi', '&#2360;&#2349;&#2368; &#2357;&#2367;&#2343;&#2366;&#2344;&#2360;&#2349;&#2366;');

-- --------------------------------------------------------

--
-- Table structure for table `ward`
--

CREATE TABLE IF NOT EXISTS `ward` (
  `zone_id` varchar(20) NOT NULL,
  `ward_no` varchar(20) NOT NULL,
  `ward_name` varchar(300) CHARACTER SET utf8 NOT NULL,
  `ward_eng` varchar(1000) NOT NULL,
  `vsabha_no` varchar(10) NOT NULL,
  `muhalla` varchar(1000) NOT NULL
) ENGINE=MyISAM DEFAULT CHARSET=latin1;

--
-- Dumping data for table `ward`
--

INSERT INTO `ward` (`zone_id`, `ward_no`, `ward_name`, `ward_eng`, `vsabha_no`, `muhalla`) VALUES
('20', '6', 'ठेठवार पारा  ', '', '1', ''),
('20', '1', 'नया पारा', '', '1', ''),
('20', '2', 'राजीव नगर', '', '1', ''),
('20', '3', 'मठपारा दक्षिण', '', '1', ''),
('20', '5', 'मरार पारा ', '', '1', ''),
('20', '4', 'मठ पारा उत्तर  ', '', '1', ''),
('20', '7', 'किल्ला मंदिर', '', '1', ''),
('20', '8', 'तकिया पारा ', '', '1', ''),
('20', '9', 'स्वामी विवेकानंद वार्ड', '', '1', ''),
('20', '10', 'शंकर नगर पश्चिम ', '', '1', ''),
('20', '11', ' शंकर नगर पूर्व ', '', '1', ''),
('20', '12', 'मोहन नगर पश्चिम ', '', '1', ''),
('20', '13', 'मोहन नगर पूर्व ', '', '1', ''),
('20', '14', 'सिकोला भाठा', '', '1', ''),
('20', '15', 'सिकोला बस्ती दक्षिण', '', '1', ''),
('20', '16', 'सिकोला बस्ती  उत्तर', '', '1', ''),
('20', '18', 'औधोगिक नगर दक्षिण', '', '1', ''),
('20', '17', 'औधोगिक नगर उत्तर', '', '1', ''),
('20', '19', 'शहीद भगत सिंह वार्ड दक्षिण ', '', '1', ''),
('20', '20', 'शहीद भगत सिंह वार्ड उत्तर', '', '1', ''),
('20', '21', 'तितुरडीह', '', '1', ''),
('20', '22', 'स्टेशन पारा ', '', '1', ''),
('20', '23', 'दीपक नगर', '', '1', ''),
('20', '24', 'आमदी मंदिर वार्ड', '', '1', ''),
('20', '25', 'गायत्री मंदिर वार्ड ', '', '1', ''),
('20', '26', 'संतरा बाड़ी ', '', '1', ''),
('20', '27', 'पोलसाय पारा', '', '1', ''),
('20', '28', 'पचरी पारा', '', '1', ''),
('20', '29', 'अस्पताल वार्ड ', '', '1', ''),
('20', '30', 'तमेर पारा ', '', '1', ''),
('20', '31', 'आपापूरा ', '', '1', ''),
('20', '32', 'ब्राह्मण  पारा ', '', '1', ''),
('20', '33', 'चंडी मंदिर वार्ड ', '', '1', ''),
('20', '34', 'शिव पारा ', '', '1', ''),
('20', '35', 'रामदेव मंदिर वार्ड', '', '1', ''),
('20', '36', 'गंज पारा', '', '1', ''),
('20', '37', 'आज़ाद वार्ड', '', '1', ''),
('20', '38', 'मील पारा', '', '1', ''),
('20', '39', 'कचहरी वार्ड ', '', '1', ''),
('20', '40', 'सुराना कॉलेज वार्ड', '', '1', ''),
('20', '41', 'केलाबाड़ी  ', '', '1', ''),
('20', '42', 'कसारीडीह पश्चिम', '', '1', ''),
('20', '43', 'कसारीडीह पूर्व', '', '1', ''),
('20', '44', 'बाबा गुरूघासीदास वार्ड', '', '1', ''),
('20', '45', 'पद्मनाभपुर  पश्चिम', '', '1', ''),
('20', '46', 'पद्मनाभपुर पूर्व', '', '1', ''),
('20', '47', 'सिविल लाइन उत्तर', '', '1', ''),
('20', '48', 'सिविल लाइन दक्षिण', '', '1', ''),
('20', '49', 'बोरसी पश्चिम', '', '1', ''),
('20', '50', 'बोरसी पूर्व ', '', '1', ''),
('20', '51', 'बोरसी उत्तर ', '', '1', ''),
('20', '52', 'बोरसी दक्षिण', '', '1', ''),
('20', '53', 'पोटियाकला उत्तर', '', '1', ''),
('20', '54', 'पोटियाकला दक्षिण', '', '1', ''),
('20', '55', 'पुलगांव', '', '1', ''),
('20', '56', 'बघेरा ', '', '1', ''),
('20', '57', 'उरला पश्चिम', '', '1', ''),
('20', '58', 'उरला पूर्व', '', '1', ''),
('20', '59', 'कातुल बोर्ड पूर्व', '', '1', ''),
('20', '60', 'कातुल बोर्ड पश्चिम', '', '1', '');

-- --------------------------------------------------------

--
-- Table structure for table `work_all_rec`
--

CREATE TABLE IF NOT EXISTS `work_all_rec` (
  `work_code` int(11) NOT NULL,
  `work_name` varchar(1000) COLLATE utf8_bin NOT NULL,
  `ward_id` varchar(100) COLLATE utf8_bin NOT NULL,
  `zone_code` varchar(100) COLLATE utf8_bin NOT NULL,
  `financial_year` varchar(100) COLLATE utf8_bin NOT NULL,
  `dept_id` varchar(100) COLLATE utf8_bin NOT NULL,
  `vidhan_sabha_no` varchar(100) COLLATE utf8_bin NOT NULL,
  `scheme_code` varchar(100) COLLATE utf8_bin NOT NULL,
  `budget_head` varchar(600) COLLATE utf8_bin NOT NULL,
  `admin_approve_no` varchar(100) COLLATE utf8_bin NOT NULL,
  `admin_approve_date` date NOT NULL,
  `admin_approve_type` varchar(100) COLLATE utf8_bin NOT NULL,
  `admin_approve_amount` varchar(100) COLLATE utf8_bin NOT NULL,
  `tech_approval_no` varchar(100) COLLATE utf8_bin NOT NULL,
  `tech_approval_date` date NOT NULL,
  `sanctioned_no` varchar(100) COLLATE utf8_bin NOT NULL,
  `sanctioned_amount` varchar(100) COLLATE utf8_bin NOT NULL,
  `sanctioned_date` date NOT NULL,
  `tender_amount` varchar(100) COLLATE utf8_bin NOT NULL,
  `revised_estimate_no` varchar(100) COLLATE utf8_bin NOT NULL,
  `revised_estimate_amount` varchar(100) COLLATE utf8_bin NOT NULL,
  `revised_estimate_date` date NOT NULL,
  `total_expenditure` varchar(100) COLLATE utf8_bin NOT NULL,
  `total_approved_amount` varchar(100) COLLATE utf8_bin NOT NULL,
  `work_order_no` varchar(100) COLLATE utf8_bin NOT NULL,
  `work_order_date` date NOT NULL,
  `contractor_name` varchar(200) COLLATE utf8_bin NOT NULL,
  `completion_date` date NOT NULL,
  `tender_start_date` date NOT NULL,
  `tender_open_date` date NOT NULL,
  `tender_rate` varchar(100) COLLATE utf8_bin NOT NULL,
  `items_rate` varchar(100) COLLATE utf8_bin NOT NULL,
  `tender_approve_date` date NOT NULL,
  `contract_date` date NOT NULL,
  `tech_officer` varchar(1000) COLLATE utf8_bin NOT NULL,
  `work_complete_day` varchar(100) COLLATE utf8_bin NOT NULL,
  `work_complete_month` varchar(100) COLLATE utf8_bin NOT NULL,
  `work_complete_year` varchar(100) COLLATE utf8_bin NOT NULL,
  `tender_approve_type` varchar(100) COLLATE utf8_bin NOT NULL,
  `work_letter_no` varchar(100) COLLATE utf8_bin NOT NULL,
  `work_letter_date` date NOT NULL,
  `work_letter_app_type` varchar(100) COLLATE utf8_bin NOT NULL,
  `tender_rate_amount` varchar(100) COLLATE utf8_bin NOT NULL,
  `tech_app_amount` varchar(100) COLLATE utf8_bin NOT NULL,
  `remark` varchar(2000) COLLATE utf8_bin NOT NULL,
  `work_status_code` varchar(1000) COLLATE utf8_bin NOT NULL,
  `created_date` date NOT NULL,
  `modified_date` date NOT NULL,
  `created_by` varchar(100) COLLATE utf8_bin NOT NULL,
  `modified_by` varchar(100) COLLATE utf8_bin NOT NULL,
  `is_active` varchar(20) COLLATE utf8_bin NOT NULL,
  `is_delete` varchar(20) COLLATE utf8_bin NOT NULL,
  `estimated_amount` varchar(100) COLLATE utf8_bin NOT NULL,
  `is_proposed` varchar(20) COLLATE utf8_bin NOT NULL,
  `is_finalised` varchar(20) COLLATE utf8_bin NOT NULL,
  `status` varchar(100) COLLATE utf8_bin NOT NULL,
  `released_amount_id` varchar(100) COLLATE utf8_bin NOT NULL,
  `block_comm_no` varchar(100) COLLATE utf8_bin NOT NULL,
  `block_comm_date` date NOT NULL,
  `work_logical_status` varchar(20) COLLATE utf8_bin NOT NULL,
  `work_logical_status_date` date NOT NULL,
  `tender_committe_no` varchar(100) COLLATE utf8_bin NOT NULL,
  `tender_committe_date` date NOT NULL,
  `with_held_date` date NOT NULL,
  `work_type` varchar(20) COLLATE utf8_bin NOT NULL,
  `fund_allot_type` varchar(20) COLLATE utf8_bin NOT NULL,
  `sor_amount` varchar(100) COLLATE utf8_bin NOT NULL,
  `nonsor_amount` varchar(100) COLLATE utf8_bin NOT NULL,
  `tender_sor_amount` varchar(100) COLLATE utf8_bin NOT NULL,
  `tender_nonsor_amount` varchar(100) COLLATE utf8_bin NOT NULL,
  `work_subject` varchar(500) COLLATE utf8_bin NOT NULL,
  `work_subject_id` varchar(20) COLLATE utf8_bin NOT NULL,
  `work_subject_date` date NOT NULL,
  `aayukt_name` varchar(200) COLLATE utf8_bin NOT NULL,
  `aayukt_no` varchar(100) COLLATE utf8_bin NOT NULL,
  `aayukt_date` date NOT NULL,
  `mic_name` varchar(200) COLLATE utf8_bin NOT NULL,
  `mic_no` varchar(100) COLLATE utf8_bin NOT NULL,
  `mic_date` date NOT NULL,
  `general_assembly_name` varchar(200) COLLATE utf8_bin NOT NULL,
  `general_assembly_no` varchar(100) COLLATE utf8_bin NOT NULL,
  `general_assembly_date` date NOT NULL,
  `collector_name` varchar(200) COLLATE utf8_bin NOT NULL,
  `collector_no` varchar(100) COLLATE utf8_bin NOT NULL,
  `collector_date` date NOT NULL,
  `state_govt_name` varchar(200) COLLATE utf8_bin NOT NULL,
  `state_govt_no` varchar(100) COLLATE utf8_bin NOT NULL,
  `state_govt_date` date NOT NULL,
  `central_govt_name` varchar(200) COLLATE utf8_bin NOT NULL,
  `central_govt_no` varchar(100) COLLATE utf8_bin NOT NULL,
  `central_govt_date` date NOT NULL,
  `data_status` varchar(20) COLLATE utf8_bin NOT NULL
) ENGINE=InnoDB DEFAULT CHARSET=utf8 COLLATE=utf8_bin;

-- --------------------------------------------------------

--
-- Table structure for table `work_cash_rec`
--

CREATE TABLE IF NOT EXISTS `work_cash_rec` (
  `sno` int(11) NOT NULL,
  `work_id` int(11) NOT NULL,
  `cash_allot_seq` varchar(10) COLLATE utf8_bin NOT NULL,
  `mukh_mad` varchar(10) COLLATE utf8_bin NOT NULL,
  `e_date` date NOT NULL,
  `bank_name` varchar(100) COLLATE utf8_bin NOT NULL,
  `check_no` varchar(50) COLLATE utf8_bin NOT NULL,
  `check_date` date NOT NULL,
  `amount` varchar(100) COLLATE utf8_bin NOT NULL,
  `app_no` varchar(100) COLLATE utf8_bin NOT NULL,
  `app_date` date NOT NULL,
  `app_name` varchar(100) COLLATE utf8_bin NOT NULL,
  `remark` varchar(500) COLLATE utf8_bin NOT NULL
) ENGINE=InnoDB DEFAULT CHARSET=utf8 COLLATE=utf8_bin;

-- --------------------------------------------------------

--
-- Table structure for table `work_type`
--

CREATE TABLE IF NOT EXISTS `work_type` (
  `work_type_id` int(11) NOT NULL,
  `work_type_hindi` varchar(200) CHARACTER SET utf8 COLLATE utf8_bin NOT NULL,
  `work_type_eng` varchar(100) NOT NULL
) ENGINE=MyISAM AUTO_INCREMENT=46 DEFAULT CHARSET=latin1;

--
-- Dumping data for table `work_type`
--

INSERT INTO `work_type` (`work_type_id`, `work_type_hindi`, `work_type_eng`) VALUES
(4, '&#2360;&#2396;&#2325; &#2344;&#2367;&#2352;&#2381;&#2350;&#2366;&#2339; - BT ', '   '),
(6, '&#2360;&#2396;&#2325; &#2344;&#2367;&#2352;&#2381;&#2350;&#2366;&#2339;- WBM  ', ' '),
(9, '&#2360;&#2396;&#2325; &#2344;&#2367;&#2352;&#2381;&#2350;&#2366;&#2339; - CC  ', ' '),
(13, '&#2360;&#2396;&#2325; &#2344;&#2367;&#2352;&#2381;&#2350;&#2366;&#2339; - IL ', '    '),
(17, '&#2344;&#2366;&#2354;&#2368;  &#2344;&#2367;&#2352;&#2381;&#2350;&#2366;&#2339;', '  '),
(21, '&#2357;&#2366;&#2335;&#2352; &#2346;&#2366;&#2311;&#2346;', ''),
(25, '&#2348;&#2367;&#2332;&#2354;&#2368;  Tube Pole', ''),
(26, '&#2348;&#2367;&#2332;&#2354;&#2368;  CSEB Pole', ''),
(27, '&#2360;&#2366;&#2352;&#2381;&#2357;&#2375;&#2332;&#2344;&#2367;&#2325; &#2358;&#2380;&#2330;&#2366;&#2354;&#2351; ', ''),
(28, '&#2360;&#2366;&#2350;&#2366;&#2332;&#2367;&#2325; &#2349;&#2357;&#2344; ', ''),
(30, '&#2321;&#2347;&#2367;&#2360; &#2349;&#2357;&#2344; ', ''),
(31, '&#2309;&#2344;&#2381;&#2351;  ', '');

-- --------------------------------------------------------

--
-- Table structure for table `xmad_cash_rec`
--

CREATE TABLE IF NOT EXISTS `xmad_cash_rec` (
  `sno` int(11) NOT NULL,
  `zone_no` int(11) NOT NULL,
  `yojana_mad_id` varchar(10) COLLATE utf8_bin NOT NULL,
  `ac_no` varchar(100) COLLATE utf8_bin NOT NULL,
  `bank_name` varchar(150) COLLATE utf8_bin NOT NULL,
  `amount` varchar(100) COLLATE utf8_bin NOT NULL DEFAULT '0',
  `wbook_amt` varchar(100) COLLATE utf8_bin NOT NULL DEFAULT '0'
) ENGINE=InnoDB AUTO_INCREMENT=2 DEFAULT CHARSET=utf8 COLLATE=utf8_bin;

--
-- Dumping data for table `xmad_cash_rec`
--

INSERT INTO `xmad_cash_rec` (`sno`, `zone_no`, `yojana_mad_id`, `ac_no`, `bank_name`, `amount`, `wbook_amt`) VALUES
(1, 20, '1', 'xyz', 'ABC', '0', '0');

-- --------------------------------------------------------

--
-- Table structure for table `xward`
--

CREATE TABLE IF NOT EXISTS `xward` (
  `zone_id` varchar(20) CHARACTER SET latin1 NOT NULL,
  `ward_no` varchar(20) CHARACTER SET latin1 NOT NULL,
  `ward_name` varchar(300) CHARACTER SET utf8 NOT NULL,
  `vsabha_no` varchar(10) COLLATE utf8_bin NOT NULL,
  `muhalla` varchar(1000) COLLATE utf8_bin NOT NULL
) ENGINE=InnoDB DEFAULT CHARSET=utf8 COLLATE=utf8_bin;

--
-- Dumping data for table `xward`
--

INSERT INTO `xward` (`zone_id`, `ward_no`, `ward_name`, `vsabha_no`, `muhalla`) VALUES
('1', '1', 'ward1', 'Durg', 'shankar nagar');

-- --------------------------------------------------------

--
-- Table structure for table `zone`
--

CREATE TABLE IF NOT EXISTS `zone` (
  `zone_no` int(11) NOT NULL,
  `ze_name` varchar(50) COLLATE utf8_bin NOT NULL,
  `zone_name` varchar(100) COLLATE utf8_bin NOT NULL,
  `comm_name` varchar(300) COLLATE utf8_bin NOT NULL,
  `comm_hname` varchar(300) COLLATE utf8_bin NOT NULL
) ENGINE=InnoDB DEFAULT CHARSET=utf8 COLLATE=utf8_bin;

--
-- Dumping data for table `zone`
--

INSERT INTO `zone` (`zone_no`, `ze_name`, `zone_name`, `comm_name`, `comm_hname`) VALUES
(20, 'mukyalaya', '&#2350;&#2369;&#2326;&#2381;&#2351;&#2366;&#2354;&#2351;', '', '');

-- --------------------------------------------------------

--
-- Table structure for table `zonemad_rec`
--

CREATE TABLE IF NOT EXISTS `zonemad_rec` (
  `sno` int(11) NOT NULL,
  `zone_no` int(11) NOT NULL,
  `yojana_mad_no` varchar(10) COLLATE utf8_bin NOT NULL,
  `yojana_mad` varchar(300) COLLATE utf8_bin NOT NULL,
  `cash_allot_seq` varchar(10) COLLATE utf8_bin NOT NULL,
  `edate` date NOT NULL,
  `bank_name` varchar(100) COLLATE utf8_bin NOT NULL,
  `check_acno` varchar(50) COLLATE utf8_bin NOT NULL,
  `check_acdate` date NOT NULL,
  `zamount` varchar(100) COLLATE utf8_bin NOT NULL,
  `app_no` varchar(100) COLLATE utf8_bin NOT NULL,
  `app_date` date NOT NULL,
  `app_name` varchar(100) COLLATE utf8_bin NOT NULL,
  `remark` varchar(500) COLLATE utf8_bin NOT NULL,
  `ho_mad_no` varchar(10) COLLATE utf8_bin NOT NULL,
  `ho_mad_name` varchar(300) COLLATE utf8_bin NOT NULL
) ENGINE=InnoDB DEFAULT CHARSET=utf8 COLLATE=utf8_bin;

--
-- Indexes for dumped tables
--

--
-- Indexes for table `auth_assignment`
--
ALTER TABLE `auth_assignment`
  ADD PRIMARY KEY (`item_name`,`user_id`);

--
-- Indexes for table `auth_item`
--
ALTER TABLE `auth_item`
  ADD PRIMARY KEY (`name`),
  ADD KEY `rule_name` (`rule_name`),
  ADD KEY `idx-auth_item-type` (`type`);

--
-- Indexes for table `auth_item_child`
--
ALTER TABLE `auth_item_child`
  ADD PRIMARY KEY (`parent`,`child`),
  ADD KEY `child` (`child`);

--
-- Indexes for table `auth_rule`
--
ALTER TABLE `auth_rule`
  ADD PRIMARY KEY (`name`);

--
-- Indexes for table `banch_process`
--
ALTER TABLE `banch_process`
  ADD PRIMARY KEY (`id`),
  ADD KEY `proj_id` (`p_id`),
  ADD KEY `user_id` (`user_id`),
  ADD KEY `d_id` (`d_id`),
  ADD KEY `to_d_id` (`to_d_id`),
  ADD KEY `des_id` (`des_id`),
  ADD KEY `to_des_id` (`to_des_id`);

--
-- Indexes for table `barcode_by`
--
ALTER TABLE `barcode_by`
  ADD PRIMARY KEY (`id`);

--
-- Indexes for table `biding`
--
ALTER TABLE `biding`
  ADD PRIMARY KEY (`biding_id`);

--
-- Indexes for table `bid_non_sor`
--
ALTER TABLE `bid_non_sor`
  ADD PRIMARY KEY (`item_id`);

--
-- Indexes for table `contractor`
--
ALTER TABLE `contractor`
  ADD PRIMARY KEY (`sno`);

--
-- Indexes for table `cont_categ`
--
ALTER TABLE `cont_categ`
  ADD PRIMARY KEY (`sno`);

--
-- Indexes for table `cont_workarea`
--
ALTER TABLE `cont_workarea`
  ADD PRIMARY KEY (`sno`);

--
-- Indexes for table `departments`
--
ALTER TABLE `departments`
  ADD PRIMARY KEY (`dept_id`);

--
-- Indexes for table `department_master`
--
ALTER TABLE `department_master`
  ADD PRIMARY KEY (`id`);

--
-- Indexes for table `designation_master`
--
ALTER TABLE `designation_master`
  ADD PRIMARY KEY (`des_id`),
  ADD KEY `dep` (`d_id`);

--
-- Indexes for table `entry`
--
ALTER TABLE `entry`
  ADD PRIMARY KEY (`parastav_id`),
  ADD KEY `d_id` (`d_id`),
  ADD KEY `project_id` (`project_id`);

--
-- Indexes for table `file`
--
ALTER TABLE `file`
  ADD PRIMARY KEY (`file_id`),
  ADD KEY `d_id` (`d_id`),
  ADD KEY `des_id` (`des_id`);

--
-- Indexes for table `file_process`
--
ALTER TABLE `file_process`
  ADD PRIMARY KEY (`id`),
  ADD KEY `proj_id` (`p_id`),
  ADD KEY `user_id` (`user_id`),
  ADD KEY `d_id` (`d_id`),
  ADD KEY `to_d_id` (`to_d_id`),
  ADD KEY `des_id` (`des_id`),
  ADD KEY `to_des_id` (`to_des_id`);

--
-- Indexes for table `financial_status`
--
ALTER TABLE `financial_status`
  ADD PRIMARY KEY (`sno`);

--
-- Indexes for table `fin_year`
--
ALTER TABLE `fin_year`
  ADD PRIMARY KEY (`sno`);

--
-- Indexes for table `head_mad`
--
ALTER TABLE `head_mad`
  ADD PRIMARY KEY (`head_mad_id`);

--
-- Indexes for table `homad_rec`
--
ALTER TABLE `homad_rec`
  ADD PRIMARY KEY (`sno`);

--
-- Indexes for table `letter_entry`
--
ALTER TABLE `letter_entry`
  ADD PRIMARY KEY (`letter_id`),
  ADD KEY `d_id` (`d_id`);

--
-- Indexes for table `letter_process`
--
ALTER TABLE `letter_process`
  ADD PRIMARY KEY (`id`);

--
-- Indexes for table `mad_cash_rec`
--
ALTER TABLE `mad_cash_rec`
  ADD PRIMARY KEY (`sno`);

--
-- Indexes for table `mad_info`
--
ALTER TABLE `mad_info`
  ADD PRIMARY KEY (`mad_id`);

--
-- Indexes for table `migration`
--
ALTER TABLE `migration`
  ADD PRIMARY KEY (`version`);

--
-- Indexes for table `non_sor`
--
ALTER TABLE `non_sor`
  ADD PRIMARY KEY (`item_id`);

--
-- Indexes for table `note_sheet`
--
ALTER TABLE `note_sheet`
  ADD PRIMARY KEY (`note_sheet_id`);

--
-- Indexes for table `phy_status`
--
ALTER TABLE `phy_status`
  ADD PRIMARY KEY (`sno`);

--
-- Indexes for table `royalty`
--
ALTER TABLE `royalty`
  ADD PRIMARY KEY (`royalty_id`);

--
-- Indexes for table `royalty_bill`
--
ALTER TABLE `royalty_bill`
  ADD PRIMARY KEY (`royalty_bill_id`);

--
-- Indexes for table `sor`
--
ALTER TABLE `sor`
  ADD PRIMARY KEY (`sor_id`);

--
-- Indexes for table `tendor_payment`
--
ALTER TABLE `tendor_payment`
  ADD PRIMARY KEY (`sno`);

--
-- Indexes for table `testing`
--
ALTER TABLE `testing`
  ADD PRIMARY KEY (`testing_id`);

--
-- Indexes for table `work_all_rec`
--
ALTER TABLE `work_all_rec`
  ADD PRIMARY KEY (`work_code`);

--
-- Indexes for table `work_cash_rec`
--
ALTER TABLE `work_cash_rec`
  ADD PRIMARY KEY (`sno`);

--
-- Indexes for table `work_type`
--
ALTER TABLE `work_type`
  ADD PRIMARY KEY (`work_type_id`);

--
-- Indexes for table `xmad_cash_rec`
--
ALTER TABLE `xmad_cash_rec`
  ADD PRIMARY KEY (`sno`);

--
-- Indexes for table `zone`
--
ALTER TABLE `zone`
  ADD PRIMARY KEY (`zone_no`);

--
-- Indexes for table `zonemad_rec`
--
ALTER TABLE `zonemad_rec`
  ADD PRIMARY KEY (`sno`);

--
-- AUTO_INCREMENT for dumped tables
--

--
-- AUTO_INCREMENT for table `banch_process`
--
ALTER TABLE `banch_process`
  MODIFY `id` int(11) NOT NULL AUTO_INCREMENT,AUTO_INCREMENT=40;
--
-- AUTO_INCREMENT for table `barcode_by`
--
ALTER TABLE `barcode_by`
  MODIFY `id` int(11) NOT NULL AUTO_INCREMENT,AUTO_INCREMENT=2;
--
-- AUTO_INCREMENT for table `biding`
--
ALTER TABLE `biding`
  MODIFY `biding_id` int(11) NOT NULL AUTO_INCREMENT,AUTO_INCREMENT=4;
--
-- AUTO_INCREMENT for table `bid_non_sor`
--
ALTER TABLE `bid_non_sor`
  MODIFY `item_id` int(11) NOT NULL AUTO_INCREMENT,AUTO_INCREMENT=1135;
--
-- AUTO_INCREMENT for table `contractor`
--
ALTER TABLE `contractor`
  MODIFY `sno` int(11) NOT NULL AUTO_INCREMENT,AUTO_INCREMENT=3;
--
-- AUTO_INCREMENT for table `cont_categ`
--
ALTER TABLE `cont_categ`
  MODIFY `sno` int(11) NOT NULL AUTO_INCREMENT,AUTO_INCREMENT=8;
--
-- AUTO_INCREMENT for table `cont_workarea`
--
ALTER TABLE `cont_workarea`
  MODIFY `sno` int(11) NOT NULL AUTO_INCREMENT,AUTO_INCREMENT=12;
--
-- AUTO_INCREMENT for table `departments`
--
ALTER TABLE `departments`
  MODIFY `dept_id` int(11) NOT NULL AUTO_INCREMENT,AUTO_INCREMENT=16;
--
-- AUTO_INCREMENT for table `department_master`
--
ALTER TABLE `department_master`
  MODIFY `id` int(11) NOT NULL AUTO_INCREMENT,AUTO_INCREMENT=19;
--
-- AUTO_INCREMENT for table `designation_master`
--
ALTER TABLE `designation_master`
  MODIFY `des_id` int(11) NOT NULL AUTO_INCREMENT,AUTO_INCREMENT=38;
--
-- AUTO_INCREMENT for table `entry`
--
ALTER TABLE `entry`
  MODIFY `parastav_id` int(11) NOT NULL AUTO_INCREMENT,AUTO_INCREMENT=36;
--
-- AUTO_INCREMENT for table `file`
--
ALTER TABLE `file`
  MODIFY `file_id` int(11) NOT NULL AUTO_INCREMENT,AUTO_INCREMENT=125;
--
-- AUTO_INCREMENT for table `file_process`
--
ALTER TABLE `file_process`
  MODIFY `id` int(11) NOT NULL AUTO_INCREMENT,AUTO_INCREMENT=22;
--
-- AUTO_INCREMENT for table `financial_status`
--
ALTER TABLE `financial_status`
  MODIFY `sno` int(11) NOT NULL AUTO_INCREMENT;
--
-- AUTO_INCREMENT for table `fin_year`
--
ALTER TABLE `fin_year`
  MODIFY `sno` int(11) NOT NULL AUTO_INCREMENT,AUTO_INCREMENT=16;
--
-- AUTO_INCREMENT for table `head_mad`
--
ALTER TABLE `head_mad`
  MODIFY `head_mad_id` int(11) NOT NULL AUTO_INCREMENT,AUTO_INCREMENT=5;
--
-- AUTO_INCREMENT for table `homad_rec`
--
ALTER TABLE `homad_rec`
  MODIFY `sno` int(11) NOT NULL AUTO_INCREMENT,AUTO_INCREMENT=2;
--
-- AUTO_INCREMENT for table `letter_entry`
--
ALTER TABLE `letter_entry`
  MODIFY `letter_id` int(11) NOT NULL AUTO_INCREMENT,AUTO_INCREMENT=40;
--
-- AUTO_INCREMENT for table `letter_process`
--
ALTER TABLE `letter_process`
  MODIFY `id` int(11) NOT NULL AUTO_INCREMENT,AUTO_INCREMENT=33;
--
-- AUTO_INCREMENT for table `mad_cash_rec`
--
ALTER TABLE `mad_cash_rec`
  MODIFY `sno` int(11) NOT NULL AUTO_INCREMENT,AUTO_INCREMENT=181;
--
-- AUTO_INCREMENT for table `mad_info`
--
ALTER TABLE `mad_info`
  MODIFY `mad_id` int(11) NOT NULL AUTO_INCREMENT,AUTO_INCREMENT=66;
--
-- AUTO_INCREMENT for table `non_sor`
--
ALTER TABLE `non_sor`
  MODIFY `item_id` int(11) NOT NULL AUTO_INCREMENT;
--
-- AUTO_INCREMENT for table `note_sheet`
--
ALTER TABLE `note_sheet`
  MODIFY `note_sheet_id` int(11) NOT NULL AUTO_INCREMENT,AUTO_INCREMENT=29;
--
-- AUTO_INCREMENT for table `phy_status`
--
ALTER TABLE `phy_status`
  MODIFY `sno` int(11) NOT NULL AUTO_INCREMENT;
--
-- AUTO_INCREMENT for table `royalty`
--
ALTER TABLE `royalty`
  MODIFY `royalty_id` int(11) NOT NULL AUTO_INCREMENT,AUTO_INCREMENT=13;
--
-- AUTO_INCREMENT for table `royalty_bill`
--
ALTER TABLE `royalty_bill`
  MODIFY `royalty_bill_id` int(11) NOT NULL AUTO_INCREMENT;
--
-- AUTO_INCREMENT for table `sor`
--
ALTER TABLE `sor`
  MODIFY `sor_id` int(11) NOT NULL AUTO_INCREMENT,AUTO_INCREMENT=25;
--
-- AUTO_INCREMENT for table `tendor_payment`
--
ALTER TABLE `tendor_payment`
  MODIFY `sno` int(11) NOT NULL AUTO_INCREMENT;
--
-- AUTO_INCREMENT for table `testing`
--
ALTER TABLE `testing`
  MODIFY `testing_id` int(11) NOT NULL AUTO_INCREMENT;
--
-- AUTO_INCREMENT for table `work_all_rec`
--
ALTER TABLE `work_all_rec`
  MODIFY `work_code` int(11) NOT NULL AUTO_INCREMENT;
--
-- AUTO_INCREMENT for table `work_cash_rec`
--
ALTER TABLE `work_cash_rec`
  MODIFY `sno` int(11) NOT NULL AUTO_INCREMENT;
--
-- AUTO_INCREMENT for table `work_type`
--
ALTER TABLE `work_type`
  MODIFY `work_type_id` int(11) NOT NULL AUTO_INCREMENT,AUTO_INCREMENT=46;
--
-- AUTO_INCREMENT for table `xmad_cash_rec`
--
ALTER TABLE `xmad_cash_rec`
  MODIFY `sno` int(11) NOT NULL AUTO_INCREMENT,AUTO_INCREMENT=2;
--
-- AUTO_INCREMENT for table `zonemad_rec`
--
ALTER TABLE `zonemad_rec`
  MODIFY `sno` int(11) NOT NULL AUTO_INCREMENT;
--
-- Constraints for dumped tables
--

--
-- Constraints for table `auth_assignment`
--
ALTER TABLE `auth_assignment`
  ADD CONSTRAINT `auth_assignment_ibfk_1` FOREIGN KEY (`item_name`) REFERENCES `auth_item` (`name`) ON DELETE CASCADE ON UPDATE CASCADE;

--
-- Constraints for table `auth_item`
--
ALTER TABLE `auth_item`
  ADD CONSTRAINT `auth_item_ibfk_1` FOREIGN KEY (`rule_name`) REFERENCES `auth_rule` (`name`) ON DELETE SET NULL ON UPDATE CASCADE;

--
-- Constraints for table `auth_item_child`
--
ALTER TABLE `auth_item_child`
  ADD CONSTRAINT `auth_item_child_ibfk_1` FOREIGN KEY (`parent`) REFERENCES `auth_item` (`name`) ON DELETE CASCADE ON UPDATE CASCADE,
  ADD CONSTRAINT `auth_item_child_ibfk_2` FOREIGN KEY (`child`) REFERENCES `auth_item` (`name`) ON DELETE CASCADE ON UPDATE CASCADE;

--
-- Constraints for table `designation_master`
--
ALTER TABLE `designation_master`
  ADD CONSTRAINT `ded_dep` FOREIGN KEY (`d_id`) REFERENCES `department_master` (`id`);

--
-- Constraints for table `file_process`
--
ALTER TABLE `file_process`
  ADD CONSTRAINT `file_process_ibfk_1` FOREIGN KEY (`p_id`) REFERENCES `entry` (`parastav_id`),
  ADD CONSTRAINT `file_process_ibfk_2` FOREIGN KEY (`d_id`) REFERENCES `department_master` (`id`),
  ADD CONSTRAINT `file_process_ibfk_3` FOREIGN KEY (`des_id`) REFERENCES `designation_master` (`des_id`),
  ADD CONSTRAINT `file_process_ibfk_4` FOREIGN KEY (`to_d_id`) REFERENCES `department_master` (`id`),
  ADD CONSTRAINT `file_process_ibfk_5` FOREIGN KEY (`to_des_id`) REFERENCES `designation_master` (`des_id`);

